{"id":2359,"date":"2025-01-02T17:58:43","date_gmt":"2025-01-02T14:58:43","guid":{"rendered":"https:\/\/klasikdusunceokulu.com\/?page_id=2359"},"modified":"2025-01-02T19:49:25","modified_gmt":"2025-01-02T16:49:25","slug":"dersler-14","status":"publish","type":"page","link":"https:\/\/klasikdusunceokulu.com\/index.php\/dersler-14\/","title":{"rendered":"Dersler"},"content":{"rendered":"<div class=\"fusion-fullwidth fullwidth-box fusion-builder-row-1 fusion-flex-container has-pattern-background has-mask-background nonhundred-percent-fullwidth non-hundred-percent-height-scrolling\" style=\"--awb-border-radius-top-left:0px;--awb-border-radius-top-right:0px;--awb-border-radius-bottom-right:0px;--awb-border-radius-bottom-left:0px;--awb-flex-wrap:wrap;\" ><div class=\"fusion-builder-row fusion-row fusion-flex-align-items-flex-start fusion-flex-content-wrap\" style=\"max-width:1248px;margin-left: calc(-4% \/ 2 );margin-right: calc(-4% \/ 2 );\"><div class=\"fusion-layout-column fusion_builder_column fusion-builder-column-0 fusion_builder_column_1_1 1_1 fusion-flex-column\" style=\"--awb-bg-size:cover;--awb-width-large:100%;--awb-margin-top-large:0px;--awb-spacing-right-large:1.92%;--awb-margin-bottom-large:20px;--awb-spacing-left-large:1.92%;--awb-width-medium:100%;--awb-order-medium:0;--awb-spacing-right-medium:1.92%;--awb-spacing-left-medium:1.92%;--awb-width-small:100%;--awb-order-small:0;--awb-spacing-right-small:1.92%;--awb-spacing-left-small:1.92%;\"><div class=\"fusion-column-wrapper fusion-column-has-shadow fusion-flex-justify-content-flex-start fusion-content-layout-column\"><div class=\"fusion-slider-sc\"><div class=\"fusion-flexslider-loading flexslider flexslider-hover-type-none\" data-slideshow_autoplay=\"1\" data-slideshow_smooth_height=\"0\" data-slideshow_speed=\"7000\" style=\"max-width:100%;height:100%;\"><ul class=\"slides\"><li class=\"image\"><a title=\"Ba\u015fl\u0131ks\u0131z-1XZV\" data-title=\"Ba\u015fl\u0131ks\u0131z-1XZV\" aria-label=\"Ba\u015fl\u0131ks\u0131z-1XZV\" href=\"https:\/\/www.youtube.com\/watch?v=0RC6BEWKams&amp;list=PLADMQ9VgSO5lnZ90-fnayMVVyV-XuIJC4\" target=\"_blank\" rel=\"noopener noreferrer\"><span class=\"fusion-image-hover-element hover-type-none\"><img fetchpriority=\"high\" fetchpriority=\"high\" decoding=\"async\" src=\"http:\/\/klasikdusunceokulu.com\/wp-content\/uploads\/2024\/11\/Basliksiz-1XZV.jpg\" width=\"1920\" height=\"1080\" class=\"wp-image-1847\" srcset=\"https:\/\/klasikdusunceokulu.com\/wp-content\/uploads\/2024\/11\/Basliksiz-1XZV-200x113.jpg 200w, https:\/\/klasikdusunceokulu.com\/wp-content\/uploads\/2024\/11\/Basliksiz-1XZV-400x225.jpg 400w, https:\/\/klasikdusunceokulu.com\/wp-content\/uploads\/2024\/11\/Basliksiz-1XZV-600x338.jpg 600w, https:\/\/klasikdusunceokulu.com\/wp-content\/uploads\/2024\/11\/Basliksiz-1XZV-800x450.jpg 800w, https:\/\/klasikdusunceokulu.com\/wp-content\/uploads\/2024\/11\/Basliksiz-1XZV-1200x675.jpg 1200w, https:\/\/klasikdusunceokulu.com\/wp-content\/uploads\/2024\/11\/Basliksiz-1XZV.jpg 1920w\" sizes=\"(max-width: 640px) 100vw, 1200px\" \/><\/span><\/a><\/li><li class=\"image\"><a title=\"Ba\u015fl\u0131ks\u0131z-1\" data-title=\"Ba\u015fl\u0131ks\u0131z-1\" aria-label=\"Ba\u015fl\u0131ks\u0131z-1\" href=\"https:\/\/www.youtube.com\/watch?v=tC1Gd9bEg58&amp;list=PLADMQ9VgSO5lc7H9_-ELCGXVnE_prf6DJ\" target=\"_blank\" rel=\"noopener noreferrer\"><span class=\"fusion-image-hover-element hover-type-none\"><img decoding=\"async\" src=\"http:\/\/klasikdusunceokulu.com\/wp-content\/uploads\/2024\/11\/Basliksiz-1.jpg\" width=\"1920\" height=\"1080\" class=\"wp-image-1846\" srcset=\"https:\/\/klasikdusunceokulu.com\/wp-content\/uploads\/2024\/11\/Basliksiz-1-200x113.jpg 200w, https:\/\/klasikdusunceokulu.com\/wp-content\/uploads\/2024\/11\/Basliksiz-1-400x225.jpg 400w, https:\/\/klasikdusunceokulu.com\/wp-content\/uploads\/2024\/11\/Basliksiz-1-600x338.jpg 600w, https:\/\/klasikdusunceokulu.com\/wp-content\/uploads\/2024\/11\/Basliksiz-1-800x450.jpg 800w, https:\/\/klasikdusunceokulu.com\/wp-content\/uploads\/2024\/11\/Basliksiz-1-1200x675.jpg 1200w, https:\/\/klasikdusunceokulu.com\/wp-content\/uploads\/2024\/11\/Basliksiz-1.jpg 1920w\" sizes=\"(max-width: 640px) 100vw, 1200px\" \/><\/span><\/a><\/li><li class=\"image\"><a title=\"Ba\u015fl\u0131ks\u0131z-1DGS\" data-title=\"Ba\u015fl\u0131ks\u0131z-1DGS\" aria-label=\"Ba\u015fl\u0131ks\u0131z-1DGS\" href=\"https:\/\/www.youtube.com\/watch?v=SljamHy8TbI&amp;list=PLADMQ9VgSO5lo20-I78H9w0HnTfkVe8sX\" target=\"_blank\" rel=\"noopener noreferrer\"><span class=\"fusion-image-hover-element hover-type-none\"><img decoding=\"async\" src=\"http:\/\/klasikdusunceokulu.com\/wp-content\/uploads\/2024\/11\/Basliksiz-1DGS.jpg\" width=\"789\" height=\"441\" class=\"wp-image-1856\" srcset=\"https:\/\/klasikdusunceokulu.com\/wp-content\/uploads\/2024\/11\/Basliksiz-1DGS-200x112.jpg 200w, https:\/\/klasikdusunceokulu.com\/wp-content\/uploads\/2024\/11\/Basliksiz-1DGS-400x224.jpg 400w, https:\/\/klasikdusunceokulu.com\/wp-content\/uploads\/2024\/11\/Basliksiz-1DGS-600x335.jpg 600w, https:\/\/klasikdusunceokulu.com\/wp-content\/uploads\/2024\/11\/Basliksiz-1DGS.jpg 789w\" sizes=\"(max-width: 640px) 100vw, 789px\" \/><\/span><\/a><\/li><\/ul><\/div><\/div><\/div><\/div><\/div><\/div>\n","protected":false},"excerpt":{"rendered":"","protected":false},"author":1,"featured_media":0,"parent":0,"menu_order":0,"comment_status":"closed","ping_status":"closed","template":"100-width.php","meta":{"footnotes":""},"class_list":["post-2359","page","type-page","status-publish","hentry"],"jetpack_sharing_enabled":true,"_links":{"self":[{"href":"https:\/\/klasikdusunceokulu.com\/index.php\/wp-json\/wp\/v2\/pages\/2359","targetHints":{"allow":["GET"]}}],"collection":[{"href":"https:\/\/klasikdusunceokulu.com\/index.php\/wp-json\/wp\/v2\/pages"}],"about":[{"href":"https:\/\/klasikdusunceokulu.com\/index.php\/wp-json\/wp\/v2\/types\/page"}],"author":[{"embeddable":true,"href":"https:\/\/klasikdusunceokulu.com\/index.php\/wp-json\/wp\/v2\/users\/1"}],"replies":[{"embeddable":true,"href":"https:\/\/klasikdusunceokulu.com\/index.php\/wp-json\/wp\/v2\/comments?post=2359"}],"version-history":[{"count":3,"href":"https:\/\/klasikdusunceokulu.com\/index.php\/wp-json\/wp\/v2\/pages\/2359\/revisions"}],"predecessor-version":[{"id":2402,"href":"https:\/\/klasikdusunceokulu.com\/index.php\/wp-json\/wp\/v2\/pages\/2359\/revisions\/2402"}],"wp:attachment":[{"href":"https:\/\/klasikdusunceokulu.com\/index.php\/wp-json\/wp\/v2\/media?parent=2359"}],"curies":[{"name":"wp","href":"https:\/\/api.w.org\/{rel}","templated":true}]}}