{"id":3159,"date":"2025-01-27T16:14:45","date_gmt":"2025-01-27T13:14:45","guid":{"rendered":"https:\/\/klasikdusunceokulu.com\/?page_id=3159"},"modified":"2025-01-27T16:14:45","modified_gmt":"2025-01-27T13:14:45","slug":"ekrem-demirli-kitabut-tevhid-okumalari-21","status":"publish","type":"page","link":"https:\/\/klasikdusunceokulu.com\/index.php\/ekrem-demirli-kitabut-tevhid-okumalari-21\/","title":{"rendered":"Ekrem Demirli: Kit\u00e2bu\u2019t-Tevh\u00eed Okumalar\u0131 21"},"content":{"rendered":"<p><strong>EKREM DEM\u0130RL\u0130: K\u0130T\u00c2BU&#8217;T-TEVH\u00ceD OKUMALARI 21. SEM\u0130NER \u00d6ZET\u0130<\/strong><\/p>\n<p>Bu seminer, insan\u0131n fiilleri, irade \u00f6zg\u00fcrl\u00fc\u011f\u00fc ve ilahi kudret aras\u0131ndaki ili\u015fkinin teolojik \u00e7er\u00e7evesini ele al\u0131r. Mu\u2018tezile ile Ehl-i S\u00fcnnet aras\u0131nda bu konulardaki temel ayr\u0131mlar tart\u0131\u015f\u0131lm\u0131\u015f; \u0130mam M\u00e2t\u00fcr\u00eed\u00ee\u2019nin bak\u0131\u015f a\u00e7\u0131s\u0131 \u00fczerinden kritik de\u011ferlendirmeler yap\u0131lm\u0131\u015ft\u0131r. Seminer, ilahi kudretin tan\u0131m\u0131, insan\u0131n sorumlulu\u011fu ve kader gibi meselelerdeki farkl\u0131 perspektiflerin anlam\u0131n\u0131 \u00e7\u00f6z\u00fcmlemeye \u00e7al\u0131\u015f\u0131r.<\/p>\n<p><strong>Ana Temalar<\/strong><\/p>\n<ol>\n<li><strong>Mu\u2018tezile\u2019nin \u0130nsan Fiilleri \u00dczerine G\u00f6r\u00fc\u015f\u00fc<\/strong>:\n<ul>\n<li>Mu\u2018tezile, insan fiillerinin yarat\u0131lmas\u0131nda Tanr\u0131\u2019n\u0131n do\u011frudan bir rol \u00fcstlenmedi\u011fini, insan\u0131n fiillerini \u00f6zg\u00fcr iradesiyle ger\u00e7ekle\u015ftirdi\u011fini savunur.<\/li>\n<li>Bu anlay\u0131\u015f, insan\u0131n ahlaki sorumlulu\u011funu \u00f6n plana \u00e7\u0131kar\u0131r; ancak Ehl-i S\u00fcnnet taraf\u0131ndan, ilahi kudreti s\u0131n\u0131rlamakla ele\u015ftirilir.<\/li>\n<\/ul>\n<\/li>\n<li><strong>Ehl-i S\u00fcnnet Ele\u015ftirileri ve \u0130mam M\u00e2t\u00fcr\u00eed\u00ee\u2019nin Yakla\u015f\u0131m\u0131<\/strong>:\n<ul>\n<li>\u0130mam M\u00e2t\u00fcr\u00eed\u00ee, insan fiillerinin Tanr\u0131 taraf\u0131ndan yarat\u0131ld\u0131\u011f\u0131n\u0131 ancak insan\u0131n bu fiilleri &#8220;kesb&#8221; (kazan\u0131m) yoluyla ger\u00e7ekle\u015ftirdi\u011fini ifade eder.<\/li>\n<li>Bu yakla\u015f\u0131m, Tanr\u0131\u2019n\u0131n kudretini korurken, insan\u0131n iradesini de s\u0131n\u0131rl\u0131 bir \u015fekilde kabul eder. Fiillerin tam anlam\u0131yla insan\u0131n de\u011fil, ilahi bir d\u00fczenin par\u00e7as\u0131 oldu\u011funa dikkat \u00e7eker.<\/li>\n<\/ul>\n<\/li>\n<li><strong>Fiil ve Yarat\u0131l\u0131\u015f Tart\u0131\u015fmalar\u0131<\/strong>:\n<ul>\n<li>Mu\u2018tezile, fiillerin insan iradesiyle ortaya \u00e7\u0131kt\u0131\u011f\u0131n\u0131 savunurken, Ehl-i S\u00fcnnet, fiillerin Tanr\u0131 taraf\u0131ndan yarat\u0131ld\u0131\u011f\u0131, ancak insan\u0131n bu fiiller \u00fczerinde sorumluluk ta\u015f\u0131d\u0131\u011f\u0131 fikrini ileri s\u00fcrer.<\/li>\n<li>Tanr\u0131\u2019n\u0131n fiillerle ili\u015fkisini anlamak i\u00e7in &#8220;yaratma&#8221; (<em>halq<\/em>) ve &#8220;yapma&#8221; (<em>fi\u2018l<\/em>) kavramlar\u0131n\u0131n dilsel ve teolojik boyutlar\u0131 detayl\u0131ca ele al\u0131nm\u0131\u015ft\u0131r.<\/li>\n<\/ul>\n<\/li>\n<li><strong>Ayet ve Hadisler \u00dczerinden Kan\u0131tlar<\/strong>:\n<ul>\n<li>Mu\u2018tezile, insan fiillerine ili\u015fkin ayet ve hadislerde yeterli delil bulunmad\u0131\u011f\u0131n\u0131 iddia ederken, \u0130mam M\u00e2t\u00fcr\u00eed\u00ee bu iddialar\u0131 ele\u015ftirir.<\/li>\n<li>\u0130lgili ayetlerin, ilahi kudretin mutlak oldu\u011funu ve t\u00fcm fiillerin Tanr\u0131\u2019ya ait oldu\u011funu destekledi\u011fi belirtilir.<\/li>\n<\/ul>\n<\/li>\n<li><strong>Ontolojik Sorunlar ve Ak\u0131l \u00dczerine Tart\u0131\u015fmalar<\/strong>:\n<ul>\n<li>Mu\u2018tezile\u2019nin akla y\u00fckledi\u011fi a\u015f\u0131r\u0131 rol, Ehl-i S\u00fcnnet taraf\u0131ndan ele\u015ftirilmi\u015ftir. \u0130nsan akl\u0131n\u0131n s\u0131n\u0131rl\u0131 kapasitesine dikkat \u00e7ekilerek, ahlaki ve teolojik problemlerin yaln\u0131zca ak\u0131lla \u00e7\u00f6z\u00fclemeyece\u011fi ifade edilmi\u015ftir.<\/li>\n<li>Ehl-i S\u00fcnnet, insan\u0131n &#8220;irade-i c\u00fcz\u2019iye&#8221; yoluyla Tanr\u0131\u2019ya ba\u011f\u0131ml\u0131 bir varl\u0131k oldu\u011funu savunur.<\/li>\n<\/ul>\n<\/li>\n<li><strong>Modern Ba\u011flamda Tart\u0131\u015fmalar\u0131n \u00d6nemi<\/strong>:\n<ul>\n<li>Seminerde, klasik kelam tart\u0131\u015fmalar\u0131n\u0131n g\u00fcn\u00fcm\u00fcz etik ve felsefi sorunlar\u0131yla ili\u015fkilendirilmesi gerekti\u011fi vurgulanm\u0131\u015ft\u0131r.<\/li>\n<li>Tanr\u0131\u2019n\u0131n kudreti ve insan\u0131n \u00f6zg\u00fcrl\u00fc\u011f\u00fc \u00fczerine yap\u0131lan bu tart\u0131\u015fmalar\u0131n, modern d\u00fcnyadaki ahlaki de\u011ferler sistemine katk\u0131 sa\u011flayabilece\u011fi belirtilmi\u015ftir.<\/li>\n<\/ul>\n<\/li>\n<\/ol>\n<p><strong>Sonu\u00e7<\/strong><\/p>\n<p>Seminer, ilahi kudret ve insan \u00f6zg\u00fcrl\u00fc\u011f\u00fc aras\u0131ndaki dengeyi tart\u0131\u015fan Ehl-i S\u00fcnnet ve Mu\u2018tezile\u2019nin yakla\u015f\u0131mlar\u0131n\u0131 ele\u015ftirel bir \u015fekilde kar\u015f\u0131la\u015ft\u0131r\u0131r. \u0130mam M\u00e2t\u00fcr\u00eed\u00ee\u2019nin ortaya koydu\u011fu sistem, her iki ekol\u00fcn u\u00e7 noktalar\u0131n\u0131 dengelemeyi ama\u00e7lamaktad\u0131r. Bu tart\u0131\u015fmalar, \u0130slam teolojisinin ahlak ve kader anlay\u0131\u015f\u0131na dair derin bir perspektif sunmaktad\u0131r.<\/p>\n<p>&nbsp;<\/p>\n<p>This seminar delves into the theological relationship between human actions, free will, and divine power. The discussion contrasts the perspectives of the Mu\u2018tazila and Ahl al-Sunnah schools, with a particular focus on Imam M\u0101tur\u012bd\u012b\u2019s nuanced approach. The seminar aims to unpack key debates surrounding divine omnipotence, human responsibility, and predestination within Islamic theology.<\/p>\n<p><strong>Main Themes<\/strong><\/p>\n<ol>\n<li><strong>Mu\u2018tazila\u2019s View on Human Actions<\/strong>:\n<ul>\n<li>The Mu\u2018tazila emphasizes human autonomy, asserting that God does not directly create human actions, which are the result of human free will.<\/li>\n<li>This perspective prioritizes moral accountability but is criticized by Ahl al-Sunnah for potentially limiting divine power.<\/li>\n<\/ul>\n<\/li>\n<li><strong>Ahl al-Sunnah\u2019s Critiques and Imam M\u0101tur\u012bd\u012b\u2019s Approach<\/strong>:\n<ul>\n<li>Imam M\u0101tur\u012bd\u012b bridges the gap by asserting that human actions are created by God but are &#8220;acquired&#8221; (<em>kesp<\/em>) by humans through their will.<\/li>\n<li>This view preserves divine omnipotence while allowing for limited human agency, presenting human actions as part of a divinely orchestrated order.<\/li>\n<\/ul>\n<\/li>\n<li><strong>Debates on Actions and Creation<\/strong>:\n<ul>\n<li>While the Mu\u2018tazila argues that actions originate solely from human will, Ahl al-Sunnah maintains that all actions are ultimately created by God, though humans bear responsibility for them.<\/li>\n<li>The seminar explores the theological and linguistic nuances of terms like <em>halq<\/em> (creation) and <em>fi\u2018l<\/em> (action), emphasizing their centrality in these debates.<\/li>\n<\/ul>\n<\/li>\n<li><strong>Quranic and Prophetic Evidence<\/strong>:\n<ul>\n<li>The Mu\u2018tazila contends that scriptural evidence supporting divine involvement in human actions is insufficient. However, Imam M\u0101tur\u012bd\u012b critiques this claim, arguing that the Quran affirms God\u2019s absolute control and agency over all actions.<\/li>\n<\/ul>\n<\/li>\n<li><strong>Ontological Challenges and Reason<\/strong>:\n<ul>\n<li>The Mu\u2018tazila\u2019s reliance on reason (<em>\u2018aql<\/em>) is critiqued for overemphasizing human rationality. Ahl al-Sunnah highlights the limitations of human intellect in comprehending divine mysteries.<\/li>\n<li>The seminar underscores the concept of &#8220;partial will&#8221; (<em>irada al-juz\u2019iyya<\/em>), portraying humans as dependent beings whose freedom operates within divine sovereignty.<\/li>\n<\/ul>\n<\/li>\n<li><strong>Modern Relevance of Classical Debates<\/strong>:\n<ul>\n<li>The seminar stresses the importance of connecting classical theological discussions to contemporary issues, such as ethics and the interplay between determinism and free will.<\/li>\n<li>These debates are framed as relevant to modern moral frameworks and philosophical inquiries into human responsibility.<\/li>\n<\/ul>\n<\/li>\n<\/ol>\n<p><strong>Conclusion<\/strong><\/p>\n<p>The seminar critically compares the approaches of Mu\u2018tazila and Ahl al-Sunnah on divine power and human agency. Imam M\u0101tur\u012bd\u012b\u2019s framework offers a balanced perspective, integrating elements of both schools to maintain divine omnipotence while affirming human accountability. These theological discussions provide a rich foundation for understanding Islamic perspectives on morality, predestination, and the divine-human relationship.<\/p>\n<p>&nbsp;<\/p>\n","protected":false},"excerpt":{"rendered":"<p>EKREM DEM\u0130RL\u0130: K\u0130T\u00c2BU&#8217;T-TEVH\u00ceD OKUMALARI 21. SEM\u0130NER \u00d6ZET\u0130 Bu seminer, insan\u0131n [&hellip;]<\/p>\n","protected":false},"author":1,"featured_media":0,"parent":0,"menu_order":0,"comment_status":"closed","ping_status":"closed","template":"100-width.php","meta":{"footnotes":""},"class_list":["post-3159","page","type-page","status-publish","hentry"],"jetpack_sharing_enabled":true,"_links":{"self":[{"href":"https:\/\/klasikdusunceokulu.com\/index.php\/wp-json\/wp\/v2\/pages\/3159","targetHints":{"allow":["GET"]}}],"collection":[{"href":"https:\/\/klasikdusunceokulu.com\/index.php\/wp-json\/wp\/v2\/pages"}],"about":[{"href":"https:\/\/klasikdusunceokulu.com\/index.php\/wp-json\/wp\/v2\/types\/page"}],"author":[{"embeddable":true,"href":"https:\/\/klasikdusunceokulu.com\/index.php\/wp-json\/wp\/v2\/users\/1"}],"replies":[{"embeddable":true,"href":"https:\/\/klasikdusunceokulu.com\/index.php\/wp-json\/wp\/v2\/comments?post=3159"}],"version-history":[{"count":1,"href":"https:\/\/klasikdusunceokulu.com\/index.php\/wp-json\/wp\/v2\/pages\/3159\/revisions"}],"predecessor-version":[{"id":3160,"href":"https:\/\/klasikdusunceokulu.com\/index.php\/wp-json\/wp\/v2\/pages\/3159\/revisions\/3160"}],"wp:attachment":[{"href":"https:\/\/klasikdusunceokulu.com\/index.php\/wp-json\/wp\/v2\/media?parent=3159"}],"curies":[{"name":"wp","href":"https:\/\/api.w.org\/{rel}","templated":true}]}}