{"id":3523,"date":"2025-02-28T18:25:35","date_gmt":"2025-02-28T15:25:35","guid":{"rendered":"https:\/\/klasikdusunceokulu.com\/?page_id=3523"},"modified":"2025-02-28T18:25:35","modified_gmt":"2025-02-28T15:25:35","slug":"baha-zafer-aristoteles-okumalari-fizik-10","status":"publish","type":"page","link":"https:\/\/klasikdusunceokulu.com\/index.php\/baha-zafer-aristoteles-okumalari-fizik-10\/","title":{"rendered":"Baha Zafer, Aristoteles Okumalar\u0131: Fizik 10"},"content":{"rendered":"<p><strong>BAHA ZAFER, AR\u0130STOTELES OKUMALARI 10. SEM\u0130NER \u00d6ZET\u0130<\/strong><\/p>\n<p>Bu seminer, Aristoteles\u2019in sonsuzluk (<em>apeiron<\/em>) kavram\u0131na dair \u00f6nceki tart\u0131\u015fmalar\u0131 geni\u015fletmektedir. \u00d6zellikle fiziksel evrende sonsuzlu\u011fun var olup olamayaca\u011f\u0131, zaman\u0131n ba\u015f\u0131 ve sonu olup olmad\u0131\u011f\u0131, b\u00fcy\u00fckl\u00fcklerin b\u00f6l\u00fcnebilirli\u011fi ve say\u0131lar ile mek\u00e2n aras\u0131ndaki ili\u015fki ele al\u0131nmaktad\u0131r. Aristoteles, sonsuzlu\u011fun enerji halinde (<em>energeia<\/em>) bulunamayaca\u011f\u0131n\u0131 savunarak, bu kavram\u0131 daha kapsaml\u0131 bir \u015fekilde incelemeye devam etmektedir.<\/p>\n<p><strong>Ana Temalar ve Ba\u015fl\u0131klar<\/strong><\/p>\n<ol>\n<li><strong>Sonsuzlu\u011fun Enerji Olarak Var Olamayaca\u011f\u0131 G\u00f6r\u00fc\u015f\u00fc<\/strong><br \/>\nAristoteles, fiziksel evrende sonsuz b\u00fcy\u00fckl\u00fcklerin aktif bir enerji olarak bulunamayaca\u011f\u0131n\u0131 savunur. Sonsuzluk yaln\u0131zca bir potansiyel olarak var olabilir, ancak ger\u00e7ek bir varl\u0131k olarak fiziksel d\u00fcnyada bulunamaz. Bu ba\u011flamda sonsuzlu\u011fun belirli bir nesnede veya cisimde s\u00fcrekli bir etkinlik olarak var olmas\u0131 m\u00fcmk\u00fcn de\u011fildir.<\/li>\n<li><strong>Apeiron Tart\u0131\u015fmas\u0131n\u0131n Devam Etmesi ve Yeni Bir A\u015fama<\/strong><br \/>\nAristoteles, sonsuzluk tart\u0131\u015fmas\u0131n\u0131 kapatmak yerine, yeni b\u00f6l\u00fcmlerde farkl\u0131 a\u00e7\u0131lardan ele alarak devam ettirir. Sonsuzlu\u011fun fiziksel evrende var olup olmad\u0131\u011f\u0131, mek\u00e2n ve zaman a\u00e7\u0131s\u0131ndan nas\u0131l ele al\u0131nmas\u0131 gerekti\u011fi gibi konular tart\u0131\u015f\u0131lmaya devam eder.<\/li>\n<li><strong>Zaman\u0131n Ba\u015flang\u0131c\u0131 ve Sonu Meselesi<\/strong><br \/>\nAristoteles, e\u011fer sonsuzluk mutlak anlamda (<em>haplos<\/em>) var olmasayd\u0131, zaman\u0131n ba\u015flang\u0131c\u0131n\u0131n ve sonunun olmas\u0131 gerekti\u011fini savunur. Sonsuzluk olmadan:<\/p>\n<ul>\n<li>Zaman\u0131n bir ba\u015flang\u0131\u00e7 ve biti\u015f noktas\u0131 olurdu.<\/li>\n<li>B\u00fcy\u00fckl\u00fckler sonsuza kadar b\u00f6l\u00fcnemezdi.<\/li>\n<li>Say\u0131lar sonsuz olmay\u0131p, sonlu bir miktarla s\u0131n\u0131rl\u0131 olurdu<strong>.<\/strong><\/li>\n<\/ul>\n<\/li>\n<li><strong>Zaman\u0131n Sonsuzlu\u011funa Dair Farkl\u0131 Perspektifler<\/strong><br \/>\nAristoteles, zaman\u0131n ba\u015f\u0131 ve sonu olup olmad\u0131\u011f\u0131na dair tart\u0131\u015fmalar\u0131 ge\u00e7mi\u015f filozoflar\u0131n g\u00f6r\u00fc\u015fleriyle kar\u015f\u0131la\u015ft\u0131r\u0131r. Modern d\u00f6nemde entropi ve zaman\u0131n tek y\u00f6nl\u00fcl\u00fc\u011f\u00fc gibi kavramlar\u0131n da benzer bir tart\u0131\u015fmay\u0131 s\u00fcrd\u00fcrd\u00fc\u011f\u00fc belirtilir.<\/li>\n<li><strong>Fiziksel Ger\u00e7eklikte Sonsuzlu\u011fun \u0130mk\u00e2ns\u0131zl\u0131\u011f\u0131<\/strong><br \/>\nAristoteles, fiziksel d\u00fcnyada sonsuz b\u00fcy\u00fckl\u00fcklerin olamayaca\u011f\u0131n\u0131 \u00f6ne s\u00fcrer. E\u011fer bir \u015fey sonsuz olsayd\u0131, di\u011fer t\u00fcm varl\u0131klar\u0131 i\u00e7ine alarak fiziksel evrenin d\u00fczenini bozard\u0131. Ayr\u0131ca, sonsuz bir cismin hareketi ve mek\u00e2ndaki konumu belirsiz hale gelirdi.<\/li>\n<li><strong>Anaksimandros ve Anaksagoras\u2019\u0131n Sonsuzluk Anlay\u0131\u015flar\u0131na Ele\u015ftiri<\/strong><br \/>\nAristoteles, Anaksimandros\u2019un sonsuzlu\u011fu t\u00fcm varl\u0131klar\u0131n kayna\u011f\u0131 olarak g\u00f6rmesini ele\u015ftirir. Ayr\u0131ca, Anaksagoras\u2019\u0131n sonsuz madde anlay\u0131\u015f\u0131n\u0131n, hareketin ve de\u011fi\u015fimin do\u011fas\u0131n\u0131 tam olarak a\u00e7\u0131klayamad\u0131\u011f\u0131n\u0131 savunur.<\/li>\n<li><strong>Matematiksel Sonsuzluk ve B\u00f6l\u00fcnme Problemi<\/strong><br \/>\nAristoteles, sonsuzlu\u011fun matematikte nas\u0131l ele al\u0131nmas\u0131 gerekti\u011fini de tart\u0131\u015f\u0131r. Ona g\u00f6re:<\/p>\n<ul>\n<li>B\u00fcy\u00fckl\u00fcklerin sonsuz b\u00f6l\u00fcnebilir olmas\u0131, fiziksel evrende m\u00fcmk\u00fcn de\u011fildir.<\/li>\n<li>Say\u0131lar\u0131n sonsuz olmas\u0131, matematiksel bir gerekliliktir ancak fiziksel bir ger\u00e7eklik de\u011fildir.<\/li>\n<li>Matematik ve fizik aras\u0131ndaki ili\u015fki, soyutlamalar arac\u0131l\u0131\u011f\u0131yla kurulmal\u0131d\u0131r.<\/li>\n<\/ul>\n<\/li>\n<li><strong>Sonsuzlu\u011fun Olanak (<em>Dynamis<\/em>) ve Ger\u00e7eklik (<em>Energeia<\/em>) Ayr\u0131m\u0131yla Ele Al\u0131nmas\u0131<\/strong><br \/>\nAristoteles, sonsuzlu\u011fu olanak halinde (<em>dynamis<\/em>) var olan bir kavram olarak ele al\u0131rken, etkin (<em>energeia<\/em>) bir \u015fekilde var olamayaca\u011f\u0131n\u0131 savunur. Bu ayr\u0131m, sonsuzlu\u011fun yaln\u0131zca b\u00f6l\u00fcnme a\u00e7\u0131s\u0131ndan var olabilece\u011fi ancak fiziksel bir b\u00fcy\u00fckl\u00fck olarak var olamayaca\u011f\u0131 g\u00f6r\u00fc\u015f\u00fcn\u00fc destekler.<\/li>\n<\/ol>\n<p><strong>Sonu\u00e7<\/strong><\/p>\n<p>Bu seminerde, Aristoteles\u2019in sonsuzluk kavram\u0131n\u0131 fizik, matematik ve metafizik ba\u011flam\u0131nda nas\u0131l ele ald\u0131\u011f\u0131 detayland\u0131r\u0131lmaktad\u0131r. Sonsuzlu\u011fun fiziksel d\u00fcnyada ger\u00e7ek bir varl\u0131k olarak bulunamayaca\u011f\u0131, ancak matematiksel bir kavram olarak anla\u015f\u0131lmas\u0131 gerekti\u011fi vurgulanmaktad\u0131r. Aristoteles, sonsuzlu\u011fu b\u00f6l\u00fcnebilirlik a\u00e7\u0131s\u0131ndan kabul ederken, b\u00fcy\u00fckl\u00fckler ve zaman a\u00e7\u0131s\u0131ndan mutlak anlamda kabul edilemeyece\u011fini savunmaktad\u0131r. Bu ba\u011flamda, sonsuzluk meselesi, Aristoteles\u2019in mant\u0131k, fizik ve metafizik sistemleri aras\u0131nda k\u00f6pr\u00fc kuran temel kavramlardan biri olarak ele al\u0131nmaktad\u0131r.<\/p>\n<p>&nbsp;<\/p>\n<p>This seminar expands upon Aristotle\u2019s discussion of infinity (<em>apeiron<\/em>), addressing key questions about whether infinity can exist in physical reality, whether time has a beginning and an end, the divisibility of magnitudes, and the relationship between numbers and space. Aristotle continues his argument that infinity cannot exist as an actuality (<em>energeia<\/em>) but only as a potentiality (<em>dynamis<\/em>).<\/p>\n<p><strong>Main Themes and Topics<\/strong><\/p>\n<ol>\n<li><strong>The Impossibility of Infinity Existing as an Actuality<\/strong>\n<ul>\n<li>Aristotle argues that infinite magnitudes cannot exist as an actual entity in physical reality.<\/li>\n<li>Infinity can only exist as a potential concept but cannot be a continuous force within any physical object or body.<\/li>\n<li>There is no evidence for the continuous presence of an infinite entity in the material world.<\/li>\n<\/ul>\n<\/li>\n<li><strong>The Continuation of the Apeiron Debate and a New Phase<\/strong>\n<ul>\n<li>Instead of closing the discussion on infinity, Aristotle continues to develop his argument from different perspectives.<\/li>\n<li>The debate shifts towards whether infinity exists in space and time and how it should be interpreted in different domains.<\/li>\n<\/ul>\n<\/li>\n<li><strong>The Question of Time\u2019s Beginning and End<\/strong>\n<ul>\n<li>Aristotle argues that if infinity did not exist in an absolute sense (<em>haplos<\/em>), time would have a beginning and an end.<\/li>\n<li>Without infinity:\n<ul>\n<li>Time would be finite and limited.<\/li>\n<li>Magnitudes would not be infinitely divisible.<\/li>\n<li>Numbers would not be limitless but would stop at a final value.<\/li>\n<\/ul>\n<\/li>\n<\/ul>\n<\/li>\n<li><strong>Different Perspectives on the Infinity of Time<\/strong>\n<ul>\n<li>Aristotle compares various philosophical views on whether time has a beginning and an end.<\/li>\n<li>This discussion also touches upon modern concepts like entropy and the unidirectional nature of time.<\/li>\n<\/ul>\n<\/li>\n<li><strong>The Impossibility of Physical Infinity<\/strong>\n<ul>\n<li>Aristotle asserts that <strong>infinite magnitudes cannot exist in the physical world<\/strong>.<\/li>\n<li>If something were infinite:\n<ul>\n<li>It would absorb all other entities, disrupting the natural order of the universe.<\/li>\n<li>Its motion and spatial position would be indeterminate.<\/li>\n<\/ul>\n<\/li>\n<\/ul>\n<\/li>\n<li><strong>Criticism of Anaximander and Anaxagoras\u2019 Views on Infinity<\/strong>\n<ul>\n<li>Aristotle critiques Anaximander\u2019s idea of infinity as the origin of all things, arguing that it lacks a defined structure.<\/li>\n<li>He also criticizes Anaxagoras\u2019 theory of infinite matter, stating that it fails to explain the nature of motion and change adequately.<\/li>\n<\/ul>\n<\/li>\n<li><strong>Mathematical Infinity and the Problem of Division<\/strong>\n<ul>\n<li>Aristotle examines how infinity should be treated in mathematics:\n<ul>\n<li>Infinite divisibility of magnitudes is not possible in the physical world.<\/li>\n<li>Numbers may be infinite as a mathematical construct but not as a physical reality.<\/li>\n<li>The relationship between mathematics and physics must be established through abstraction rather than direct application.<\/li>\n<\/ul>\n<\/li>\n<\/ul>\n<\/li>\n<li><strong>Infinity as Potentiality (<em>Dynamis<\/em>) vs. Actuality (<em>Energeia<\/em>)<\/strong>\n<ul>\n<li>Aristotle emphasizes the distinction between infinity as a potential state (<em>dynamis<\/em>) and its impossibility as an actualized entity (<em>energeia<\/em>).<\/li>\n<li>This differentiation supports his claim that infinity exists only in terms of divisibility but cannot exist as an actual magnitude in the physical world.<\/li>\n<\/ul>\n<\/li>\n<\/ol>\n<p><strong>Conclusion<\/strong><\/p>\n<p>This seminar explores how Aristotle conceptualizes infinity in relation to physics, mathematics, and metaphysics. He rejects the idea that infinity can exist as a physical reality but acknowledges its use as a mathematical concept. Aristotle accepts infinity in terms of divisibility but denies its existence in absolute terms when applied to magnitudes and time. Ultimately, his discussion on infinity serves as a crucial link between his logical, physical, and metaphysical systems.<\/p>\n<p>&nbsp;<\/p>\n<p>&nbsp;<\/p>\n","protected":false},"excerpt":{"rendered":"<p>BAHA ZAFER, AR\u0130STOTELES OKUMALARI 10. SEM\u0130NER \u00d6ZET\u0130 Bu seminer, Aristoteles\u2019in [&hellip;]<\/p>\n","protected":false},"author":1,"featured_media":0,"parent":0,"menu_order":0,"comment_status":"closed","ping_status":"closed","template":"100-width.php","meta":{"footnotes":""},"class_list":["post-3523","page","type-page","status-publish","hentry"],"jetpack_sharing_enabled":true,"_links":{"self":[{"href":"https:\/\/klasikdusunceokulu.com\/index.php\/wp-json\/wp\/v2\/pages\/3523","targetHints":{"allow":["GET"]}}],"collection":[{"href":"https:\/\/klasikdusunceokulu.com\/index.php\/wp-json\/wp\/v2\/pages"}],"about":[{"href":"https:\/\/klasikdusunceokulu.com\/index.php\/wp-json\/wp\/v2\/types\/page"}],"author":[{"embeddable":true,"href":"https:\/\/klasikdusunceokulu.com\/index.php\/wp-json\/wp\/v2\/users\/1"}],"replies":[{"embeddable":true,"href":"https:\/\/klasikdusunceokulu.com\/index.php\/wp-json\/wp\/v2\/comments?post=3523"}],"version-history":[{"count":1,"href":"https:\/\/klasikdusunceokulu.com\/index.php\/wp-json\/wp\/v2\/pages\/3523\/revisions"}],"predecessor-version":[{"id":3524,"href":"https:\/\/klasikdusunceokulu.com\/index.php\/wp-json\/wp\/v2\/pages\/3523\/revisions\/3524"}],"wp:attachment":[{"href":"https:\/\/klasikdusunceokulu.com\/index.php\/wp-json\/wp\/v2\/media?parent=3523"}],"curies":[{"name":"wp","href":"https:\/\/api.w.org\/{rel}","templated":true}]}}