{"id":3799,"date":"2025-03-03T01:51:54","date_gmt":"2025-03-02T22:51:54","guid":{"rendered":"https:\/\/klasikdusunceokulu.com\/?page_id=3799"},"modified":"2025-03-03T01:51:54","modified_gmt":"2025-03-02T22:51:54","slug":"ekrem-demirlimetafizik-dusunce-secme-metinler-5","status":"publish","type":"page","link":"https:\/\/klasikdusunceokulu.com\/index.php\/ekrem-demirlimetafizik-dusunce-secme-metinler-5\/","title":{"rendered":"Ekrem Demirli,Metafizik D\u00fc\u015f\u00fcnce: Se\u00e7me Metinler 5"},"content":{"rendered":"<p><strong>EKREM DEM\u0130RL\u0130, METAF\u0130Z\u0130K D\u00dc\u015e\u00dcNCE: SE\u00c7ME MET\u0130NLER 5. SEM\u0130NER \u00d6ZET\u0130<\/strong><\/p>\n<p>Bu seminer, \u0130bn Sina metafizi\u011fi \u00e7er\u00e7evesinde metafizik kavram\u0131n\u0131n tan\u0131m\u0131n\u0131, teorik ve pratik bilimler aras\u0131ndaki ayr\u0131m\u0131, metafizi\u011fin felsefe i\u00e7indeki yerini ve temel ilkelerini ele almaktad\u0131r. \u0130bn Sina&#8217;n\u0131n bilim tasnifi ba\u011flam\u0131nda metafizi\u011fi nas\u0131l konumland\u0131rd\u0131\u011f\u0131, teorik ve pratik ak\u0131l ayr\u0131m\u0131 ile felsefi ilimlerin ahlakla olan ili\u015fkisi temel tart\u0131\u015fma konular\u0131d\u0131r.<\/p>\n<p><strong>Ana Temalar ve Ba\u015fl\u0131klar<\/strong><\/p>\n<ol>\n<li><strong>Metafizi\u011fin Tan\u0131m\u0131 ve Bilimler Aras\u0131ndaki Yeri<\/strong><br \/>\nMetafizik, \u0130bn Sina&#8217;n\u0131n bilim tasnifinde do\u011fa bilimleri ve matematikten sonra gelen en \u00fcst d\u00fczey bilgi alan\u0131d\u0131r. \u0130bn Sina, metafizi\u011fi varl\u0131klar\u0131n ilk nedenlerini ara\u015ft\u0131ran ve maddeye ba\u011f\u0131ml\u0131 olmayan varl\u0131klar\u0131 konu edinen bir disiplin olarak tan\u0131mlar. Matematiksel ve do\u011fa bilimlerinin aksine, metafizik do\u011frudan insan eylemleriyle ili\u015fkili de\u011fildir, ancak onlar\u0131n temel ilkelerini belirler.<\/li>\n<li><strong>Teorik ve Pratik Ak\u0131l Ayr\u0131m\u0131<\/strong><br \/>\nFelsefede zihinsel s\u00fcre\u00e7ler teorik ak\u0131l ve pratik ak\u0131l olmak \u00fczere ikiye ayr\u0131l\u0131r. Teorik ak\u0131l, evrenin genel yap\u0131s\u0131n\u0131, hareketi ve do\u011fal yasalar\u0131 anlamaya \u00e7al\u0131\u015f\u0131rken, pratik ak\u0131l bireyin eylemlerine, ahlaki de\u011ferlerine ve toplumsal d\u00fczenlemelere odaklan\u0131r. Bu ba\u011flamda, metafizik, teorik akl\u0131n en \u00fcst d\u00fczey ara\u015ft\u0131rma alan\u0131d\u0131r.<\/li>\n<li><strong>Felsefi Bilimlerin Ahlakla \u0130li\u015fkisi<\/strong><br \/>\n\u0130bn Sina&#8217;ya g\u00f6re felsefi ilimler yaln\u0131zca teorik bir alan de\u011fil, ayn\u0131 zamanda insan\u0131n yetkinle\u015fmesini sa\u011flayan pratik bir amaca da sahiptir. Bu noktada, tasavvufun felsefi ilimlerden ayr\u0131ld\u0131\u011f\u0131 d\u00fc\u015f\u00fcn\u00fcl\u00fcr. Tasavvuf, ahlak\u0131 ba\u011f\u0131ms\u0131z bir alan olarak g\u00f6r\u00fcrken, felsefe ahlak\u0131 teorik bilginin bir sonucu olarak ele al\u0131r.<\/li>\n<li><strong>Metafizikte Teorik Bilimlerin Konumu<\/strong><br \/>\nTeorik bilimler \u00fc\u00e7 kategoriye ayr\u0131l\u0131r: do\u011fa bilimleri, matematik ve metafizik. Do\u011fa bilimleri, hareketli ve de\u011fi\u015fken varl\u0131klar\u0131 inceler. Matematik, nicelik ve say\u0131lar \u00fczerine yo\u011funla\u015f\u0131r. Metafizik ise hem do\u011fa bilimlerinden hem de matematikten farkl\u0131 olarak maddeyle ba\u011f\u0131 olmayan varl\u0131klar\u0131 konu al\u0131r ve t\u00fcm bilimlerin temel ilkelerini belirler.<\/li>\n<li><strong>Teorik ve Pratik Bilimler Aras\u0131ndaki Ayr\u0131m<\/strong><br \/>\n\u0130bn Sina, teorik ve pratik bilimleri \u015f\u00f6yle ay\u0131r\u0131r: Teorik bilimler do\u011fa, matematik ve metafizik olmak \u00fczere \u00fc\u00e7e ayr\u0131l\u0131r. Pratik bilimler ise ahlak, siyaset ve ekonomi gibi insan\u0131n do\u011frudan m\u00fcdahil oldu\u011fu alanlar\u0131 kapsar. Teorik bilimler, insan\u0131n zihinsel yetkinli\u011fini art\u0131rarak pratik bilgilere de katk\u0131 sa\u011flar.<\/li>\n<li><strong>Metafizik ile Ahlak Aras\u0131ndaki Ba\u011flant\u0131<\/strong><br \/>\nAhlaki de\u011ferler, teorik bilginin prati\u011fe d\u00f6n\u00fc\u015fmesiyle ortaya \u00e7\u0131kar. Bu y\u00fczden, metafizik yaln\u0131zca soyut bir disiplin de\u011fil, ayn\u0131 zamanda insan\u0131n kemale ula\u015fmas\u0131n\u0131 sa\u011flayan bir bilgi alan\u0131d\u0131r.<\/li>\n<li><strong>Metafizi\u011fin \u0130lkeleri ve Varl\u0131k Anlay\u0131\u015f\u0131<\/strong><br \/>\n\u0130bn Sina, metafizi\u011fin temel ilkelerini varl\u0131k, hareket, de\u011fi\u015fim ve neden-sonu\u00e7 ili\u015fkisi \u00e7er\u00e7evesinde ele al\u0131r. Ona g\u00f6re, metafizik yaln\u0131zca varl\u0131\u011f\u0131 de\u011fil, varl\u0131\u011f\u0131n temel ilkelerini de ara\u015ft\u0131r\u0131r. Fiziksel ger\u00e7ekliklerin temelinde metafizik ilkeler yatar. Bilimlerin ilkelerini belirleyen ve temellendiren as\u0131l disiplin metafiziktir.<\/li>\n<li><strong>\u0130bn Sina\u2019n\u0131n Metafizi\u011fi ve Felsefi Hiyerar\u015fi<\/strong><br \/>\n\u0130bn Sina&#8217;n\u0131n felsefi sisteminde bilimlerin ve bilgi alanlar\u0131n\u0131n bir hiyerar\u015fi i\u00e7inde ilerledi\u011fi vurgulan\u0131r. Mant\u0131k, do\u011fa bilimleri ve matematik, metafizi\u011fe ula\u015fmak i\u00e7in birer ara\u00e7 olarak g\u00f6r\u00fcl\u00fcr. Metafizik, bu hiyerar\u015finin en \u00fcst noktas\u0131nda yer al\u0131r ve di\u011fer bilimlerin ilkelerini belirler.<\/li>\n<\/ol>\n<p><strong>Sonu\u00e7<\/strong><\/p>\n<p>Bu seminer, \u0130bn Sina\u2019n\u0131n metafizi\u011fe bak\u0131\u015f a\u00e7\u0131s\u0131n\u0131 ve onun bilimler aras\u0131ndaki yerini detayland\u0131rmaktad\u0131r. Metafizik, do\u011fa bilimleri ve matematikten farkl\u0131 olarak maddeyle ba\u011f\u0131 olmayan varl\u0131klar\u0131 inceleyen bir bilim dal\u0131d\u0131r. Ayn\u0131 zamanda, teorik bilginin insan\u0131n ahlaki yetkinli\u011fine katk\u0131 sa\u011flad\u0131\u011f\u0131, dolay\u0131s\u0131yla felsefi ilimlerin ahlaktan kopuk olmad\u0131\u011f\u0131 vurgulanmaktad\u0131r. Sonu\u00e7 olarak, metafizik yaln\u0131zca soyut kavramlar \u00fczerine d\u00fc\u015f\u00fcnmekle s\u0131n\u0131rl\u0131 olmay\u0131p, ayn\u0131 zamanda insan\u0131n d\u00fc\u015f\u00fcnce ve eylem d\u00fcnyas\u0131nda \u00f6nemli bir rol oynamaktad\u0131r.<\/p>\n<p>&nbsp;<\/p>\n<p>This seminar explores the definition of metaphysics within the framework of Avicenna\u2019s philosophy, the distinction between theoretical and practical sciences, the place of metaphysics in philosophy, and its fundamental principles. The discussion focuses on how Avicenna classifies sciences, differentiates between theoretical and practical reason, and establishes the relationship between philosophical disciplines and ethics.<\/p>\n<p><strong>Main Themes and Topics<\/strong><\/p>\n<ol>\n<li><strong>Definition of Metaphysics and Its Place Among Sciences<\/strong><br \/>\nIn Avicenna\u2019s classification of sciences, metaphysics follows the natural sciences and mathematics as the highest level of knowledge. He defines metaphysics as a discipline that investigates the first causes of beings and studies entities that are independent of matter. Unlike mathematical and natural sciences, metaphysics is not directly related to human actions but determines their fundamental principles.<\/li>\n<li><strong>Distinction Between Theoretical and Practical Reason<\/strong><br \/>\nIn philosophy, intellectual processes are divided into theoretical reason and practical reason. Theoretical reason seeks to understand the general structure of the universe, motion, and natural laws, whereas practical reason focuses on human actions, moral values, and social regulations. Within this framework, metaphysics represents the highest level of inquiry for theoretical reason.<\/li>\n<li><strong>The Relationship Between Philosophical Sciences and Ethics<\/strong><br \/>\nAccording to Avicenna, philosophical sciences are not only theoretical fields but also contribute to human perfection by serving a practical purpose. At this point, mysticism (Sufism) diverges from philosophical sciences. While mysticism regards ethics as an independent field, philosophy considers ethics a result of theoretical knowledge.<\/li>\n<li><strong>The Position of Theoretical Sciences in Metaphysics<\/strong><br \/>\nTheoretical sciences are categorized into natural sciences, mathematics, and metaphysics. Natural sciences examine changeable and movable entities, mathematics focuses on quantities and numbers, and metaphysics differs from both by studying entities that are not dependent on matter. Additionally, metaphysics establishes the fundamental principles of all sciences.<\/li>\n<li><strong>Distinction Between Theoretical and Practical Sciences<\/strong><br \/>\nAvicenna classifies theoretical sciences into natural sciences, mathematics, and metaphysics, whereas practical sciences include fields such as ethics, politics, and economics\u2014areas where human intervention plays a direct role. Theoretical sciences enhance intellectual refinement and contribute to the development of practical knowledge.<\/li>\n<li><strong>The Connection Between Metaphysics and Ethics<\/strong><br \/>\nMoral values emerge when theoretical knowledge is applied to practice. Therefore, metaphysics is not merely an abstract discipline but also a field of knowledge that leads humans toward perfection.<\/li>\n<li><strong>The Principles of Metaphysics and the Concept of Being<\/strong><br \/>\nAvicenna examines the fundamental principles of metaphysics through the concepts of existence, motion, change, and causality. According to him, metaphysics not only studies being but also explores the essential principles underlying existence. While physical realities depend on empirical observation, metaphysical principles provide the foundation for scientific inquiry.<\/li>\n<li><strong>Avicenna\u2019s Metaphysics and the Hierarchy of Sciences<\/strong><br \/>\nIn Avicenna\u2019s philosophical system, sciences and fields of knowledge follow a hierarchical structure. Logic, natural sciences, and mathematics serve as preparatory disciplines leading toward metaphysical inquiry. Metaphysics stands at the highest level of this hierarchy, establishing the fundamental principles that govern other sciences.<\/li>\n<\/ol>\n<p><strong>Conclusion<\/strong><\/p>\n<p>This seminar presents Avicenna\u2019s perspective on metaphysics and its place among the sciences. Unlike natural sciences and mathematics, metaphysics studies entities that are not dependent on matter. Additionally, the seminar highlights that theoretical knowledge contributes to human moral refinement, emphasizing that philosophical sciences are not detached from ethics. Ultimately, metaphysics is not merely about abstract speculation; it plays a crucial role in shaping human thought and action.<\/p>\n<p>&nbsp;<\/p>\n<p>&nbsp;<\/p>\n","protected":false},"excerpt":{"rendered":"<p>EKREM DEM\u0130RL\u0130, METAF\u0130Z\u0130K D\u00dc\u015e\u00dcNCE: SE\u00c7ME MET\u0130NLER 5. SEM\u0130NER \u00d6ZET\u0130 Bu [&hellip;]<\/p>\n","protected":false},"author":1,"featured_media":0,"parent":0,"menu_order":0,"comment_status":"closed","ping_status":"closed","template":"100-width.php","meta":{"footnotes":""},"class_list":["post-3799","page","type-page","status-publish","hentry"],"jetpack_sharing_enabled":true,"_links":{"self":[{"href":"https:\/\/klasikdusunceokulu.com\/index.php\/wp-json\/wp\/v2\/pages\/3799","targetHints":{"allow":["GET"]}}],"collection":[{"href":"https:\/\/klasikdusunceokulu.com\/index.php\/wp-json\/wp\/v2\/pages"}],"about":[{"href":"https:\/\/klasikdusunceokulu.com\/index.php\/wp-json\/wp\/v2\/types\/page"}],"author":[{"embeddable":true,"href":"https:\/\/klasikdusunceokulu.com\/index.php\/wp-json\/wp\/v2\/users\/1"}],"replies":[{"embeddable":true,"href":"https:\/\/klasikdusunceokulu.com\/index.php\/wp-json\/wp\/v2\/comments?post=3799"}],"version-history":[{"count":1,"href":"https:\/\/klasikdusunceokulu.com\/index.php\/wp-json\/wp\/v2\/pages\/3799\/revisions"}],"predecessor-version":[{"id":3802,"href":"https:\/\/klasikdusunceokulu.com\/index.php\/wp-json\/wp\/v2\/pages\/3799\/revisions\/3802"}],"wp:attachment":[{"href":"https:\/\/klasikdusunceokulu.com\/index.php\/wp-json\/wp\/v2\/media?parent=3799"}],"curies":[{"name":"wp","href":"https:\/\/api.w.org\/{rel}","templated":true}]}}