{"id":3812,"date":"2025-03-03T01:57:47","date_gmt":"2025-03-02T22:57:47","guid":{"rendered":"https:\/\/klasikdusunceokulu.com\/?page_id=3812"},"modified":"2025-03-03T01:57:47","modified_gmt":"2025-03-02T22:57:47","slug":"enes-kabakci-montesquieu-okumalari-kanunlarin-ruhu-uzerine-8","status":"publish","type":"page","link":"https:\/\/klasikdusunceokulu.com\/index.php\/enes-kabakci-montesquieu-okumalari-kanunlarin-ruhu-uzerine-8\/","title":{"rendered":"Enes Kabak\u00e7\u0131, Montesquieu Okumalar\u0131: Kanunlar\u0131n Ruhu \u00dczerine 8"},"content":{"rendered":"<p><strong>ENES KABAK\u00c7I, MONTESQUI\u0307EU OKUMALARI: KANUNLARIN RUHU U\u0308ZERI\u0307NE 8. SEM\u0130NER \u00d6ZET\u0130<\/strong><\/p>\n<p>Bu seminer, Montesquieu\u2019n\u00fcn <em>Kanunlar\u0131n Ruhu \u00dczerine<\/em> adl\u0131 eserinin d\u00f6rd\u00fcnc\u00fc kitab\u0131n\u0131 ele almakta ve e\u011fitim sisteminin y\u00f6netim bi\u00e7imleriyle ili\u015fkisini incelemektedir. Montesquieu&#8217;ya g\u00f6re, her y\u00f6netim bi\u00e7imi kendi temel ilkelerine uygun bir e\u011fitim anlay\u0131\u015f\u0131 geli\u015ftirmelidir. Cumhuriyetlerde e\u011fitim erdem, monar\u015filerde onur, despotik y\u00f6netimlerde ise korku ilkesi \u00fczerine \u015fekillenir. Seminerde ayr\u0131ca e\u011fitim kurallar\u0131n\u0131n nas\u0131l belirlenmesi gerekti\u011fi, eski ve modern e\u011fitim aras\u0131ndaki farklar ve e\u011fitim sisteminin bireyin toplum i\u00e7indeki konumunu nas\u0131l \u015fekillendirdi\u011fi gibi konular ele al\u0131nmaktad\u0131r.<\/p>\n<p><strong>Ana Temalar ve Ba\u015fl\u0131klar<\/strong><\/p>\n<ol>\n<li><strong>E\u011fitim ve Y\u00f6netim \u015eekilleri Aras\u0131ndaki Ba\u011flant\u0131<\/strong><br \/>\nMontesquieu, e\u011fitim sisteminin y\u00f6netim bi\u00e7imiyle uyumlu olmas\u0131 gerekti\u011fini savunur. E\u011fer bir y\u00f6netim sistemi ayakta kalacaksa, e\u011fitim politikalar\u0131 da o y\u00f6netim bi\u00e7iminin temel ilkeleriyle \u00f6rt\u00fc\u015fmelidir. \u00d6rne\u011fin, monar\u015filerde e\u011fitim onur duygusunu g\u00fc\u00e7lendirmeli, cumhuriyetlerde erdemi te\u015fvik etmeli, despotik y\u00f6netimlerde ise korku ve itaati peki\u015ftirmelidir.<\/li>\n<li><strong>Kanun Kavram\u0131n\u0131n Geni\u015f Kullan\u0131m\u0131<\/strong><br \/>\nMontesquieu\u2019n\u00fcn eserinde \u201ckanun\u201d kavram\u0131 sadece yaz\u0131l\u0131 yasalarla s\u0131n\u0131rl\u0131 de\u011fildir. Kanun bazen toplumsal kurallar, ahlaki ilkeler, do\u011fa yasalar\u0131 ve hatta fizik kurallar\u0131 anlam\u0131nda kullan\u0131labilir. E\u011fitimle ilgili kanunlar\u0131 incelerken Montesquieu, bu kurallar\u0131n yaln\u0131zca e\u011fitim kurumlar\u0131na de\u011fil, toplumsal yap\u0131ya ve bireylerin yeti\u015ftirilme bi\u00e7imine de etki etti\u011fini vurgular.<\/li>\n<li><strong>Monar\u015filerde E\u011fitimin Rol\u00fc<\/strong><br \/>\nMonar\u015fik y\u00f6netimlerde e\u011fitim, bireyleri onur kavram\u0131 \u00fczerinden \u015fekillendirir. Montesquieu\u2019ye g\u00f6re, monar\u015filerde e\u011fitim belirli okullarda de\u011fil, do\u011frudan hayat\u0131n i\u00e7inde ger\u00e7ekle\u015fir. Toplumsal ili\u015fkiler ve g\u00f6rg\u00fc kurallar\u0131, bireylerin kendilerini \u00fcst\u00fcn k\u0131lmalar\u0131n\u0131 sa\u011flayacak bir onur anlay\u0131\u015f\u0131 \u00e7er\u00e7evesinde \u015fekillenir. Bu t\u00fcr e\u011fitim, bireyin halktan ayr\u0131\u015fmas\u0131n\u0131 sa\u011flayarak aristokrasiye mensup olma yolunu a\u00e7ar.<\/li>\n<li><strong>Despotizmde E\u011fitimin Anlam\u0131 ve \u0130\u015flevi<\/strong><br \/>\nDespotik y\u00f6netimlerde e\u011fitim itaat ve korku \u00fczerine kuruludur. Montesquieu, bu t\u00fcr y\u00f6netimlerde e\u011fitimin bireyleri y\u00fcceltmek yerine k\u00fc\u00e7\u00fcltmeye \u00e7al\u0131\u015ft\u0131\u011f\u0131n\u0131 vurgular. Korku, bireyleri kontrol etmek i\u00e7in kullan\u0131l\u0131r ve e\u011fitimin amac\u0131 bireylere itaatk\u00e2r bir zihniyet kazand\u0131rmakt\u0131r. E\u011fitimin neredeyse hi\u00e7bir de\u011feri yoktur, \u00e7\u00fcnk\u00fc bireyin \u00f6zg\u00fcrce d\u00fc\u015f\u00fcnmesine gerek duyulmaz; aksine, bask\u0131ya boyun e\u011fmesi beklenir.<\/li>\n<li><strong>Cumhuriyetlerde E\u011fitimin Temeli Olarak Erdem<\/strong><br \/>\nMontesquieu, cumhuriyetlerde e\u011fitimin erdem \u00fczerine kurulu olmas\u0131 gerekti\u011fini belirtir. Erdem, burada ahlaki veya dini bir kavram olarak de\u011fil, siyasi bir erdem olarak tan\u0131mlan\u0131r. Bireylerin toplumun iyili\u011fini kendi \u00e7\u0131karlar\u0131n\u0131n \u00f6n\u00fcne koymas\u0131 ve e\u015fitlik ilkesine ba\u011fl\u0131 kalmas\u0131 gerekir. Montesquieu, cumhuriyet y\u00f6netimlerinde e\u011fitimin halk\u0131n ortak de\u011ferlerine dayal\u0131 olarak d\u00fczenlenmesi gerekti\u011fini savunur.<\/li>\n<li><strong>Eski ve Modern E\u011fitim Sistemleri Aras\u0131ndaki Farklar<\/strong><br \/>\nMontesquieu, ge\u00e7mi\u015fte uygulanan e\u011fitim sistemleriyle modern e\u011fitim anlay\u0131\u015f\u0131 aras\u0131ndaki farklara da de\u011finir. Eski e\u011fitim sistemlerinin daha tutarl\u0131 ve birbirini destekleyen unsurlardan olu\u015ftu\u011funu s\u00f6yler. Ancak modern e\u011fitimde aile, okul ve toplumun bireye verdi\u011fi e\u011fitimin birbirinden farkl\u0131 hatta \u00e7eli\u015fkili oldu\u011funu savunur. Montesquieu\u2019ye g\u00f6re, g\u00fcn\u00fcm\u00fczde bireyler, \u00fc\u00e7 farkl\u0131 e\u011fitim sisteminden gelen \u00e7eli\u015fkili mesajlarla yeti\u015fmektedir.<\/li>\n<li><strong>Nezaket, Onur ve Sosyal Konumland\u0131rma<\/strong><br \/>\nMontesquieu, monar\u015fik y\u00f6netimlerde bireylerin nezaket g\u00f6stermesinin bir t\u00fcr stat\u00fc sembol\u00fc oldu\u011funu s\u00f6yler. Nezaket ve g\u00f6rg\u00fc kurallar\u0131, bireyi toplumsal olarak daha y\u00fcksek bir konuma yerle\u015ftiren bir unsur olarak kullan\u0131l\u0131r. Bu anlamda nezaket do\u011fal bir erdem de\u011fil, toplumsal bir \u00fcst\u00fcnl\u00fck arac\u0131 haline gelmektedir.<\/li>\n<li><strong>Onurun Monar\u015fik Y\u00f6netimdeki Etkisi<\/strong><br \/>\nMontesquieu, onurun monar\u015fik y\u00f6netimlerde t\u00fcm toplumsal kurallar\u0131 y\u00f6nlendiren bir ilke oldu\u011funu vurgular. Ancak onur, sadece erdemli davran\u0131\u015flar\u0131 de\u011fil, ayn\u0131 zamanda stat\u00fcy\u00fc korumaya y\u00f6nelik stratejik hareketleri de kapsar. Bir birey onurlu olmak ad\u0131na hem prense itaat edebilir hem de gerekti\u011finde ona kar\u015f\u0131 \u00e7\u0131kabilir. \u00d6rne\u011fin, San Bartolome Katliam\u0131 sonras\u0131nda bir y\u00f6netici, kraliyet emrine kar\u015f\u0131 gelerek, bunu onur gere\u011fi yapt\u0131\u011f\u0131n\u0131 savunmu\u015ftur.<\/li>\n<\/ol>\n<p><strong>Sonu\u00e7<\/strong><\/p>\n<p>Montesquieu, e\u011fitim sisteminin y\u00f6netim bi\u00e7imlerine uygun olarak \u015fekillenmesi gerekti\u011fini savunur. Cumhuriyetlerde erdem, monar\u015filerde onur, despotizmlerde ise korku e\u011fitim sisteminin temel ilkeleri olmal\u0131d\u0131r. E\u011fer bir y\u00f6netim sistemi kendi ilkesine uygun bir e\u011fitim modeli geli\u015ftirmezse, varl\u0131\u011f\u0131n\u0131 s\u00fcrd\u00fcremez. Montesquieu ayr\u0131ca modern e\u011fitim sisteminin \u00e7eli\u015fkili yap\u0131s\u0131n\u0131 ele\u015ftirerek, ge\u00e7mi\u015fteki daha tutarl\u0131 e\u011fitim modellerini \u00f6rnek g\u00f6sterir. E\u011fitim, bireyleri yaln\u0131zca akademik bilgiyle de\u011fil, toplumsal stat\u00fc, onur ve y\u00f6netim bi\u00e7iminin devaml\u0131l\u0131\u011f\u0131 a\u00e7\u0131s\u0131ndan da \u015fekillendirmelidir.<\/p>\n<p>&nbsp;<\/p>\n<p>This seminar explores the fourth book of Montesquieu\u2019s <em>The Spirit of the Laws<\/em>, focusing on the relationship between education and forms of government. Montesquieu argues that each type of government must develop an educational system aligned with its core principles. Education in republics is based on virtue, in monarchies on honor, and in despotic regimes on fear. The seminar also examines the principles that shape education, the differences between ancient and modern education, and how education influences an individual&#8217;s role in society.<\/p>\n<p><strong>Main Themes and Topics<\/strong><\/p>\n<ol>\n<li><strong>The Connection Between Education and Government Forms<\/strong><br \/>\nMontesquieu asserts that education systems should be structured according to the principles of the government they serve. A government cannot sustain itself unless its education policies reinforce its core values. For instance, in monarchies, education should cultivate a sense of honor, in republics, it should promote civic virtue, and in despotic states, it should reinforce fear and absolute obedience.<\/li>\n<li><strong>The Broad Definition of Law<\/strong><br \/>\nIn Montesquieu\u2019s work, the term \u201claw\u201d is not limited to written legislation. It can also refer to social norms, moral principles, natural laws, and even physical laws. When analyzing educational laws, Montesquieu argues that they shape not only educational institutions but also the social structure and the upbringing of individuals.<\/li>\n<li><strong>The Role of Education in Monarchies<\/strong><br \/>\nIn monarchies, education shapes individuals based on the concept of honor. Montesquieu suggests that education in monarchies does not take place solely in schools but occurs through life experiences. Social customs and etiquette train individuals to develop a sense of superiority and exclusivity, preparing them for aristocratic circles and positions of power.<\/li>\n<li><strong>The Function and Meaning of Education in Despotism<\/strong><br \/>\nIn despotic regimes, education is designed to enforce obedience and fear. Montesquieu argues that such education does not elevate individuals but instead diminishes them. Fear is used as a means of control, and the purpose of education is to instill an obedient mindset. In these regimes, education holds little intellectual value since independent thinking is neither encouraged nor necessary\u2014instead, compliance with absolute authority is expected.<\/li>\n<li><strong>Virtue as the Foundation of Education in Republics<\/strong><br \/>\nMontesquieu emphasizes that education in republics should be rooted in virtue. However, virtue in this context is not a religious or moral concept but a political necessity. Citizens must prioritize the common good over personal interests and remain committed to equality. Montesquieu argues that in republics, education should be designed to reinforce shared values and civic responsibility.<\/li>\n<li><strong>Differences Between Ancient and Modern Educational Systems<\/strong><br \/>\nMontesquieu also highlights the differences between historical and contemporary educational models. He believes that ancient education systems were more consistent and structured, whereas modern education often presents contradictory and fragmented messages. According to Montesquieu, modern individuals are shaped by three conflicting sources of education: family, school, and society.<\/li>\n<li><strong>Courtesy, Honor, and Social Positioning<\/strong><br \/>\nMontesquieu states that in monarchies, acts of courtesy serve as indicators of social status. Manners and etiquette are not simply signs of virtue but tools for maintaining social distinction. In this sense, courtesy functions not as a moral quality but as a strategy for securing a superior social position.<\/li>\n<li><strong>The Role of Honor in Monarchies<\/strong><br \/>\nMontesquieu highlights that honor is the defining principle in monarchical societies, shaping social and legal systems. However, honor does not always align with virtue but can also serve as a tool for self-preservation and status maintenance. Individuals may both obey and defy the ruler in the name of honor. For example, after the St. Bartholomew\u2019s Day Massacre, a noble refused to follow the king\u2019s orders, claiming that honor required him to disobey.<\/li>\n<\/ol>\n<p>Conclusion<\/p>\n<p>Montesquieu argues that education should be tailored to the government form it serves. In republics, education must instill virtue, in monarchies, it must reinforce honor, and in despotisms, it must uphold fear and submission. If a government fails to align its educational system with its guiding principle, it risks instability and collapse. Montesquieu also critiques modern education for its internal contradictions, contrasting it with the more consistent models of the past. Ultimately, education is not just about acquiring knowledge but also about shaping individuals\u2019 social status, honor, and loyalty to the government system.<\/p>\n<p>&nbsp;<\/p>\n","protected":false},"excerpt":{"rendered":"<p>ENES KABAK\u00c7I, MONTESQUI\u0307EU OKUMALARI: KANUNLARIN RUHU U\u0308ZERI\u0307NE 8. SEM\u0130NER \u00d6ZET\u0130 [&hellip;]<\/p>\n","protected":false},"author":1,"featured_media":0,"parent":0,"menu_order":0,"comment_status":"closed","ping_status":"closed","template":"100-width.php","meta":{"footnotes":""},"class_list":["post-3812","page","type-page","status-publish","hentry"],"jetpack_sharing_enabled":true,"_links":{"self":[{"href":"https:\/\/klasikdusunceokulu.com\/index.php\/wp-json\/wp\/v2\/pages\/3812","targetHints":{"allow":["GET"]}}],"collection":[{"href":"https:\/\/klasikdusunceokulu.com\/index.php\/wp-json\/wp\/v2\/pages"}],"about":[{"href":"https:\/\/klasikdusunceokulu.com\/index.php\/wp-json\/wp\/v2\/types\/page"}],"author":[{"embeddable":true,"href":"https:\/\/klasikdusunceokulu.com\/index.php\/wp-json\/wp\/v2\/users\/1"}],"replies":[{"embeddable":true,"href":"https:\/\/klasikdusunceokulu.com\/index.php\/wp-json\/wp\/v2\/comments?post=3812"}],"version-history":[{"count":1,"href":"https:\/\/klasikdusunceokulu.com\/index.php\/wp-json\/wp\/v2\/pages\/3812\/revisions"}],"predecessor-version":[{"id":3814,"href":"https:\/\/klasikdusunceokulu.com\/index.php\/wp-json\/wp\/v2\/pages\/3812\/revisions\/3814"}],"wp:attachment":[{"href":"https:\/\/klasikdusunceokulu.com\/index.php\/wp-json\/wp\/v2\/media?parent=3812"}],"curies":[{"name":"wp","href":"https:\/\/api.w.org\/{rel}","templated":true}]}}