{"id":4018,"date":"2025-03-09T22:54:32","date_gmt":"2025-03-09T19:54:32","guid":{"rendered":"https:\/\/klasikdusunceokulu.com\/?page_id=4018"},"modified":"2025-03-10T14:59:23","modified_gmt":"2025-03-10T11:59:23","slug":"soner-gunduzoz","status":"publish","type":"page","link":"https:\/\/klasikdusunceokulu.com\/index.php\/soner-gunduzoz\/","title":{"rendered":"SONER G\u00dcND\u00dcZ\u00d6Z"},"content":{"rendered":"<div class=\"fusion-fullwidth fullwidth-box fusion-builder-row-1 fusion-flex-container nonhundred-percent-fullwidth non-hundred-percent-height-scrolling\" style=\"--awb-border-radius-top-left:0px;--awb-border-radius-top-right:0px;--awb-border-radius-bottom-right:0px;--awb-border-radius-bottom-left:0px;--awb-flex-wrap:wrap;\" ><div class=\"fusion-builder-row fusion-row fusion-flex-align-items-flex-start fusion-flex-content-wrap\" style=\"max-width:1248px;margin-left: calc(-4% \/ 2 );margin-right: calc(-4% \/ 2 );\"><div class=\"fusion-layout-column fusion_builder_column fusion-builder-column-0 fusion_builder_column_1_1 1_1 fusion-flex-column\" style=\"--awb-bg-size:cover;--awb-width-large:100%;--awb-margin-top-large:0px;--awb-spacing-right-large:1.92%;--awb-margin-bottom-large:0px;--awb-spacing-left-large:1.92%;--awb-width-medium:100%;--awb-spacing-right-medium:1.92%;--awb-spacing-left-medium:1.92%;--awb-width-small:100%;--awb-spacing-right-small:1.92%;--awb-spacing-left-small:1.92%;\"><div class=\"fusion-column-wrapper fusion-flex-justify-content-flex-start fusion-content-layout-column\"><div class=\"fusion-text fusion-text-1\"><p style=\"text-align: center;\"><strong><img decoding=\"async\" class=\"aligncenter size-full wp-image-4017\" src=\"http:\/\/klasikdusunceokulu.com\/wp-content\/uploads\/2025\/03\/soner.jpeg\" alt=\"\" width=\"200\" height=\"200\" srcset=\"https:\/\/klasikdusunceokulu.com\/wp-content\/uploads\/2025\/03\/soner-66x66.jpeg 66w, https:\/\/klasikdusunceokulu.com\/wp-content\/uploads\/2025\/03\/soner-150x150.jpeg 150w, https:\/\/klasikdusunceokulu.com\/wp-content\/uploads\/2025\/03\/soner.jpeg 200w\" sizes=\"(max-width: 200px) 100vw, 200px\" \/><\/strong><\/p>\n<p style=\"text-align: center;\"><strong>SONER G\u00dcND\u00dcZ\u00d6Z<\/strong><\/p>\n<p style=\"text-align: center;\">1970 y\u0131l\u0131nda Eski\u015fehir\u2019de do\u011fdu. \u0130lk ve Orta Okulu Kocaeli-G\u00f6lc\u00fck\u2019te, liseyi Eski\u015fehir\u2019de okudu. 1994 y\u0131l\u0131nda Atat\u00fcrk \u00dcniversitesi \u0130lahiyat Fak\u00fcltesinden mezun oldu. 1997 y\u0131l\u0131nda Atat\u00fcrk \u00dcniversitesinde Arap\u00e7a bran\u015f\u0131nda y\u00fcksek lisans\u0131n\u0131, 2002 y\u0131l\u0131nda OM\u00dc\u2019de Arap\u00e7a bran\u015f\u0131nda doktoras\u0131n\u0131 tamamlad\u0131. 1995\u20132006 y\u0131llar\u0131 aras\u0131nda Ondokuz May\u0131s \u00dcniversitesi \u0130lahiyat Fak\u00fcltesi Arap Dili ve Belagati Anabilim Dal\u0131nda ara\u015ft\u0131rma g\u00f6revlisi ve Dr. ara\u015ft\u0131rma g\u00f6revlisi olarak \u00e7al\u0131\u015ft\u0131. 20 Mart 2006\u2019da do\u00e7ent oldu. 2007 y\u0131l\u0131nda Diyanet \u0130\u015fleri Ba\u015fkanl\u0131\u011f\u0131 Din \u0130\u015fleri Y\u00fcksek Kurulu Uzman\u0131 olarak \u00e7al\u0131\u015ft\u0131. 29 A\u011fustos 2008 tarihinde Din \u0130\u015fleri Y\u00fcksek Kurulu \u00dcyeli\u011fine atand\u0131. Bu g\u00f6revinin yan\u0131 s\u0131ra \u201cDin \u0130\u015fleri Y\u00fcksek Kurulu Raport\u00f6rl\u00fc\u011f\u00fc\u201d ve \u201cIV. Din \u015euras\u0131 Genel Sekreter Yard\u0131mc\u0131l\u0131\u011f\u0131\u201d g\u00f6revini y\u00fcr\u00fctt\u00fc. Ayr\u0131ca Diyanet \u0130\u015fleri Ba\u015fkanl\u0131\u011f\u0131 Konulu Hadis Projesi\u2019nde de bir s\u00fcre \u00e7al\u0131\u015ft\u0131. OM\u00dc\u2019de 2011 y\u0131l\u0131nda profes\u00f6r olan Soner G\u00fcnd\u00fcz\u00f6z, 2013 tarihi itibar\u0131yla Ankara \u00dcniversitesi \u0130lahiyat Fak\u00fcltesine naklen atand\u0131. Daha sonra bir s\u00fcre OD\u00dc \u0130lahiyat Fak\u00fcltesi ve K\u0131r\u0131kkale \u00dcniversitesi Fen Edebiyat Fak\u00fcltesi M\u00fctercim-Terc\u00fcmanl\u0131k (Arap\u00e7a) B\u00f6l\u00fcm\u00fcnde g\u00f6rev yapt\u0131. Soner G\u00fcnd\u00fcz\u00f6z halen Ankara \u00dcniversitesi \u0130lahiyat Fak\u00fcltesi\u2019ndeki g\u00f6revine devam etmektedir.<\/p>\n<p style=\"text-align: center;\">Klasik D\u00fc\u015f\u00fcnce Okulu&#8217;nda &#8216;Arap Dil Bilimi ve Dil Felsefesi Okumalar\u0131&#8217; dersini okutmu\u015ftur.<\/p>\n<\/div><\/div><\/div><\/div><\/div>\n","protected":false},"excerpt":{"rendered":"","protected":false},"author":1,"featured_media":0,"parent":0,"menu_order":0,"comment_status":"closed","ping_status":"closed","template":"100-width.php","meta":{"footnotes":""},"class_list":["post-4018","page","type-page","status-publish","hentry"],"jetpack_sharing_enabled":true,"_links":{"self":[{"href":"https:\/\/klasikdusunceokulu.com\/index.php\/wp-json\/wp\/v2\/pages\/4018","targetHints":{"allow":["GET"]}}],"collection":[{"href":"https:\/\/klasikdusunceokulu.com\/index.php\/wp-json\/wp\/v2\/pages"}],"about":[{"href":"https:\/\/klasikdusunceokulu.com\/index.php\/wp-json\/wp\/v2\/types\/page"}],"author":[{"embeddable":true,"href":"https:\/\/klasikdusunceokulu.com\/index.php\/wp-json\/wp\/v2\/users\/1"}],"replies":[{"embeddable":true,"href":"https:\/\/klasikdusunceokulu.com\/index.php\/wp-json\/wp\/v2\/comments?post=4018"}],"version-history":[{"count":4,"href":"https:\/\/klasikdusunceokulu.com\/index.php\/wp-json\/wp\/v2\/pages\/4018\/revisions"}],"predecessor-version":[{"id":4153,"href":"https:\/\/klasikdusunceokulu.com\/index.php\/wp-json\/wp\/v2\/pages\/4018\/revisions\/4153"}],"wp:attachment":[{"href":"https:\/\/klasikdusunceokulu.com\/index.php\/wp-json\/wp\/v2\/media?parent=4018"}],"curies":[{"name":"wp","href":"https:\/\/api.w.org\/{rel}","templated":true}]}}