{"id":4057,"date":"2025-03-10T01:44:52","date_gmt":"2025-03-09T22:44:52","guid":{"rendered":"https:\/\/klasikdusunceokulu.com\/?page_id=4057"},"modified":"2025-03-11T02:39:09","modified_gmt":"2025-03-10T23:39:09","slug":"abdullah-kahraman","status":"publish","type":"page","link":"https:\/\/klasikdusunceokulu.com\/index.php\/abdullah-kahraman\/","title":{"rendered":"ABDULLAH KAHRAMAN"},"content":{"rendered":"<div class=\"fusion-fullwidth fullwidth-box fusion-builder-row-1 fusion-flex-container nonhundred-percent-fullwidth non-hundred-percent-height-scrolling\" style=\"--awb-border-radius-top-left:0px;--awb-border-radius-top-right:0px;--awb-border-radius-bottom-right:0px;--awb-border-radius-bottom-left:0px;--awb-flex-wrap:wrap;\" ><div class=\"fusion-builder-row fusion-row fusion-flex-align-items-flex-start fusion-flex-content-wrap\" style=\"max-width:1248px;margin-left: calc(-4% \/ 2 );margin-right: calc(-4% \/ 2 );\"><div class=\"fusion-layout-column fusion_builder_column fusion-builder-column-0 fusion_builder_column_1_1 1_1 fusion-flex-column\" style=\"--awb-bg-size:cover;--awb-width-large:100%;--awb-margin-top-large:0px;--awb-spacing-right-large:1.92%;--awb-margin-bottom-large:0px;--awb-spacing-left-large:1.92%;--awb-width-medium:100%;--awb-spacing-right-medium:1.92%;--awb-spacing-left-medium:1.92%;--awb-width-small:100%;--awb-spacing-right-small:1.92%;--awb-spacing-left-small:1.92%;\"><div class=\"fusion-column-wrapper fusion-flex-justify-content-flex-start fusion-content-layout-column\"><div class=\"fusion-text fusion-text-1\"><p style=\"text-align: center;\"><a href=\"https:\/\/klasikdusunceokulu.com\/index.php\/abdullah-kahraman\/\" target=\"_blank\" rel=\"noopener\"><strong><img fetchpriority=\"high\" decoding=\"async\" class=\"aligncenter size-full wp-image-4056\" src=\"http:\/\/klasikdusunceokulu.com\/wp-content\/uploads\/2025\/03\/Abdullah_Kahraman.jpg\" alt=\"\" width=\"336\" height=\"391\" srcset=\"https:\/\/klasikdusunceokulu.com\/wp-content\/uploads\/2025\/03\/Abdullah_Kahraman-200x233.jpg 200w, https:\/\/klasikdusunceokulu.com\/wp-content\/uploads\/2025\/03\/Abdullah_Kahraman-258x300.jpg 258w, https:\/\/klasikdusunceokulu.com\/wp-content\/uploads\/2025\/03\/Abdullah_Kahraman.jpg 336w\" sizes=\"(max-width: 336px) 100vw, 336px\" \/><\/strong><\/a><\/p>\n<p style=\"text-align: center;\"><span style=\"color: #3b5163;\"><a style=\"color: #3b5163;\" href=\"https:\/\/klasikdusunceokulu.com\/index.php\/abdullah-kahraman\/\" target=\"_blank\" rel=\"noopener\"><strong>ABDULLAH KAHRAMAN<\/strong><\/a><\/span><\/p>\n<p style=\"text-align: center;\"><span style=\"color: #3b5163;\">1964\u2019te Bayburt\u2019ta do\u011fdu. \u0130lkokulu Bayburt\u2019ta tamamlad\u0131. \u00dcsk\u00fcdar \u0130mam-Hatip Lisesi\u2019den ve Marmara \u00dcniversitesi \u0130lahiyat Fak\u00fcltesi\u2019nden mezun oldu. Bir s\u00fcre \u00f6\u011fretmen olarak \u00e7al\u0131\u015ft\u0131. 1994 y\u0131l\u0131nda Cumhuriyet \u00dcniversitesi \u0130lahiyat Fak\u00fcltesi\u2019ne \u0130slam Hukuku Anabilim Dal\u0131na Ara\u015ft\u0131rma G\u00f6revlisi olarak atand\u0131, 1997 y\u0131l\u0131nda Doktor, 1998 y\u200e\u0131l\u0131nda Yrd. Do\u00e7ent, 2003 tarihinde Do\u00e7ent ve 2008\u2019de profes\u00f6rl\u00fc\u011fe atand\u0131. \u00dc\u00e7 y\u0131l (2004-2007) Bak\u00fc Devlet \u00dcniversitesinde Misafir \u00f6\u011fretim \u00fcyesi ve idareci olarak g\u00f6rev yapm\u0131\u015ft\u0131r. Arap\u00e7a ve \u0130ngilizce bilmektedir. Halen Kocaeli \u00dcniversitesi \u0130lahiyat Fak\u00fcltesi dekan\u0131 olarak g\u00f6rev yapmaktad\u0131r.<\/span><\/p>\n<p style=\"text-align: center;\"><span style=\"color: #3b5163;\">Klasik D\u00fc\u015f\u00fcnce Okulu&#8217;nda &#8216;Cessas, el-Fus\u00fbl fi&#8217;l-Us\u00fbl&#8217; dersini okutmu\u015ftur.<\/span><\/p>\n<\/div><\/div><\/div><\/div><\/div>\n","protected":false},"excerpt":{"rendered":"","protected":false},"author":1,"featured_media":0,"parent":0,"menu_order":0,"comment_status":"closed","ping_status":"closed","template":"100-width.php","meta":{"footnotes":""},"class_list":["post-4057","page","type-page","status-publish","hentry"],"jetpack_sharing_enabled":true,"_links":{"self":[{"href":"https:\/\/klasikdusunceokulu.com\/index.php\/wp-json\/wp\/v2\/pages\/4057","targetHints":{"allow":["GET"]}}],"collection":[{"href":"https:\/\/klasikdusunceokulu.com\/index.php\/wp-json\/wp\/v2\/pages"}],"about":[{"href":"https:\/\/klasikdusunceokulu.com\/index.php\/wp-json\/wp\/v2\/types\/page"}],"author":[{"embeddable":true,"href":"https:\/\/klasikdusunceokulu.com\/index.php\/wp-json\/wp\/v2\/users\/1"}],"replies":[{"embeddable":true,"href":"https:\/\/klasikdusunceokulu.com\/index.php\/wp-json\/wp\/v2\/comments?post=4057"}],"version-history":[{"count":8,"href":"https:\/\/klasikdusunceokulu.com\/index.php\/wp-json\/wp\/v2\/pages\/4057\/revisions"}],"predecessor-version":[{"id":4809,"href":"https:\/\/klasikdusunceokulu.com\/index.php\/wp-json\/wp\/v2\/pages\/4057\/revisions\/4809"}],"wp:attachment":[{"href":"https:\/\/klasikdusunceokulu.com\/index.php\/wp-json\/wp\/v2\/media?parent=4057"}],"curies":[{"name":"wp","href":"https:\/\/api.w.org\/{rel}","templated":true}]}}