{"id":4174,"date":"2025-03-10T21:44:15","date_gmt":"2025-03-10T18:44:15","guid":{"rendered":"https:\/\/klasikdusunceokulu.com\/?page_id=4174"},"modified":"2025-03-11T02:40:08","modified_gmt":"2025-03-10T23:40:08","slug":"baha-zafer","status":"publish","type":"page","link":"https:\/\/klasikdusunceokulu.com\/index.php\/baha-zafer\/","title":{"rendered":"BAHA ZAFER"},"content":{"rendered":"<div class=\"fusion-fullwidth fullwidth-box fusion-builder-row-1 fusion-flex-container nonhundred-percent-fullwidth non-hundred-percent-height-scrolling\" style=\"--awb-border-radius-top-left:0px;--awb-border-radius-top-right:0px;--awb-border-radius-bottom-right:0px;--awb-border-radius-bottom-left:0px;--awb-flex-wrap:wrap;\" ><div class=\"fusion-builder-row fusion-row fusion-flex-align-items-flex-start fusion-flex-content-wrap\" style=\"max-width:1248px;margin-left: calc(-4% \/ 2 );margin-right: calc(-4% \/ 2 );\"><div class=\"fusion-layout-column fusion_builder_column fusion-builder-column-0 fusion_builder_column_1_1 1_1 fusion-flex-column\" style=\"--awb-bg-size:cover;--awb-width-large:100%;--awb-margin-top-large:0px;--awb-spacing-right-large:1.92%;--awb-margin-bottom-large:0px;--awb-spacing-left-large:1.92%;--awb-width-medium:100%;--awb-spacing-right-medium:1.92%;--awb-spacing-left-medium:1.92%;--awb-width-small:100%;--awb-spacing-right-small:1.92%;--awb-spacing-left-small:1.92%;\"><div class=\"fusion-column-wrapper fusion-flex-justify-content-flex-start fusion-content-layout-column\"><div class=\"fusion-text fusion-text-1\"><p style=\"text-align: center;\"><strong><br \/><img fetchpriority=\"high\" decoding=\"async\" class=\"aligncenter size-full wp-image-4079\" src=\"http:\/\/klasikdusunceokulu.com\/wp-content\/uploads\/2025\/03\/bahar-zafer3-1.png\" alt=\"\" width=\"465\" height=\"469\" srcset=\"https:\/\/klasikdusunceokulu.com\/wp-content\/uploads\/2025\/03\/bahar-zafer3-1-66x66.png 66w, https:\/\/klasikdusunceokulu.com\/wp-content\/uploads\/2025\/03\/bahar-zafer3-1-150x150.png 150w, https:\/\/klasikdusunceokulu.com\/wp-content\/uploads\/2025\/03\/bahar-zafer3-1-200x202.png 200w, https:\/\/klasikdusunceokulu.com\/wp-content\/uploads\/2025\/03\/bahar-zafer3-1-297x300.png 297w, https:\/\/klasikdusunceokulu.com\/wp-content\/uploads\/2025\/03\/bahar-zafer3-1-400x403.png 400w, https:\/\/klasikdusunceokulu.com\/wp-content\/uploads\/2025\/03\/bahar-zafer3-1.png 465w\" sizes=\"(max-width: 465px) 100vw, 465px\" \/><\/strong><\/p>\n<p style=\"text-align: center;\"><span style=\"color: #3b5163;\"><strong> BAHA ZAFER<\/strong><\/span><\/p>\n<p style=\"text-align: center;\"><span style=\"color: #3b5163;\">Lisans e\u011fitimini \u0130stanbul Teknik \u00dcniversitesi Uzay M\u00fchendisli\u011fi\u2019nde tamamlad\u0131. Daha sonra U\u00e7ak-Uzay M\u00fchendisli\u011fi\/M\u00fchendislikte \u0130leri Teknolojiler Anabilim Dal\u0131\u2019nda y\u00fcksek lisans program\u0131na ba\u015flad\u0131. Ayn\u0131 programda doktora e\u011fitimini tamamlad\u0131. 2003-2011 y\u0131llar\u0131 aras\u0131nda \u0130T\u00dc U\u00e7ak ve Uzay M\u00fchendisli\u011fi Fak\u00fcltesi\u2019nde ara\u015ft\u0131rma g\u00f6revlisi olarak g\u00f6rev ald\u0131. 2012-2018 y\u0131llar\u0131nda \u0130stanbul \u00dcniversitesi M\u00fchendislik Fak\u00fcltesi Makine M\u00fchendisli\u011fi B\u00f6l\u00fcm\u00fc\u2019nde yard\u0131mc\u0131 do\u00e7ent olarak g\u00f6rev yapt\u0131. 2014-2016 y\u0131llar\u0131nda Florida State \u00dcniversitesi Matematik ve Bilgisayar Ara\u015ft\u0131rmalar\u0131 B\u00f6l\u00fcm\u00fc\u2019nde misafir ara\u015ft\u0131rmac\u0131 olarak bulundu. Halen \u0130T\u00dc U\u00e7ak M\u00fchendisli\u011fi\u2019nde do\u00e7enttir. Ak\u0131\u015fkanlar Mekani\u011fi, Hesaplama Ak\u0131\u015fkanlar Dinami\u011fi, Is\u0131 Ge\u00e7i\u015fi ve hava ara\u00e7lar\u0131n\u0131n neden oldu\u011fu g\u00fcr\u00fclt\u00fcn\u00fcn incelenmesi yan\u0131nda bilim tarihi ara\u015ft\u0131rmalar\u0131na devam etmektedir.<\/span><\/p>\n<p style=\"text-align: center;\"><span style=\"font-family: var(--awb-text-font-family); font-size: var(--awb-font-size); font-style: var(--awb-text-font-style); font-weight: var(--awb-text-font-weight); letter-spacing: var(--awb-letter-spacing); text-transform: var(--awb-text-transform); background-color: var(--awb-bg-color-hover); color: #3b5163;\">Klasik D\u00fc\u015f\u00fcnce Okulu&#8217;nda <\/span><span style=\"color: #3b5163;\"><span style=\"font-family: var(--awb-text-font-family); font-size: var(--awb-font-size); font-style: var(--awb-text-font-style); font-weight: var(--awb-text-font-weight); letter-spacing: var(--awb-letter-spacing); text-transform: var(--awb-text-transform); background-color: var(--awb-bg-color-hover);\">&#8216;<\/span><span style=\"text-align: var(--awb-content-alignment); font-family: var(--awb-text-font-family); font-size: var(--awb-font-size); font-style: var(--awb-text-font-style); font-weight: var(--awb-text-font-weight); letter-spacing: var(--awb-letter-spacing); text-transform: var(--awb-text-transform); background-color: var(--awb-bg-color-hover);\">Aristoteles Okumalar\u0131: Fizik&#8217; dersini okutmu\u015ftur.<\/span><\/span><\/p>\n<\/div><\/div><\/div><\/div><\/div>\n","protected":false},"excerpt":{"rendered":"","protected":false},"author":1,"featured_media":0,"parent":0,"menu_order":0,"comment_status":"closed","ping_status":"closed","template":"100-width.php","meta":{"footnotes":""},"class_list":["post-4174","page","type-page","status-publish","hentry"],"jetpack_sharing_enabled":true,"_links":{"self":[{"href":"https:\/\/klasikdusunceokulu.com\/index.php\/wp-json\/wp\/v2\/pages\/4174","targetHints":{"allow":["GET"]}}],"collection":[{"href":"https:\/\/klasikdusunceokulu.com\/index.php\/wp-json\/wp\/v2\/pages"}],"about":[{"href":"https:\/\/klasikdusunceokulu.com\/index.php\/wp-json\/wp\/v2\/types\/page"}],"author":[{"embeddable":true,"href":"https:\/\/klasikdusunceokulu.com\/index.php\/wp-json\/wp\/v2\/users\/1"}],"replies":[{"embeddable":true,"href":"https:\/\/klasikdusunceokulu.com\/index.php\/wp-json\/wp\/v2\/comments?post=4174"}],"version-history":[{"count":4,"href":"https:\/\/klasikdusunceokulu.com\/index.php\/wp-json\/wp\/v2\/pages\/4174\/revisions"}],"predecessor-version":[{"id":4276,"href":"https:\/\/klasikdusunceokulu.com\/index.php\/wp-json\/wp\/v2\/pages\/4174\/revisions\/4276"}],"wp:attachment":[{"href":"https:\/\/klasikdusunceokulu.com\/index.php\/wp-json\/wp\/v2\/media?parent=4174"}],"curies":[{"name":"wp","href":"https:\/\/api.w.org\/{rel}","templated":true}]}}