{"id":4181,"date":"2025-03-11T00:26:13","date_gmt":"2025-03-10T21:26:13","guid":{"rendered":"https:\/\/klasikdusunceokulu.com\/?page_id=4181"},"modified":"2025-03-11T02:52:30","modified_gmt":"2025-03-10T23:52:30","slug":"ekrem-demirli","status":"publish","type":"page","link":"https:\/\/klasikdusunceokulu.com\/index.php\/ekrem-demirli\/","title":{"rendered":"EKREM DEM\u0130RL\u0130"},"content":{"rendered":"<div class=\"fusion-fullwidth fullwidth-box fusion-builder-row-1 fusion-flex-container nonhundred-percent-fullwidth non-hundred-percent-height-scrolling\" style=\"--awb-border-radius-top-left:0px;--awb-border-radius-top-right:0px;--awb-border-radius-bottom-right:0px;--awb-border-radius-bottom-left:0px;--awb-flex-wrap:wrap;\" ><div class=\"fusion-builder-row fusion-row fusion-flex-align-items-flex-start fusion-flex-content-wrap\" style=\"max-width:1248px;margin-left: calc(-4% \/ 2 );margin-right: calc(-4% \/ 2 );\"><div class=\"fusion-layout-column fusion_builder_column fusion-builder-column-0 fusion_builder_column_1_1 1_1 fusion-flex-column\" style=\"--awb-bg-size:cover;--awb-width-large:100%;--awb-margin-top-large:0px;--awb-spacing-right-large:1.92%;--awb-margin-bottom-large:0px;--awb-spacing-left-large:1.92%;--awb-width-medium:100%;--awb-spacing-right-medium:1.92%;--awb-spacing-left-medium:1.92%;--awb-width-small:100%;--awb-spacing-right-small:1.92%;--awb-spacing-left-small:1.92%;\"><div class=\"fusion-column-wrapper fusion-flex-justify-content-flex-start fusion-content-layout-column\"><div class=\"fusion-text fusion-text-1\"><p style=\"text-align: left;\"><span style=\"color: #3b5163;\"><strong><img fetchpriority=\"high\" decoding=\"async\" class=\"aligncenter size-full wp-image-4075\" src=\"http:\/\/klasikdusunceokulu.com\/wp-content\/uploads\/2025\/03\/Ekran-Resmi-2023-03-11-10.45.38.png\" alt=\"\" width=\"348\" height=\"348\" srcset=\"https:\/\/klasikdusunceokulu.com\/wp-content\/uploads\/2025\/03\/Ekran-Resmi-2023-03-11-10.45.38-66x66.png 66w, https:\/\/klasikdusunceokulu.com\/wp-content\/uploads\/2025\/03\/Ekran-Resmi-2023-03-11-10.45.38-150x150.png 150w, https:\/\/klasikdusunceokulu.com\/wp-content\/uploads\/2025\/03\/Ekran-Resmi-2023-03-11-10.45.38-200x200.png 200w, https:\/\/klasikdusunceokulu.com\/wp-content\/uploads\/2025\/03\/Ekran-Resmi-2023-03-11-10.45.38-300x300.png 300w, https:\/\/klasikdusunceokulu.com\/wp-content\/uploads\/2025\/03\/Ekran-Resmi-2023-03-11-10.45.38.png 348w\" sizes=\"(max-width: 348px) 100vw, 348px\" \/><\/strong><\/span><\/p>\n<p style=\"text-align: center;\"><span style=\"color: #3b5163;\"><strong>EKREM DEM\u0130RL\u0130<\/strong><\/span><\/p>\n<p style=\"text-align: center;\"><span style=\"color: #3b5163;\">Rize-\u0130kizdere do\u011fumlu. 1993\u2019te Marmara \u00dcniversitesi \u0130lahiyat Fak\u00fcltesi\u2019nden mezun olduktan sonra 1995\u2019te Abdullah \u0130l\u00e2h\u00ee\u2019nin Ke\u015ff\u00fc\u2019l-V\u00e2rid\u00e2t\u2019\u0131 adl\u0131 teziyle y\u00fcksek lisans\u0131n\u0131; 2003\u2019te de Sadreddin Konev\u00ee\u2019de Marifet ve V\u00fcc\u00fbd ba\u015fl\u0131kl\u0131 \u00e7al\u0131\u015fmas\u0131yla doktoras\u0131n\u0131 tamamlad\u0131. H\u00e2len \u0130stanbul \u00dcniversitesi \u0130lahiyat Fak\u00fcltesi Tasavvuf Anabilim Dal\u0131\u2019nda \u00f6\u011fretim \u00fcyeli\u011fini s\u00fcrd\u00fcren Demirli, \u00e7al\u0131\u015fmalar\u0131n\u0131 a\u011f\u0131rl\u0131kl\u0131 olarak iki alanda s\u00fcrd\u00fcrmektedir: birincisi Konev\u00ee \u015farihleri, ikincisi ise \u0130bn\u00fc\u2019l-Arab\u00ee. Ekrem Demirli\u2019nin Sadreddin Konev\u00ee, Abd\u00fcrrezz\u00e2k K\u00e2\u015f\u00e2n\u00ee, \u0130bn S\u00een\u00e2 ve \u0130bn\u00fc\u2019l-Arab\u00ee\u2019den \u00e7evirileri, hakemli dergilerde yay\u0131nlanm\u0131\u015f makaleleri, ulusal ve uluslararas\u0131 sempozyumlarda sunulmu\u015f tebli\u011fleri bulunmaktad\u0131r.<\/span><\/p>\n<p style=\"letter-spacing: 0.25px; line-height: 15px; font-size: 16px; text-align: center;\" data-fusion-font=\"true\"><span style=\"color: #3b5163;\"><strong>Klasik D\u00fc\u015f\u00fcnce Okulu&#8217;nda okuttu\u011fu dersler;<\/strong><\/span><\/p>\n<p style=\"letter-spacing: 0.25px; line-height: 15px; font-size: 16px; text-align: center;\" data-fusion-font=\"true\"><span style=\"color: #3b5163; font-family: var(--awb-text-font-family); font-style: var(--awb-text-font-style); font-weight: var(--awb-text-font-weight); text-transform: var(--awb-text-transform); background-color: var(--awb-bg-color-hover);\">Haris el-Muhasibi, Mekasib<\/span><\/p>\n<p style=\"letter-spacing: 0.25px; line-height: 15px; font-size: 16px; text-align: center;\" data-fusion-font=\"true\"><span style=\"color: #3b5163;\">H\u00e2ris el-Muh\u00e2sib\u00ee, el-Akl<\/span><\/p>\n<p style=\"letter-spacing: 0.25px; line-height: 15px; font-size: 16px; text-align: center;\" data-fusion-font=\"true\"><span style=\"color: #3b5163;\">H\u00e2ris el-Muh\u00e2sib\u00ee, er-Ri\u00e2ye<\/span><\/p>\n<p style=\"letter-spacing: 0.25px; line-height: 15px; font-size: 16px; text-align: center;\" data-fusion-font=\"true\"><span style=\"color: #3b5163;\">H\u00e2ris el-Muh\u00e2sib\u00ee, el-Fehm\u00fc&#8217;l Kur&#8217;an<\/span><\/p>\n<p style=\"letter-spacing: 0.25px; line-height: 15px; font-size: 16px; text-align: center;\" data-fusion-font=\"true\"><span style=\"color: #3b5163;\">C\u00fcneyd-i Ba\u011fd\u00e2d\u00ee, Res\u00e2il-i C\u00fcneyd<\/span><\/p>\n<p style=\"letter-spacing: 0.25px; line-height: 15px; font-size: 16px; text-align: center;\" data-fusion-font=\"true\"><span style=\"color: #3b5163;\">Hak\u00eem et-Tirmiz\u00ee, Hatm\u00fc\u2019l-evliy\u00e2<\/span><\/p>\n<p style=\"letter-spacing: 0.25px; line-height: 15px; font-size: 16px; text-align: center;\" data-fusion-font=\"true\"><span style=\"color: #3b5163;\">Serrac, L\u00fcma<\/span><\/p>\n<p style=\"letter-spacing: 0.25px; line-height: 15px; font-size: 16px; text-align: center;\" data-fusion-font=\"true\"><span style=\"color: #3b5163;\">Kelabazi, et-ta&#8217;arruf<\/span><\/p>\n<p style=\"letter-spacing: 0.25px; line-height: 15px; font-size: 16px; text-align: center;\" data-fusion-font=\"true\"><span style=\"color: #3b5163;\">Eb\u00fb Tal\u00eep Mekk\u00ee, K\u00fbt\u00fc&#8217;l-kul\u00fbb<\/span><\/p>\n<p style=\"letter-spacing: 0.25px; line-height: 15px; font-size: 16px; text-align: center;\" data-fusion-font=\"true\"><span style=\"color: #3b5163;\">H\u00fccv\u00eer\u00ee, Ke\u015ff\u00fc\u2019l-mahc\u00fbb<\/span><\/p>\n<p style=\"letter-spacing: 0.25px; line-height: 15px; font-size: 16px; text-align: center;\" data-fusion-font=\"true\"><span style=\"color: #3b5163;\">Ku\u015feyri Okumalar\u0131<\/span><\/p>\n<p style=\"letter-spacing: 0.25px; line-height: 15px; font-size: 16px; text-align: center;\" data-fusion-font=\"true\"><span style=\"color: #3b5163;\">Gazz\u00e2l\u00ee, el-Munkiz mine\u2019d-dal\u00e2l<\/span><\/p>\n<p style=\"letter-spacing: 0.25px; line-height: 15px; font-size: 16px; text-align: center;\" data-fusion-font=\"true\"><span style=\"color: #3b5163;\">Gazz\u00e2l\u00ee, Mi\u015fk\u00e2t\u00fc\u2019l-env\u00e2r<\/span><\/p>\n<p style=\"letter-spacing: 0.25px; line-height: 15px; font-size: 16px; text-align: center;\" data-fusion-font=\"true\"><span style=\"color: #3b5163;\">\u0130bn Tufeyl, Hayy bin Yakz\u00e2n<\/span><\/p>\n<p style=\"letter-spacing: 0.25px; line-height: 15px; font-size: 16px; text-align: center;\" data-fusion-font=\"true\"><span style=\"color: #3b5163;\">\u0130bn\u00fc\u2019l-Arab\u00ee, F\u00fct\u00fbh\u00e2t-\u0131 Mekkiyye<\/span><\/p>\n<p style=\"letter-spacing: 0.25px; line-height: 15px; font-size: 16px; text-align: center;\" data-fusion-font=\"true\"><span style=\"color: #3b5163;\">\u0130bn\u00fc\u2019l-Arab\u00ee, Fus\u00fbsu\u2019l-Hikem<\/span><\/p>\n<p style=\"letter-spacing: 0.25px; line-height: 15px; font-size: 16px; text-align: center;\" data-fusion-font=\"true\"><span style=\"color: #3b5163;\">Sadreddin Konev\u00ee, Tasavvuf Metafizi\u011fi Okumalar\u0131<\/span><\/p>\n<p style=\"letter-spacing: 0.25px; line-height: 15px; font-size: 16px; text-align: center;\" data-fusion-font=\"true\"><span style=\"color: #3b5163;\">Sadreddin Konev\u00ee, Mift\u00e2hu\u2019l-gayb<\/span><\/p>\n<p style=\"letter-spacing: 0.25px; line-height: 15px; font-size: 16px; text-align: center;\" data-fusion-font=\"true\"><span style=\"color: #3b5163;\">el-E\u015f&#8217;ar\u00ee, \u0130stihs\u00e2n\u00fc&#8217;l-Havz<\/span><\/p>\n<p style=\"letter-spacing: 0.25px; line-height: 15px; font-size: 16px; text-align: center;\" data-fusion-font=\"true\"><span style=\"color: #3b5163;\">Eb\u00fb Han\u00eefe, el-F\u0131khu\u2019l-ekber<\/span><\/p>\n<p style=\"letter-spacing: 0.25px; line-height: 15px; font-size: 16px; text-align: center;\" data-fusion-font=\"true\"><span style=\"color: #3b5163;\">Konev\u00ee Okumalar\u0131: Fatiha S\u00fbresi Tefsiri<\/span><\/p>\n<p style=\"letter-spacing: 0.25px; line-height: 15px; font-size: 16px; text-align: center;\" data-fusion-font=\"true\"><span style=\"color: #3b5163;\">\u0130slam D\u00fc\u015f\u00fcncesine Giri\u015f<\/span><\/p>\n<p style=\"letter-spacing: 0.25px; line-height: 15px; font-size: 16px; text-align: center;\" data-fusion-font=\"true\"><span style=\"color: #3b5163;\">Metafizik D\u00fc\u015f\u00fcnce: Se\u00e7me Metinler<\/span><\/p>\n<p style=\"letter-spacing: 0.25px; line-height: 15px; font-size: 16px; text-align: center;\" data-fusion-font=\"true\"><span style=\"color: #3b5163;\">Kit\u00e2b\u00fc\u2019t-Tevh\u00eed\/ \u0130mam M\u00e2t\u00fcr\u00eed\u00ee<\/span><\/p>\n<p style=\"letter-spacing: 0.25px; line-height: 15px; font-size: 16px; text-align: center;\" data-fusion-font=\"true\"><span style=\"color: #3b5163;\">\u0130slam Ara\u015ft\u0131rmalar\u0131na Giri\u015f<\/span><\/p>\n<p style=\"letter-spacing: 0.25px; line-height: 15px; font-size: 16px; text-align: center;\" data-fusion-font=\"true\"><span style=\"color: #3b5163;\">Muhasibi ve F\u00e2r\u00e2b\u00ee, Ak\u0131l \u00dczerine Mukayeseli Metinler<\/span><\/p>\n<p style=\"letter-spacing: 0.25px; line-height: 15px; font-size: 16px; text-align: center;\" data-fusion-font=\"true\"><span style=\"color: #3b5163;\">Tasavvuf Metafizi\u011fi<\/span><\/p>\n<p style=\"letter-spacing: 0.25px; line-height: 15px; font-size: 16px; text-align: center;\" data-fusion-font=\"true\"><span style=\"color: #3b5163;\">L\u00fcma&#8217; Okumalar\u0131<\/span><\/p>\n<p style=\"text-align: center;\">&nbsp;<\/p>\n<p style=\"text-align: center;\">&nbsp;<\/p>\n<p style=\"text-align: center;\">&nbsp;<\/p>\n<p style=\"text-align: center;\">&nbsp;<\/p>\n<p style=\"text-align: center;\">&nbsp;<\/p>\n<p style=\"text-align: center;\">&nbsp;<\/p>\n<p style=\"text-align: center;\">&nbsp;<\/p>\n<p style=\"text-align: center;\">&nbsp;<\/p>\n<p style=\"text-align: center;\">&nbsp;<\/p>\n<p style=\"text-align: center;\">&nbsp;<\/p>\n<\/div><\/div><\/div><\/div><\/div>\n","protected":false},"excerpt":{"rendered":"","protected":false},"author":1,"featured_media":0,"parent":0,"menu_order":0,"comment_status":"closed","ping_status":"closed","template":"100-width.php","meta":{"footnotes":""},"class_list":["post-4181","page","type-page","status-publish","hentry"],"jetpack_sharing_enabled":true,"_links":{"self":[{"href":"https:\/\/klasikdusunceokulu.com\/index.php\/wp-json\/wp\/v2\/pages\/4181","targetHints":{"allow":["GET"]}}],"collection":[{"href":"https:\/\/klasikdusunceokulu.com\/index.php\/wp-json\/wp\/v2\/pages"}],"about":[{"href":"https:\/\/klasikdusunceokulu.com\/index.php\/wp-json\/wp\/v2\/types\/page"}],"author":[{"embeddable":true,"href":"https:\/\/klasikdusunceokulu.com\/index.php\/wp-json\/wp\/v2\/users\/1"}],"replies":[{"embeddable":true,"href":"https:\/\/klasikdusunceokulu.com\/index.php\/wp-json\/wp\/v2\/comments?post=4181"}],"version-history":[{"count":3,"href":"https:\/\/klasikdusunceokulu.com\/index.php\/wp-json\/wp\/v2\/pages\/4181\/revisions"}],"predecessor-version":[{"id":4280,"href":"https:\/\/klasikdusunceokulu.com\/index.php\/wp-json\/wp\/v2\/pages\/4181\/revisions\/4280"}],"wp:attachment":[{"href":"https:\/\/klasikdusunceokulu.com\/index.php\/wp-json\/wp\/v2\/media?parent=4181"}],"curies":[{"name":"wp","href":"https:\/\/api.w.org\/{rel}","templated":true}]}}