{"id":4183,"date":"2025-03-11T00:28:53","date_gmt":"2025-03-10T21:28:53","guid":{"rendered":"https:\/\/klasikdusunceokulu.com\/?page_id=4183"},"modified":"2025-03-11T02:53:56","modified_gmt":"2025-03-10T23:53:56","slug":"enes-kabakci","status":"publish","type":"page","link":"https:\/\/klasikdusunceokulu.com\/index.php\/enes-kabakci\/","title":{"rendered":"ENES KABAKCI"},"content":{"rendered":"<div class=\"fusion-fullwidth fullwidth-box fusion-builder-row-1 fusion-flex-container nonhundred-percent-fullwidth non-hundred-percent-height-scrolling\" style=\"--awb-border-radius-top-left:0px;--awb-border-radius-top-right:0px;--awb-border-radius-bottom-right:0px;--awb-border-radius-bottom-left:0px;--awb-flex-wrap:wrap;\" ><div class=\"fusion-builder-row fusion-row fusion-flex-align-items-flex-start fusion-flex-content-wrap\" style=\"max-width:1248px;margin-left: calc(-4% \/ 2 );margin-right: calc(-4% \/ 2 );\"><div class=\"fusion-layout-column fusion_builder_column fusion-builder-column-0 fusion_builder_column_1_1 1_1 fusion-flex-column\" style=\"--awb-bg-size:cover;--awb-width-large:100%;--awb-margin-top-large:0px;--awb-spacing-right-large:1.92%;--awb-margin-bottom-large:0px;--awb-spacing-left-large:1.92%;--awb-width-medium:100%;--awb-spacing-right-medium:1.92%;--awb-spacing-left-medium:1.92%;--awb-width-small:100%;--awb-spacing-right-small:1.92%;--awb-spacing-left-small:1.92%;\"><div class=\"fusion-column-wrapper fusion-flex-justify-content-flex-start fusion-content-layout-column\"><div class=\"fusion-text fusion-text-1\"><p style=\"text-align: center;\"><span style=\"color: #3b5163;\"><strong><img decoding=\"async\" class=\"aligncenter size-full wp-image-4081\" src=\"http:\/\/klasikdusunceokulu.com\/wp-content\/uploads\/2025\/03\/OIP.jpg\" alt=\"\" width=\"200\" height=\"226\"><\/strong><\/span><\/p>\n<p style=\"text-align: center;\"><span style=\"color: #3b5163;\"><strong>ENES KABAKCI<\/strong><\/span><\/p>\n<p style=\"text-align: center;\"><span style=\"color: #3b5163;\">\u0130stanbul-Beyaz\u0131t do\u011fumludur. 1992\u2019de Galatasaray Lisesinden, 1996\u2019da \u0130stanbul \u00dcniversitesi \u0130ktisat Fak\u00fcltesi Uluslararas\u0131 \u0130li\u015fkiler B\u00f6l\u00fcm\u00fcnden mezun oldu. Y\u00fcksek lisans\u0131n\u0131 1999\u2019da L\u2019activit\u00e9 politique d\u2019Alexis de Tocqueville (Alexis de Tocqueville\u2019in Siyasal Faaliyeti) ba\u015fl\u0131kl\u0131 \u00e7al\u0131\u015fmas\u0131yla, doktoras\u0131n\u0131 ise 2007\u2019de Sauver l\u2019Empire. Modernisation, positivisme et formation de la culture politique des Jeunes-Turcs (\u0130mparatorlu\u011fu Kurtarmak. Modernle\u015fme, Pozitivizm ve J\u00f6n T\u00fcrklerin Siyasal K\u00fclt\u00fcr\u00fcn\u00fcn Olu\u015fumu) ba\u015fl\u0131kl\u0131 teziyle Paris I Panth\u00e9on-Sorbonne \u00dcniversitesi Siyaset Bilimi B\u00f6l\u00fcm\u00fcnde tamamlad\u0131. 2009 y\u0131l\u0131ndan bu yana \u0130stanbul \u00dcniversitesi Edebiyat Fak\u00fcltesi Sosyoloji B\u00f6l\u00fcm\u00fcnde \u00f6\u011fretim \u00fcyesi olarak g\u00f6rev yapmaktad\u0131r. \u00c7al\u0131\u015fmalar\u0131 sosyoloji tarihi, tarihsel sosyoloji, siyaset sosyolojisi ve Osmanl\u0131-T\u00fcrk modernle\u015fmesi alanlar\u0131nda yo\u011funla\u015fmaktad\u0131r.<\/span><\/p>\n<p style=\"text-align: center;\"><span style=\"color: #3b5163;\">Klasik D\u00fc\u015f\u00fcnce Okulu&#8217;nda &#8216;<span style=\"font-family: var(--awb-text-font-family); font-size: var(--awb-font-size); font-style: var(--awb-text-font-style); font-weight: var(--awb-text-font-weight); letter-spacing: var(--awb-letter-spacing); text-align: var(--awb-content-alignment); text-transform: var(--awb-text-transform); background-color: var(--awb-bg-color-hover);\">Montesquieu Okumalar\u0131: Kanunlar\u0131n Ruhu \u00dczerine&#8217; dersini okutmu\u015ftur.<\/span><\/span><\/p>\n<\/div><\/div><\/div><\/div><\/div>\n","protected":false},"excerpt":{"rendered":"","protected":false},"author":1,"featured_media":0,"parent":0,"menu_order":0,"comment_status":"closed","ping_status":"closed","template":"100-width.php","meta":{"footnotes":""},"class_list":["post-4183","page","type-page","status-publish","hentry"],"jetpack_sharing_enabled":true,"_links":{"self":[{"href":"https:\/\/klasikdusunceokulu.com\/index.php\/wp-json\/wp\/v2\/pages\/4183","targetHints":{"allow":["GET"]}}],"collection":[{"href":"https:\/\/klasikdusunceokulu.com\/index.php\/wp-json\/wp\/v2\/pages"}],"about":[{"href":"https:\/\/klasikdusunceokulu.com\/index.php\/wp-json\/wp\/v2\/types\/page"}],"author":[{"embeddable":true,"href":"https:\/\/klasikdusunceokulu.com\/index.php\/wp-json\/wp\/v2\/users\/1"}],"replies":[{"embeddable":true,"href":"https:\/\/klasikdusunceokulu.com\/index.php\/wp-json\/wp\/v2\/comments?post=4183"}],"version-history":[{"count":2,"href":"https:\/\/klasikdusunceokulu.com\/index.php\/wp-json\/wp\/v2\/pages\/4183\/revisions"}],"predecessor-version":[{"id":4281,"href":"https:\/\/klasikdusunceokulu.com\/index.php\/wp-json\/wp\/v2\/pages\/4183\/revisions\/4281"}],"wp:attachment":[{"href":"https:\/\/klasikdusunceokulu.com\/index.php\/wp-json\/wp\/v2\/media?parent=4183"}],"curies":[{"name":"wp","href":"https:\/\/api.w.org\/{rel}","templated":true}]}}