{"id":4197,"date":"2025-03-11T00:46:20","date_gmt":"2025-03-10T21:46:20","guid":{"rendered":"https:\/\/klasikdusunceokulu.com\/?page_id=4197"},"modified":"2025-03-11T03:22:16","modified_gmt":"2025-03-11T00:22:16","slug":"halit-ozkan","status":"publish","type":"page","link":"https:\/\/klasikdusunceokulu.com\/index.php\/halit-ozkan\/","title":{"rendered":"HAL\u0130T \u00d6ZKAN"},"content":{"rendered":"<div class=\"fusion-fullwidth fullwidth-box fusion-builder-row-1 fusion-flex-container nonhundred-percent-fullwidth non-hundred-percent-height-scrolling\" style=\"--awb-border-radius-top-left:0px;--awb-border-radius-top-right:0px;--awb-border-radius-bottom-right:0px;--awb-border-radius-bottom-left:0px;--awb-flex-wrap:wrap;\" ><div class=\"fusion-builder-row fusion-row fusion-flex-align-items-flex-start fusion-flex-content-wrap\" style=\"max-width:1248px;margin-left: calc(-4% \/ 2 );margin-right: calc(-4% \/ 2 );\"><div class=\"fusion-layout-column fusion_builder_column fusion-builder-column-0 fusion_builder_column_1_1 1_1 fusion-flex-column\" style=\"--awb-bg-size:cover;--awb-width-large:100%;--awb-margin-top-large:0px;--awb-spacing-right-large:1.92%;--awb-margin-bottom-large:0px;--awb-spacing-left-large:1.92%;--awb-width-medium:100%;--awb-spacing-right-medium:1.92%;--awb-spacing-left-medium:1.92%;--awb-width-small:100%;--awb-spacing-right-small:1.92%;--awb-spacing-left-small:1.92%;\"><div class=\"fusion-column-wrapper fusion-flex-justify-content-flex-start fusion-content-layout-column\"><div class=\"fusion-text fusion-text-1\"><p style=\"text-align: center;\"><span style=\"color: #3b5163;\"><strong><img fetchpriority=\"high\" decoding=\"async\" class=\"aligncenter size-full wp-image-4085\" src=\"http:\/\/klasikdusunceokulu.com\/wp-content\/uploads\/2025\/03\/halit_ozkan_90.jpg\" alt=\"\" width=\"300\" height=\"402\" srcset=\"https:\/\/klasikdusunceokulu.com\/wp-content\/uploads\/2025\/03\/halit_ozkan_90-200x268.jpg 200w, https:\/\/klasikdusunceokulu.com\/wp-content\/uploads\/2025\/03\/halit_ozkan_90-224x300.jpg 224w, https:\/\/klasikdusunceokulu.com\/wp-content\/uploads\/2025\/03\/halit_ozkan_90.jpg 300w\" sizes=\"(max-width: 300px) 100vw, 300px\" \/><\/strong><\/span><\/p>\n<p style=\"text-align: center;\"><span style=\"color: #3b5163;\"><strong>HAL\u0130T \u00d6ZKAN<\/strong><\/span><\/p>\n<p style=\"text-align: center;\"><span style=\"color: #3b5163;\">Halit \u00d6zkan, Marmara \u00dcniversitesi \u0130lahiyat Fak\u00fcltesi\u2019nden mezun oldu (1998). Takr\u00eer\u00ee S\u00fcnnet ve Sah\u00eeh-i Buh\u00e2r\u00ee\u2019deki Takr\u00eerler ba\u015fl\u0131kl\u0131 master tezini (2000) ve Hicr\u00ee \u0130lk \u0130ki As\u0131rda Farkl\u0131 \u015eehirlerde Amel Telakkisi Olu\u015fumunda S\u00fcnnet ve Hadisin Yeri ba\u015fl\u0131kl\u0131 doktora tezini (2006) ayn\u0131 \u00fcniversitede tamamlad\u0131. 2009-2012 aras\u0131nda TDV \u0130slam Ara\u015ft\u0131rmalar\u0131 Merkezi\u2019nde Ara\u015ft\u0131rma Uzman\u0131 olarak \u00e7al\u0131\u015ft\u0131. \u0130stanbul \u015eehir \u00dcniversitesi \u0130slami \u0130limler Fak\u00fcltesi\u2019nde \u00f6\u011fretim \u00fcyesi olarak \u00e7al\u0131\u015ft\u0131. K\u0131rklareli \u00dcniversitesi \u0130lahiyat Fak\u00fcltesi\u2019nde dekanl\u0131k yapt\u0131. Halen Medeniyet \u00dcniversitesi \u0130slami \u0130limler Fak\u00fcltesi \u00f6\u011fretim \u00fcyesidir. Muvatta, Amel-i Ehl-i Medine, hicr\u00ee ikinci as\u0131rda ulem\u00e2\u00fc\u2019l-ems\u00e2r\u0131n amel anlay\u0131\u015flar\u0131, te\u015fekk\u00fcl d\u00f6neminde \u0130slam\u00ee \u0130limler, hadis tarihinde Meml\u00fckler d\u00f6nemi konular\u0131nda \u00e7al\u0131\u015fmalar\u0131n\u0131 s\u00fcrd\u00fcrmektedir.<\/span><\/p>\n<p style=\"text-align: center;\"><span style=\"color: #3b5163;\">Klasik D\u00fc\u015f\u00fcnce Okulu&#8217;nda &#8216;<span style=\"font-family: var(--awb-text-font-family); font-size: var(--awb-font-size); font-style: var(--awb-text-font-style); font-weight: var(--awb-text-font-weight); letter-spacing: var(--awb-letter-spacing); text-align: var(--awb-content-alignment); text-transform: var(--awb-text-transform); background-color: var(--awb-bg-color-hover);\">Muvatta Okumalar\u0131&#8217; dersini okutmu\u015ftur.<\/span><\/span><\/p>\n<\/div><\/div><\/div><\/div><\/div>\n","protected":false},"excerpt":{"rendered":"","protected":false},"author":1,"featured_media":0,"parent":0,"menu_order":0,"comment_status":"closed","ping_status":"closed","template":"100-width.php","meta":{"footnotes":""},"class_list":["post-4197","page","type-page","status-publish","hentry"],"jetpack_sharing_enabled":true,"_links":{"self":[{"href":"https:\/\/klasikdusunceokulu.com\/index.php\/wp-json\/wp\/v2\/pages\/4197","targetHints":{"allow":["GET"]}}],"collection":[{"href":"https:\/\/klasikdusunceokulu.com\/index.php\/wp-json\/wp\/v2\/pages"}],"about":[{"href":"https:\/\/klasikdusunceokulu.com\/index.php\/wp-json\/wp\/v2\/types\/page"}],"author":[{"embeddable":true,"href":"https:\/\/klasikdusunceokulu.com\/index.php\/wp-json\/wp\/v2\/users\/1"}],"replies":[{"embeddable":true,"href":"https:\/\/klasikdusunceokulu.com\/index.php\/wp-json\/wp\/v2\/comments?post=4197"}],"version-history":[{"count":2,"href":"https:\/\/klasikdusunceokulu.com\/index.php\/wp-json\/wp\/v2\/pages\/4197\/revisions"}],"predecessor-version":[{"id":4297,"href":"https:\/\/klasikdusunceokulu.com\/index.php\/wp-json\/wp\/v2\/pages\/4197\/revisions\/4297"}],"wp:attachment":[{"href":"https:\/\/klasikdusunceokulu.com\/index.php\/wp-json\/wp\/v2\/media?parent=4197"}],"curies":[{"name":"wp","href":"https:\/\/api.w.org\/{rel}","templated":true}]}}