{"id":4199,"date":"2025-03-11T00:47:45","date_gmt":"2025-03-10T21:47:45","guid":{"rendered":"https:\/\/klasikdusunceokulu.com\/?page_id=4199"},"modified":"2025-03-11T03:24:02","modified_gmt":"2025-03-11T00:24:02","slug":"harun-kuslu","status":"publish","type":"page","link":"https:\/\/klasikdusunceokulu.com\/index.php\/harun-kuslu\/","title":{"rendered":"HARUN KU\u015eLU"},"content":{"rendered":"<div class=\"fusion-fullwidth fullwidth-box fusion-builder-row-1 fusion-flex-container nonhundred-percent-fullwidth non-hundred-percent-height-scrolling\" style=\"--awb-border-radius-top-left:0px;--awb-border-radius-top-right:0px;--awb-border-radius-bottom-right:0px;--awb-border-radius-bottom-left:0px;--awb-flex-wrap:wrap;\" ><div class=\"fusion-builder-row fusion-row fusion-flex-align-items-flex-start fusion-flex-content-wrap\" style=\"max-width:1248px;margin-left: calc(-4% \/ 2 );margin-right: calc(-4% \/ 2 );\"><div class=\"fusion-layout-column fusion_builder_column fusion-builder-column-0 fusion_builder_column_1_1 1_1 fusion-flex-column\" style=\"--awb-bg-size:cover;--awb-width-large:100%;--awb-margin-top-large:0px;--awb-spacing-right-large:1.92%;--awb-margin-bottom-large:0px;--awb-spacing-left-large:1.92%;--awb-width-medium:100%;--awb-spacing-right-medium:1.92%;--awb-spacing-left-medium:1.92%;--awb-width-small:100%;--awb-spacing-right-small:1.92%;--awb-spacing-left-small:1.92%;\"><div class=\"fusion-column-wrapper fusion-flex-justify-content-flex-start fusion-content-layout-column\"><div class=\"fusion-text fusion-text-1\"><p style=\"text-align: center;\"><strong><img fetchpriority=\"high\" decoding=\"async\" class=\"aligncenter size-full wp-image-4089\" src=\"http:\/\/klasikdusunceokulu.com\/wp-content\/uploads\/2025\/03\/OIP-1-1.jpg\" alt=\"\" width=\"320\" height=\"371\" srcset=\"https:\/\/klasikdusunceokulu.com\/wp-content\/uploads\/2025\/03\/OIP-1-1-200x232.jpg 200w, https:\/\/klasikdusunceokulu.com\/wp-content\/uploads\/2025\/03\/OIP-1-1-259x300.jpg 259w, https:\/\/klasikdusunceokulu.com\/wp-content\/uploads\/2025\/03\/OIP-1-1.jpg 320w\" sizes=\"(max-width: 320px) 100vw, 320px\" \/><\/strong><\/p>\n<p style=\"text-align: center;\"><span style=\"color: #3b5163;\"><strong>HARUN KU\u015eLU<\/strong><\/span><\/p>\n<p style=\"text-align: center;\"><span style=\"color: #3b5163;\">Lise \u00f6\u011frenimini Bal\u0131kesir\u2019de (2001) tamamlayan Ku\u015flu, Marmara \u00dcniversitesi \u0130lahiyat Fak\u00fcltesinde lisans (2005) ve y\u00fcksek lisans\u0131n\u0131 tamamlayarak (2008) ayn\u0131 \u00fcniversitede doktora e\u011fitimine ba\u015flam\u0131\u015ft\u0131r. \u201cNas\u00eerudd\u00een T\u00fbs\u00ee\u2019de \u00d6nermeler Mant\u0131\u011f\u0131\u201d ba\u015fl\u0131kl\u0131 doktora \u00e7al\u0131\u015fmas\u0131n\u0131 2010 y\u0131l\u0131nda ara\u015ft\u0131rma g\u00f6revlisi olarak intisap etti\u011fi Sakarya \u00dcniversitesi\u2019nde nihayete erdiren Ku\u015flu, halen ayn\u0131 \u00fcniversitede \u00e7al\u0131\u015fmalar\u0131n\u0131 s\u00fcrd\u00fcrmektedir. \u201c\u0130slam mant\u0131k tarihi\u201d, \u201cmant\u0131k-\u0130slami ilimler ili\u015fkisi\u201d, \u201c\u0130bn S\u00een\u00e2 sonras\u0131 mant\u0131\u011f\u0131n geli\u015fimi\u201d, \u201cahl\u00e2k\u201d ve \u201cmetafizik\u201d gibi \u0130slam D\u00fc\u015f\u00fcncesinin \u00e7e\u015fitli problemleriyle ilgilenmektedir ve bu alanlarda \u00e7e\u015fitli \u00e7al\u0131\u015fmalar\u0131 bulunmaktad\u0131r.<\/span><\/p>\n<p style=\"text-align: center;\"><span style=\"color: #3b5163;\">Klasik D\u00fc\u015f\u00fcnce Okulu&#8217;nda &#8216;\u0130bn S\u00een\u00e2, el-\u0130\u015f\u00e2r\u00e2t ve\u2019t-tenb\u00eeh\u00e2t&#8217; ve &#8216;K\u00e2tib\u00ee, \u015eemsiyye&#8217; derslerini okutmu\u015ftur.<\/span><\/p>\n<\/div><\/div><\/div><\/div><\/div>\n","protected":false},"excerpt":{"rendered":"","protected":false},"author":1,"featured_media":0,"parent":0,"menu_order":0,"comment_status":"closed","ping_status":"closed","template":"100-width.php","meta":{"footnotes":""},"class_list":["post-4199","page","type-page","status-publish","hentry"],"jetpack_sharing_enabled":true,"_links":{"self":[{"href":"https:\/\/klasikdusunceokulu.com\/index.php\/wp-json\/wp\/v2\/pages\/4199","targetHints":{"allow":["GET"]}}],"collection":[{"href":"https:\/\/klasikdusunceokulu.com\/index.php\/wp-json\/wp\/v2\/pages"}],"about":[{"href":"https:\/\/klasikdusunceokulu.com\/index.php\/wp-json\/wp\/v2\/types\/page"}],"author":[{"embeddable":true,"href":"https:\/\/klasikdusunceokulu.com\/index.php\/wp-json\/wp\/v2\/users\/1"}],"replies":[{"embeddable":true,"href":"https:\/\/klasikdusunceokulu.com\/index.php\/wp-json\/wp\/v2\/comments?post=4199"}],"version-history":[{"count":2,"href":"https:\/\/klasikdusunceokulu.com\/index.php\/wp-json\/wp\/v2\/pages\/4199\/revisions"}],"predecessor-version":[{"id":4298,"href":"https:\/\/klasikdusunceokulu.com\/index.php\/wp-json\/wp\/v2\/pages\/4199\/revisions\/4298"}],"wp:attachment":[{"href":"https:\/\/klasikdusunceokulu.com\/index.php\/wp-json\/wp\/v2\/media?parent=4199"}],"curies":[{"name":"wp","href":"https:\/\/api.w.org\/{rel}","templated":true}]}}