{"id":4207,"date":"2025-03-11T00:58:52","date_gmt":"2025-03-10T21:58:52","guid":{"rendered":"https:\/\/klasikdusunceokulu.com\/?page_id=4207"},"modified":"2025-03-25T17:32:32","modified_gmt":"2025-03-25T14:32:32","slug":"kubra-senel","status":"publish","type":"page","link":"https:\/\/klasikdusunceokulu.com\/index.php\/kubra-senel\/","title":{"rendered":"K\u00dcBRA \u015eENEL"},"content":{"rendered":"<div class=\"fusion-fullwidth fullwidth-box fusion-builder-row-1 fusion-flex-container nonhundred-percent-fullwidth non-hundred-percent-height-scrolling\" style=\"--awb-border-radius-top-left:0px;--awb-border-radius-top-right:0px;--awb-border-radius-bottom-right:0px;--awb-border-radius-bottom-left:0px;--awb-flex-wrap:wrap;\" ><div class=\"fusion-builder-row fusion-row fusion-flex-align-items-flex-start fusion-flex-content-wrap\" style=\"max-width:1248px;margin-left: calc(-4% \/ 2 );margin-right: calc(-4% \/ 2 );\"><div class=\"fusion-layout-column fusion_builder_column fusion-builder-column-0 fusion_builder_column_1_1 1_1 fusion-flex-column\" style=\"--awb-bg-size:cover;--awb-width-large:100%;--awb-margin-top-large:0px;--awb-spacing-right-large:1.92%;--awb-margin-bottom-large:0px;--awb-spacing-left-large:1.92%;--awb-width-medium:100%;--awb-spacing-right-medium:1.92%;--awb-spacing-left-medium:1.92%;--awb-width-small:100%;--awb-spacing-right-small:1.92%;--awb-spacing-left-small:1.92%;\"><div class=\"fusion-column-wrapper fusion-flex-justify-content-flex-start fusion-content-layout-column\"><div class=\"fusion-text fusion-text-1\"><p style=\"text-align: center;\"><span style=\"color: #3b5163;\"><strong><img fetchpriority=\"high\" decoding=\"async\" class=\"aligncenter size-full wp-image-4094\" src=\"http:\/\/klasikdusunceokulu.com\/wp-content\/uploads\/2025\/03\/OIP-4.jpg\" alt=\"\" width=\"314\" height=\"392\" srcset=\"https:\/\/klasikdusunceokulu.com\/wp-content\/uploads\/2025\/03\/OIP-4-200x250.jpg 200w, https:\/\/klasikdusunceokulu.com\/wp-content\/uploads\/2025\/03\/OIP-4-240x300.jpg 240w, https:\/\/klasikdusunceokulu.com\/wp-content\/uploads\/2025\/03\/OIP-4.jpg 314w\" sizes=\"(max-width: 314px) 100vw, 314px\" \/><\/strong><\/span><\/p>\n<p style=\"text-align: center;\"><span style=\"color: #3b5163;\"><strong>K\u00dcBRA \u015eENEL<\/strong><\/span><\/p>\n<p style=\"text-align: center; color: rgb(59, 81, 99);\">&#8221; Marmara \u00dcniversitesi \u0130lahiyat Fak\u00fcltesi&#8217;nden mezun oldu. 2015&#8217;de Marmara \u00dcniversitesi Sosyal Bilimler Enstit\u00fcs\u00fc&#8217;nde \u201cFahreddin Razi&#8217;nin D\u00fc\u015f\u00fcncesinde Eflatuncu \u0130deler\u201d ba\u015fl\u0131kl\u0131 teziyle y\u00fcksek bitkiler\u0131, ayn\u0131 enstit\u00fcde 2023&#8217;te &#8221; \u0130bn S\u00een\u00e2 ve Fahreddin R\u00e2z\u00ee&#8217;nin mahiyet teorileri: \u00d6zc\u00fcl\u00fck kar\u015f\u0131la\u015ft\u0131rmal\u0131 kar\u015f\u0131la\u015ft\u0131rmal\u0131 bir analiz&#8221; ba\u015fl\u0131kl\u0131 teziyle doktoras\u0131n\u0131 tamamlad\u0131.  2018 y\u0131l\u0131ndan bu yana \u0130stanbul 29 May\u0131s \u00dcniversitesi \u0130lahiyat Fak\u00fcltesi&#8217;nde g\u00f6rev yapmaktad\u0131r.&#8221;<\/p>\n<p style=\"text-align: center;\"><span style=\"color: #3b5163;\">Klasik D\u00fc\u015f\u00fcnce Okulu&#8217;nda &#8216;<span style=\"font-family: var(--awb-text-font-family); font-size: var(--awb-font-size); font-style: var(--awb-text-font-style); font-weight: var(--awb-text-font-weight); letter-spacing: var(--awb-letter-spacing); text-align: var(--awb-content-alignment); text-transform: var(--awb-text-transform); background-color: var(--awb-bg-color-hover);\">F\u00e2r\u00e2b\u00ee Okumalar\u0131&#8217; dersini okutmu\u015ftur.<\/span><br \/><\/span><\/p>\n<\/div><\/div><\/div><\/div><\/div>\n","protected":false},"excerpt":{"rendered":"","protected":false},"author":1,"featured_media":0,"parent":0,"menu_order":0,"comment_status":"closed","ping_status":"closed","template":"100-width.php","meta":{"footnotes":""},"class_list":["post-4207","page","type-page","status-publish","hentry"],"jetpack_sharing_enabled":true,"_links":{"self":[{"href":"https:\/\/klasikdusunceokulu.com\/index.php\/wp-json\/wp\/v2\/pages\/4207","targetHints":{"allow":["GET"]}}],"collection":[{"href":"https:\/\/klasikdusunceokulu.com\/index.php\/wp-json\/wp\/v2\/pages"}],"about":[{"href":"https:\/\/klasikdusunceokulu.com\/index.php\/wp-json\/wp\/v2\/types\/page"}],"author":[{"embeddable":true,"href":"https:\/\/klasikdusunceokulu.com\/index.php\/wp-json\/wp\/v2\/users\/1"}],"replies":[{"embeddable":true,"href":"https:\/\/klasikdusunceokulu.com\/index.php\/wp-json\/wp\/v2\/comments?post=4207"}],"version-history":[{"count":3,"href":"https:\/\/klasikdusunceokulu.com\/index.php\/wp-json\/wp\/v2\/pages\/4207\/revisions"}],"predecessor-version":[{"id":4404,"href":"https:\/\/klasikdusunceokulu.com\/index.php\/wp-json\/wp\/v2\/pages\/4207\/revisions\/4404"}],"wp:attachment":[{"href":"https:\/\/klasikdusunceokulu.com\/index.php\/wp-json\/wp\/v2\/media?parent=4207"}],"curies":[{"name":"wp","href":"https:\/\/api.w.org\/{rel}","templated":true}]}}