{"id":4217,"date":"2025-03-11T01:10:10","date_gmt":"2025-03-10T22:10:10","guid":{"rendered":"https:\/\/klasikdusunceokulu.com\/?page_id=4217"},"modified":"2025-03-11T03:46:30","modified_gmt":"2025-03-11T00:46:30","slug":"mehmet-boynukalin","status":"publish","type":"page","link":"https:\/\/klasikdusunceokulu.com\/index.php\/mehmet-boynukalin\/","title":{"rendered":"MEHMET BOYNUKALIN"},"content":{"rendered":"<div class=\"fusion-fullwidth fullwidth-box fusion-builder-row-1 fusion-flex-container nonhundred-percent-fullwidth non-hundred-percent-height-scrolling\" style=\"--awb-border-radius-top-left:0px;--awb-border-radius-top-right:0px;--awb-border-radius-bottom-right:0px;--awb-border-radius-bottom-left:0px;--awb-flex-wrap:wrap;\" ><div class=\"fusion-builder-row fusion-row fusion-flex-align-items-flex-start fusion-flex-content-wrap\" style=\"max-width:1248px;margin-left: calc(-4% \/ 2 );margin-right: calc(-4% \/ 2 );\"><div class=\"fusion-layout-column fusion_builder_column fusion-builder-column-0 fusion_builder_column_1_1 1_1 fusion-flex-column\" style=\"--awb-bg-size:cover;--awb-width-large:100%;--awb-margin-top-large:0px;--awb-spacing-right-large:1.92%;--awb-margin-bottom-large:0px;--awb-spacing-left-large:1.92%;--awb-width-medium:100%;--awb-spacing-right-medium:1.92%;--awb-spacing-left-medium:1.92%;--awb-width-small:100%;--awb-spacing-right-small:1.92%;--awb-spacing-left-small:1.92%;\"><div class=\"fusion-column-wrapper fusion-flex-justify-content-flex-start fusion-content-layout-column\"><div class=\"fusion-text fusion-text-1\"><p style=\"text-align: center;\"><span style=\"color: #3b5163;\"><strong><img decoding=\"async\" class=\"aligncenter size-full wp-image-4099\" src=\"http:\/\/klasikdusunceokulu.com\/wp-content\/uploads\/2025\/03\/mehmet_boynukalin-2.jpg\" alt=\"\" width=\"181\" height=\"222\"><\/strong><\/span><\/p>\n<p style=\"text-align: center;\"><span style=\"color: #3b5163;\"><strong>MEHMET BOYNUKALIN<\/strong><\/span><\/p>\n<p style=\"text-align: center;\"><span style=\"color: #3b5163;\">Akademisyen, \u0130lahiyat\u00e7\u0131, \u0130slam Hukuku Profes\u00f6r\u00fc. Ayasofya Camii Ba\u015f \u0130mam Hatibi, Kurra Haf\u0131z, Ara\u015ft\u0131rmac\u0131 Yazar. 24 Temmuz 2020 g\u00fcn\u00fc k\u0131l\u0131nan Cuma namaz\u0131 ile yeniden ibadete a\u00e7\u0131lan Ayasofya Camiine Diyanet \u0130\u015fleri Ba\u015fkanl\u0131\u011f\u0131nca ba\u015f imam olarak atanan Prof. Dr. Mehmet Boynukal\u0131n, Marmara \u00dcniversitesi \u0130lahiyat Fak\u00fcltesi \u0130slam Hukuku Anabilim Dal\u0131 \u00d6\u011fretim \u00dcyesidir. 1971 y\u0131l\u0131nda \u0130stanbul&#8217;da do\u011fan Boynukal\u0131n, 1992&#8217;de el-Ezher \u00dcniversitesi&#8217;nden mezun oldu. 1995&#8217;te Marmara \u00dcniversitesi Sosyal Bilimler Enstit\u00fcs\u00fc \u0130slam Hukuku Anabilim Dal\u0131&#8217;nda y\u00fcksek lisans tezini tamamlad\u0131. &#8220;F\u0131k\u0131h Usul\u00fcnde Yenilenme \u0130htiyac\u0131 ve Ortaya \u00c7\u0131kard\u0131\u011f\u0131 Tart\u0131\u015fmalar&#8221; ba\u015fl\u0131kl\u0131 teziyle 1999&#8217;da \u0130slam hukuku doktoru oldu. 2000-2001 y\u0131llar\u0131 aras\u0131nda Diyanet \u0130\u015fleri Ba\u015fkanl\u0131\u011f\u0131nca y\u00fcr\u00fct\u00fclen tefsir projesinde uzman olarak \u00e7al\u0131\u015ft\u0131. Bu s\u0131rada \u0130mam Maturidi&#8217;nin me\u015fhur tefsiri &#8220;Te&#8217;vilatu&#8217;l-Kuran&#8221; adl\u0131 eserin ilmi ne\u015fir projesinde yer alan Boynukal\u0131n, 2001-2006 y\u0131llar\u0131 aras\u0131nda \u0130ngiltere&#8217;de bilimsel ara\u015ft\u0131rmalar\u0131n\u0131 s\u00fcrd\u00fcrd\u00fc. Prof. Dr. Boynukal\u0131n, 2006-2011 y\u0131llar\u0131 aras\u0131nda T\u00fcrkiye Diyanet Vakf\u0131 \u0130slam Ara\u015ft\u0131rmalar\u0131 Merkezi\u2019nde (\u0130SAM) \u0130slam hukuku dal\u0131nda ara\u015ft\u0131rma uzman\u0131 ve \u0130slam ansiklopedisi ilim heyeti \u00fcyesi olarak g\u00f6rev yapt\u0131. 2011&#8217;de \u0130slam hukuku do\u00e7enti olan ve 2018&#8217;de de profes\u00f6r unvan\u0131 alan Boynukal\u0131n&#8217;\u0131n, Hanefi Mezhebi&#8217;nin kurucu imamlar\u0131ndan \u0130mam Muhammed e\u015f-\u015eeybani&#8217;ye ait, mezhebin temel eseri el-Asl&#8217;\u0131n ilmi ne\u015frini ger\u00e7ekle\u015ftirmesinin yan\u0131 s\u0131ra telif etti\u011fi \u00e7ok say\u0131da T\u00fcrk\u00e7e ve Arap\u00e7a kitap, makale ve ansiklopedi maddesi bulunuyor. Arap\u00e7a ve \u0130ngilizce bilen Prof. Dr. Mehmet Boynukal\u0131n h\u0131fz\u0131n\u0131 ve k\u0131raat ilmi tahsilini D\u00fclgerzade Camisi \u0130mam Hatibi Merhum Rizeli Kurra Haf\u0131z \u0130brahim G\u00fcndo\u011far Hocaefendi&#8217;de tamamlad\u0131. <\/span><\/p>\n<p style=\"text-align: center;\"><span style=\"color: #3b5163;\">Klasik D\u00fc\u015f\u00fcnce Okulu&#8217;nda &#8216;<span style=\"font-family: var(--awb-text-font-family); font-size: var(--awb-font-size); font-style: var(--awb-text-font-style); font-weight: var(--awb-text-font-weight); letter-spacing: var(--awb-letter-spacing); text-align: var(--awb-content-alignment); text-transform: var(--awb-text-transform); background-color: var(--awb-bg-color-hover);\">Sah\u00eeh-i Buh\u00e2r\u00ee Okumalar\u0131&#8217; dersini okutmu\u015ftur.<\/span><\/span><\/p>\n<\/div><\/div><\/div><\/div><\/div>\n","protected":false},"excerpt":{"rendered":"","protected":false},"author":1,"featured_media":0,"parent":0,"menu_order":0,"comment_status":"closed","ping_status":"closed","template":"100-width.php","meta":{"footnotes":""},"class_list":["post-4217","page","type-page","status-publish","hentry"],"jetpack_sharing_enabled":true,"_links":{"self":[{"href":"https:\/\/klasikdusunceokulu.com\/index.php\/wp-json\/wp\/v2\/pages\/4217","targetHints":{"allow":["GET"]}}],"collection":[{"href":"https:\/\/klasikdusunceokulu.com\/index.php\/wp-json\/wp\/v2\/pages"}],"about":[{"href":"https:\/\/klasikdusunceokulu.com\/index.php\/wp-json\/wp\/v2\/types\/page"}],"author":[{"embeddable":true,"href":"https:\/\/klasikdusunceokulu.com\/index.php\/wp-json\/wp\/v2\/users\/1"}],"replies":[{"embeddable":true,"href":"https:\/\/klasikdusunceokulu.com\/index.php\/wp-json\/wp\/v2\/comments?post=4217"}],"version-history":[{"count":2,"href":"https:\/\/klasikdusunceokulu.com\/index.php\/wp-json\/wp\/v2\/pages\/4217\/revisions"}],"predecessor-version":[{"id":4307,"href":"https:\/\/klasikdusunceokulu.com\/index.php\/wp-json\/wp\/v2\/pages\/4217\/revisions\/4307"}],"wp:attachment":[{"href":"https:\/\/klasikdusunceokulu.com\/index.php\/wp-json\/wp\/v2\/media?parent=4217"}],"curies":[{"name":"wp","href":"https:\/\/api.w.org\/{rel}","templated":true}]}}