{"id":4219,"date":"2025-03-11T01:11:20","date_gmt":"2025-03-10T22:11:20","guid":{"rendered":"https:\/\/klasikdusunceokulu.com\/?page_id=4219"},"modified":"2025-03-11T03:47:29","modified_gmt":"2025-03-11T00:47:29","slug":"mehmet-zahit-tiryaki","status":"publish","type":"page","link":"https:\/\/klasikdusunceokulu.com\/index.php\/mehmet-zahit-tiryaki\/","title":{"rendered":"MEHMET ZAH\u0130T T\u0130RYAK\u0130"},"content":{"rendered":"<div class=\"fusion-fullwidth fullwidth-box fusion-builder-row-1 fusion-flex-container nonhundred-percent-fullwidth non-hundred-percent-height-scrolling\" style=\"--awb-border-radius-top-left:0px;--awb-border-radius-top-right:0px;--awb-border-radius-bottom-right:0px;--awb-border-radius-bottom-left:0px;--awb-flex-wrap:wrap;\" ><div class=\"fusion-builder-row fusion-row fusion-flex-align-items-flex-start fusion-flex-content-wrap\" style=\"max-width:1248px;margin-left: calc(-4% \/ 2 );margin-right: calc(-4% \/ 2 );\"><div class=\"fusion-layout-column fusion_builder_column fusion-builder-column-0 fusion_builder_column_1_1 1_1 fusion-flex-column\" style=\"--awb-bg-size:cover;--awb-width-large:100%;--awb-margin-top-large:0px;--awb-spacing-right-large:1.92%;--awb-margin-bottom-large:0px;--awb-spacing-left-large:1.92%;--awb-width-medium:100%;--awb-spacing-right-medium:1.92%;--awb-spacing-left-medium:1.92%;--awb-width-small:100%;--awb-spacing-right-small:1.92%;--awb-spacing-left-small:1.92%;\"><div class=\"fusion-column-wrapper fusion-flex-justify-content-flex-start fusion-content-layout-column\"><div class=\"fusion-text fusion-text-1\"><p style=\"text-align: center;\"><strong><img fetchpriority=\"high\" decoding=\"async\" class=\"aligncenter size-full wp-image-4101\" src=\"http:\/\/klasikdusunceokulu.com\/wp-content\/uploads\/2025\/03\/zahit_tiryaki.png\" alt=\"\" width=\"250\" height=\"250\" srcset=\"https:\/\/klasikdusunceokulu.com\/wp-content\/uploads\/2025\/03\/zahit_tiryaki-66x66.png 66w, https:\/\/klasikdusunceokulu.com\/wp-content\/uploads\/2025\/03\/zahit_tiryaki-150x150.png 150w, https:\/\/klasikdusunceokulu.com\/wp-content\/uploads\/2025\/03\/zahit_tiryaki-200x200.png 200w, https:\/\/klasikdusunceokulu.com\/wp-content\/uploads\/2025\/03\/zahit_tiryaki.png 250w\" sizes=\"(max-width: 250px) 100vw, 250px\" \/><\/strong><\/p>\n<p style=\"text-align: center;\"><span style=\"color: #3b5163;\"><strong>MEHMET ZAH\u0130T T\u0130RYAK\u0130<\/strong><\/span><\/p>\n<p style=\"text-align: center;\"><span style=\"color: #3b5163;\">Lisans e\u011fitimini 2005\u2019te Marmara \u00dcniversitesi \u0130lahiyat Fak\u00fcltesinde tamamlad\u0131. 2007\u2019de \u201cMehmed Emin \u00dcsk\u00fcd\u00e2r\u00ee\u2019nin \u015eerhu Tehz\u00eebi\u2019l-Mant\u0131k \u0130simli Eserinin Tahlili\u201d ba\u015fl\u0131kl\u0131 teziyle y\u00fcksek lisans\u0131n\u0131, 2015 y\u0131l\u0131nda \u201c\u0130bn Sina Felsefesinde M\u00fctehayyile\/M\u00fcfekkire ve Vehim\u201d ba\u015fl\u0131kl\u0131 \u00e7al\u0131\u015fmas\u0131 ile doktora tezini tamamlad\u0131. Halen \u0130stanbul Medeniyet \u00dcniversitesi Edebiyat Fak\u00fcltesi Felsefe B\u00f6l\u00fcm\u00fc\u2019nde ara\u015ft\u0131rma g\u00f6revlisi olarak \u00e7al\u0131\u015fmaktad\u0131r. \u0130bn Sina felsefesi ile \u0130bn Sina sonras\u0131 \u0130slam d\u00fc\u015f\u00fcncesinin varl\u0131k, bilgi ve ahl\u00e2k \u00f6\u011fretileri temel ilgi alanlar\u0131n\u0131 olu\u015fturmaktad\u0131r.<\/span><\/p>\n<p style=\"text-align: center;\"><span style=\"color: #3b5163;\">Klasik D\u00fc\u015f\u00fcnce Okulu&#8217;nda &#8216;\u0130bn Sina, Kitabu&#8217;n Nefs&#8217; dersini okutmu\u015ftur.<\/span><\/p>\n<\/div><\/div><\/div><\/div><\/div>\n","protected":false},"excerpt":{"rendered":"","protected":false},"author":1,"featured_media":0,"parent":0,"menu_order":0,"comment_status":"closed","ping_status":"closed","template":"100-width.php","meta":{"footnotes":""},"class_list":["post-4219","page","type-page","status-publish","hentry"],"jetpack_sharing_enabled":true,"_links":{"self":[{"href":"https:\/\/klasikdusunceokulu.com\/index.php\/wp-json\/wp\/v2\/pages\/4219","targetHints":{"allow":["GET"]}}],"collection":[{"href":"https:\/\/klasikdusunceokulu.com\/index.php\/wp-json\/wp\/v2\/pages"}],"about":[{"href":"https:\/\/klasikdusunceokulu.com\/index.php\/wp-json\/wp\/v2\/types\/page"}],"author":[{"embeddable":true,"href":"https:\/\/klasikdusunceokulu.com\/index.php\/wp-json\/wp\/v2\/users\/1"}],"replies":[{"embeddable":true,"href":"https:\/\/klasikdusunceokulu.com\/index.php\/wp-json\/wp\/v2\/comments?post=4219"}],"version-history":[{"count":2,"href":"https:\/\/klasikdusunceokulu.com\/index.php\/wp-json\/wp\/v2\/pages\/4219\/revisions"}],"predecessor-version":[{"id":4308,"href":"https:\/\/klasikdusunceokulu.com\/index.php\/wp-json\/wp\/v2\/pages\/4219\/revisions\/4308"}],"wp:attachment":[{"href":"https:\/\/klasikdusunceokulu.com\/index.php\/wp-json\/wp\/v2\/media?parent=4219"}],"curies":[{"name":"wp","href":"https:\/\/api.w.org\/{rel}","templated":true}]}}