{"id":4227,"date":"2025-03-11T01:22:42","date_gmt":"2025-03-10T22:22:42","guid":{"rendered":"https:\/\/klasikdusunceokulu.com\/?page_id=4227"},"modified":"2025-03-11T22:30:45","modified_gmt":"2025-03-11T19:30:45","slug":"murteza-bedir","status":"publish","type":"page","link":"https:\/\/klasikdusunceokulu.com\/index.php\/murteza-bedir\/","title":{"rendered":"M\u00dcRTEZA BED\u0130R"},"content":{"rendered":"<div class=\"fusion-fullwidth fullwidth-box fusion-builder-row-1 fusion-flex-container nonhundred-percent-fullwidth non-hundred-percent-height-scrolling\" style=\"--awb-border-radius-top-left:0px;--awb-border-radius-top-right:0px;--awb-border-radius-bottom-right:0px;--awb-border-radius-bottom-left:0px;--awb-flex-wrap:wrap;\" ><div class=\"fusion-builder-row fusion-row fusion-flex-align-items-flex-start fusion-flex-content-wrap\" style=\"max-width:1248px;margin-left: calc(-4% \/ 2 );margin-right: calc(-4% \/ 2 );\"><div class=\"fusion-layout-column fusion_builder_column fusion-builder-column-0 fusion_builder_column_1_1 1_1 fusion-flex-column\" style=\"--awb-bg-size:cover;--awb-width-large:100%;--awb-margin-top-large:0px;--awb-spacing-right-large:1.92%;--awb-margin-bottom-large:0px;--awb-spacing-left-large:1.92%;--awb-width-medium:100%;--awb-spacing-right-medium:1.92%;--awb-spacing-left-medium:1.92%;--awb-width-small:100%;--awb-spacing-right-small:1.92%;--awb-spacing-left-small:1.92%;\"><div class=\"fusion-column-wrapper fusion-flex-justify-content-flex-start fusion-content-layout-column\"><div class=\"fusion-text fusion-text-1\"><p style=\"text-align: center;\"><strong><span style=\"color: #3b5163;\"><img fetchpriority=\"high\" decoding=\"async\" class=\"aligncenter size-full wp-image-4107\" src=\"http:\/\/klasikdusunceokulu.com\/wp-content\/uploads\/2025\/03\/OIP-9.jpg\" alt=\"\" width=\"474\" height=\"632\" srcset=\"https:\/\/klasikdusunceokulu.com\/wp-content\/uploads\/2025\/03\/OIP-9-200x267.jpg 200w, https:\/\/klasikdusunceokulu.com\/wp-content\/uploads\/2025\/03\/OIP-9-225x300.jpg 225w, https:\/\/klasikdusunceokulu.com\/wp-content\/uploads\/2025\/03\/OIP-9-400x533.jpg 400w, https:\/\/klasikdusunceokulu.com\/wp-content\/uploads\/2025\/03\/OIP-9.jpg 474w\" sizes=\"(max-width: 474px) 100vw, 474px\" \/><\/span><\/strong><\/p>\n<p style=\"text-align: center;\"><strong><span style=\"color: #3b5163;\">M\u00dcRTEZA BED\u0130R<\/span><\/strong><\/p>\n<p style=\"text-align: center;\"><span style=\"color: #3b5163;\">1992 y\u0131l\u0131nda Marmara \u00dcniversitesi \u0130lahiyat Fak\u00fcltesi&#8217;nde lisans e\u011fitimini tamamlad\u0131. 1993 y\u0131l\u0131nda Sakarya \u00dcniversitesi&#8217;nde ara\u015ft\u0131rma g\u00f6revlisi olarak g\u00f6reve ba\u015flad\u0131 ve 1994 y\u0131l\u0131nda ayn\u0131 \u00fcniversite ad\u0131na Y\u00d6K bursuyla lisans\u00fcst\u00fc \u00e7al\u0131\u015fmalar\u0131n\u0131 tamamlamak i\u00e7in \u0130ngiltere&#8217;ye gitti. Londra \u00dcniversitesi, School of Oriental and African Studies (SOAS), Hukuk Fak\u00fcltesi&#8217;nde y\u00fcksek lisans\u0131n\u0131 (LLM, 1996) tamamlad\u0131. Manchester \u00dcniversitesi, Arts and Sciences Fak\u00fcltesi, Ortado\u011fu Ara\u015ft\u0131rmalan B\u00f6l\u00fcm\u00fc&#8217;nde &#8220;Early Development of Hanafi Legal Theory (Usul al-fiqh)\u201d adl\u0131 teziyle doktora derecesini ald\u0131 (Aral\u0131k 1999). 2000 y\u0131l\u0131nda Sakarya \u00dcniversitesi \u0130lahiyat Fak\u00fcltesi&#8217;nde yard\u0131mc\u0131 do\u00e7ent olarak g\u00f6reve ba\u015flad\u0131. 2002-2003 akademik y\u0131l\u0131nda Suriye Milli E\u011fitim Bakanl\u0131\u011f\u0131 bursuyla bu \u00fclkede ara\u015ft\u0131rmalarda bulundu. 2005 y\u0131l\u0131nda \u0130slam Hukuku do\u00e7enti oldu ve 2010 y\u0131l\u0131 sonuna kadar Sakarya \u00dcniversitesi&#8217;nde do\u00e7ent olarak \u00e7al\u0131\u015fmaya devam etti. 2007-2008 akademik y\u0131l\u0131nda Harvard \u00dcniversitesi Hukuk Fak\u00fcltesi&#8217;nde misafir hoca olarak ara\u015ft\u0131rmalarda bulundu. Ocak 2011 y\u0131l\u0131nda halen mensubu oldu\u011fu \u0130stanbul \u00dcniversitesi \u0130lahiyat Fak\u00fcltesinde profes\u00f6r olarak g\u00f6reve ba\u015flad\u0131. Mart 2013&#8217;ten itibaren ayn\u0131 fak\u00fcltede dekanl\u0131k g\u00f6revini s\u00fcrd\u00fcrmektedir. 2015 y\u0131l\u0131nda \u0130slam Konferans\u0131 Te\u015fkilat\u0131&#8217;na ba\u011fl\u0131 Uluslararas\u0131 F\u0131k\u0131h Akademisi T\u00fcrkiye temsilcili\u011fine atanan Bedir, 28.08.2015 tarihinde de D\u0130B Din \u0130\u015fleri Y\u00fcksek Kurulu \u00dcyeli\u011fine se\u00e7ildi. Evli ve d\u00f6rt \u00e7ocuk babas\u0131 olan M\u00fcrteza Bedir Arap\u00e7a ve \u0130ngilizce bilmektedir.<\/span><\/p>\n<p style=\"text-align: center;\"><span style=\"color: #3b5163;\">Klasik D\u00fc\u015f\u00fcnce Okulu&#8217;nda &#8216;<span style=\"font-family: var(--awb-text-font-family); font-size: var(--awb-font-size); font-style: var(--awb-text-font-style); font-weight: var(--awb-text-font-weight); letter-spacing: var(--awb-letter-spacing); text-align: var(--awb-content-alignment); text-transform: var(--awb-text-transform); background-color: var(--awb-bg-color-hover);\">e\u015f-\u015e\u00e2fi\u00ee, er-Ris\u00e2le&#8217; dersini okutmu\u015ftur.<\/span><\/span><\/p>\n<\/div><\/div><\/div><\/div><\/div>\n","protected":false},"excerpt":{"rendered":"","protected":false},"author":1,"featured_media":0,"parent":0,"menu_order":0,"comment_status":"closed","ping_status":"closed","template":"100-width.php","meta":{"footnotes":""},"class_list":["post-4227","page","type-page","status-publish","hentry"],"jetpack_sharing_enabled":true,"_links":{"self":[{"href":"https:\/\/klasikdusunceokulu.com\/index.php\/wp-json\/wp\/v2\/pages\/4227","targetHints":{"allow":["GET"]}}],"collection":[{"href":"https:\/\/klasikdusunceokulu.com\/index.php\/wp-json\/wp\/v2\/pages"}],"about":[{"href":"https:\/\/klasikdusunceokulu.com\/index.php\/wp-json\/wp\/v2\/types\/page"}],"author":[{"embeddable":true,"href":"https:\/\/klasikdusunceokulu.com\/index.php\/wp-json\/wp\/v2\/users\/1"}],"replies":[{"embeddable":true,"href":"https:\/\/klasikdusunceokulu.com\/index.php\/wp-json\/wp\/v2\/comments?post=4227"}],"version-history":[{"count":2,"href":"https:\/\/klasikdusunceokulu.com\/index.php\/wp-json\/wp\/v2\/pages\/4227\/revisions"}],"predecessor-version":[{"id":4314,"href":"https:\/\/klasikdusunceokulu.com\/index.php\/wp-json\/wp\/v2\/pages\/4227\/revisions\/4314"}],"wp:attachment":[{"href":"https:\/\/klasikdusunceokulu.com\/index.php\/wp-json\/wp\/v2\/media?parent=4227"}],"curies":[{"name":"wp","href":"https:\/\/api.w.org\/{rel}","templated":true}]}}