{"id":4237,"date":"2025-03-11T01:29:08","date_gmt":"2025-03-10T22:29:08","guid":{"rendered":"https:\/\/klasikdusunceokulu.com\/?page_id=4237"},"modified":"2025-03-11T22:43:32","modified_gmt":"2025-03-11T19:43:32","slug":"osman-demir","status":"publish","type":"page","link":"https:\/\/klasikdusunceokulu.com\/index.php\/osman-demir\/","title":{"rendered":"OSMAN DEM\u0130R"},"content":{"rendered":"<div class=\"fusion-fullwidth fullwidth-box fusion-builder-row-1 fusion-flex-container nonhundred-percent-fullwidth non-hundred-percent-height-scrolling\" style=\"--awb-border-radius-top-left:0px;--awb-border-radius-top-right:0px;--awb-border-radius-bottom-right:0px;--awb-border-radius-bottom-left:0px;--awb-flex-wrap:wrap;\" ><div class=\"fusion-builder-row fusion-row fusion-flex-align-items-flex-start fusion-flex-content-wrap\" style=\"max-width:1248px;margin-left: calc(-4% \/ 2 );margin-right: calc(-4% \/ 2 );\"><div class=\"fusion-layout-column fusion_builder_column fusion-builder-column-0 fusion_builder_column_1_1 1_1 fusion-flex-column\" style=\"--awb-bg-size:cover;--awb-width-large:100%;--awb-margin-top-large:0px;--awb-spacing-right-large:1.92%;--awb-margin-bottom-large:0px;--awb-spacing-left-large:1.92%;--awb-width-medium:100%;--awb-spacing-right-medium:1.92%;--awb-spacing-left-medium:1.92%;--awb-width-small:100%;--awb-spacing-right-small:1.92%;--awb-spacing-left-small:1.92%;\"><div class=\"fusion-column-wrapper fusion-flex-justify-content-flex-start fusion-content-layout-column\"><div class=\"fusion-text fusion-text-1\"><p style=\"text-align: center;\"><strong><span style=\"color: #3b5163;\"><img fetchpriority=\"high\" decoding=\"async\" class=\"aligncenter wp-image-4114\" src=\"http:\/\/klasikdusunceokulu.com\/wp-content\/uploads\/2025\/03\/th-3.jpg\" alt=\"\" width=\"293\" height=\"293\" srcset=\"https:\/\/klasikdusunceokulu.com\/wp-content\/uploads\/2025\/03\/th-3-66x66.jpg 66w, https:\/\/klasikdusunceokulu.com\/wp-content\/uploads\/2025\/03\/th-3-150x150.jpg 150w, https:\/\/klasikdusunceokulu.com\/wp-content\/uploads\/2025\/03\/th-3.jpg 160w\" sizes=\"(max-width: 293px) 100vw, 293px\" \/><\/span><\/strong><\/p>\n<p style=\"text-align: center;\"><strong><span style=\"color: #3b5163;\">OSMAN DEM\u0130R<\/span><\/strong><\/p>\n<p style=\"text-align: center;\"><span style=\"color: #3b5163;\">1974\u2019te Ordu\u2019da d\u00fcnyaya geldi. 1996 y\u0131l\u0131nda Marmara \u00dcniversitesi \u0130lahiyat Fak\u00fcltesi\u2019nden mezun oldu. Y\u00fcksek Lisans\u0131n\u0131 1999\u2019da \u201cKel\u00e2m \u0130lmi A\u00e7\u0131s\u0131ndan Ric\u00e2l\u00fc\u2019l-gayb\u201d teziyle tamamlad\u0131. Doktoras\u0131n\u0131 2006 y\u0131l\u0131nda \u201c\u0130lk D\u00f6nem Kel\u00e2mc\u0131lar\u0131nda Sebep-Sonu\u00e7 \u0130li\u015fkisi\u201d ad\u0131n\u0131 ta\u015f\u0131yan tez ile bitirdi. 2010 y\u0131l\u0131ndan itibaren \u00c7anakkale Onsekiz Mart \u00dcniversitesi \u0130lahiyat Fak\u00fcltesi Kelam Ana Bilim Dal\u0131\u2019nda \u00f6\u011fretim \u00fcyesi olarak g\u00f6rev yapmaktad\u0131r. Kelam tabiat felsefesi, ilk d\u00f6nem kel\u00e2m\u0131, din-bilim ili\u015fkisi, g\u00fcncel itikadi problemler gibi meseleler etraf\u0131nda kaleme ald\u0131\u011f\u0131; makaleleri, sempozyum bildirileri, terc\u00fcmeleri ve ansiklopedi maddeleri bulunmaktad\u0131r. SUSEM\u2019de \u0130slam \u0130nan\u00e7 Esaslar\u0131 ve \u0130slam \u0130nan\u00e7 Problemleri seminerleri vermektedir.<\/span><\/p>\n<p style=\"text-align: center;\"><span style=\"color: #3b5163;\"><b>Klasik D\u00fc\u015f\u00fcnce Okulu&#8217;nda okuttu\u011fu dersler;<\/b><\/span><\/p>\n<p style=\"text-align: center;\"><span style=\"color: #3b5163;\">el-M\u00e2t\u00fcr\u00eed\u00ee, Kitab\u00fc&#8217;t-Tevhid<\/span><\/p>\n<p style=\"text-align: center;\"><span style=\"color: #3b5163;\">C\u00fcveyni, Kitab\u00fc\u2019l-\u0130r\u015fad<\/span><\/p>\n<p style=\"text-align: center;\"><span style=\"color: #3b5163;\">el-E\u015f\u2018ar\u00ee, el-\u0130b\u00e2ne<\/span><\/p>\n<p style=\"text-align: center;\"><span style=\"color: #3b5163;\">Gazz\u00e2l\u00ee, el-\u0130ktis\u00e2d fi\u2019l-itik\u00e2d<\/span><\/p>\n<p style=\"text-align: center;\"><span style=\"color: #3b5163;\">Hasan el-Basr\u00ee, Ris\u00e2le fi\u2019l-kader<\/span><\/p>\n<p style=\"text-align: center;\"><span style=\"color: #3b5163;\">Eb\u00fb Han\u00eefe, el-F\u0131khu\u2019l-ekber<\/span><\/p>\n<p style=\"text-align: center;\">&nbsp;<\/p>\n<p style=\"text-align: center;\">&nbsp;<\/p>\n<p style=\"text-align: center;\">&nbsp;<\/p>\n<p style=\"text-align: center;\">&nbsp;<\/p>\n<\/div><\/div><\/div><\/div><\/div>\n","protected":false},"excerpt":{"rendered":"","protected":false},"author":1,"featured_media":0,"parent":0,"menu_order":0,"comment_status":"closed","ping_status":"closed","template":"100-width.php","meta":{"footnotes":""},"class_list":["post-4237","page","type-page","status-publish","hentry"],"jetpack_sharing_enabled":true,"_links":{"self":[{"href":"https:\/\/klasikdusunceokulu.com\/index.php\/wp-json\/wp\/v2\/pages\/4237","targetHints":{"allow":["GET"]}}],"collection":[{"href":"https:\/\/klasikdusunceokulu.com\/index.php\/wp-json\/wp\/v2\/pages"}],"about":[{"href":"https:\/\/klasikdusunceokulu.com\/index.php\/wp-json\/wp\/v2\/types\/page"}],"author":[{"embeddable":true,"href":"https:\/\/klasikdusunceokulu.com\/index.php\/wp-json\/wp\/v2\/users\/1"}],"replies":[{"embeddable":true,"href":"https:\/\/klasikdusunceokulu.com\/index.php\/wp-json\/wp\/v2\/comments?post=4237"}],"version-history":[{"count":3,"href":"https:\/\/klasikdusunceokulu.com\/index.php\/wp-json\/wp\/v2\/pages\/4237\/revisions"}],"predecessor-version":[{"id":4319,"href":"https:\/\/klasikdusunceokulu.com\/index.php\/wp-json\/wp\/v2\/pages\/4237\/revisions\/4319"}],"wp:attachment":[{"href":"https:\/\/klasikdusunceokulu.com\/index.php\/wp-json\/wp\/v2\/media?parent=4237"}],"curies":[{"name":"wp","href":"https:\/\/api.w.org\/{rel}","templated":true}]}}