{"id":4603,"date":"2025-04-23T10:29:20","date_gmt":"2025-04-23T07:29:20","guid":{"rendered":"https:\/\/klasikdusunceokulu.com\/?page_id=4603"},"modified":"2025-04-23T10:29:20","modified_gmt":"2025-04-23T07:29:20","slug":"abdullah-kahraman-cessas-el-fusul-fil-usul-3-seminer-ozeti","status":"publish","type":"page","link":"https:\/\/klasikdusunceokulu.com\/index.php\/abdullah-kahraman-cessas-el-fusul-fil-usul-3-seminer-ozeti\/","title":{"rendered":"ABDULLAH KAHRAMAN: CESS\u00c2S, el-FUS\u00dbl F\u0130&#8217;L-US\u00dbL 3. SEM\u0130NER \u00d6ZET\u0130"},"content":{"rendered":"<p><strong>ABDULLAH KAHRAMAN: CESS\u00c2S, el-FUS\u00dbl F\u0130&#8217;L-US\u00dbL 3. SEM\u0130NER \u00d6ZET\u0130<\/strong><\/p>\n<p><strong>Ana Temalar:<\/strong><\/p>\n<ol>\n<li><strong> Tahsis Edilmi\u015f <\/strong><strong><em>\u02bf<\/em><\/strong><strong><em>\u0100m<\/em> Laf\u0131zlar\u0131n\u0131n H\u00fckm\u00fc<\/strong><br \/>\nSeminer, tahsisin ard\u0131ndan genel ifadenin h\u00fckm\u00fcn\u00fcn nas\u0131l etkilendi\u011fini tart\u0131\u015farak ba\u015flar. Cess\u00e2s, genel laf\u0131zlar\u0131n tahsis edilmesinin, sadece tahsis edilen k\u0131s\u0131m i\u00e7in ge\u00e7erli olup kalan\u0131n h\u00fckm\u00fcn\u00fc etkilemedi\u011fini savunur. Bu, \u00f6zellikle \u015f\u00e2fi\u00eeler ile Hanef\u00eeler aras\u0131ndaki g\u00f6r\u00fc\u015f farkl\u0131l\u0131klar\u0131n\u0131 ortaya koyar. Cess\u00e2s, tahsisin sadece lafz\u0131n \u00f6zel anlam\u0131n\u0131 daraltaca\u011f\u0131n\u0131, geri kalan k\u0131sm\u0131n ise h\u00e2l\u00e2 genel oldu\u011funu belirterek tahsisin s\u0131n\u0131rlar\u0131n\u0131 \u00e7izer.<\/li>\n<li><strong> Hitaba Dahil Olan \u0130stisnalar ve Tahsisler<\/strong><br \/>\nCess\u00e2s, istihsan ve tahsis laf\u0131zlar\u0131n\u0131n hitap i\u00e7erisinde nas\u0131l yer ald\u0131\u011f\u0131 ve bu t\u00fcr ifadelerin h\u00fckm\u00ee etkilerinin ne oldu\u011funa dair a\u00e7\u0131klamalar yapar. \u0130stisna ve tahsislerin, hitaba biti\u015fik oldu\u011fu zaman h\u00fck\u00fcmlerin nas\u0131l de\u011fi\u015febilece\u011fini tart\u0131\u015f\u0131r. \u00d6zellikle bir laf\u0131zla ifade edilen h\u00fck\u00fcmlerle ilgili istisnalar\u0131n nas\u0131l bir etki olu\u015fturdu\u011funa dair detaylar verilmi\u015ftir.<\/li>\n<li><strong> Kur\u2019an\u2019a Uygun Olan S\u00fcnnet ve \u0130cm\u00e2\u2019n\u0131n H\u00fckm\u00fc<\/strong><br \/>\nSeminerin bu b\u00f6l\u00fcm\u00fcnde, Kur\u2019an\u2019a uygun olan s\u00fcnnet ve icm\u00e2 h\u00fckm\u00fcn\u00fcn nas\u0131l de\u011ferlendirilmesi gerekti\u011fi ele al\u0131n\u0131r. Cess\u00e2s, s\u00fcnnetle sabit bir h\u00fck\u00fcm ile icm\u00e2\u2019n\u0131n, Kur\u2019an ile uyumlu oldu\u011funda bu h\u00fckm\u00fcn asl\u0131nda Kur\u2019an\u2019dan al\u0131nd\u0131\u011f\u0131na dair kanaat olu\u015ftu\u011funu ifade eder. Bu, \u00f6zellikle helal ve haram kavramlar\u0131n\u0131n nas\u0131l i\u015fledi\u011fini ve baz\u0131 kelimelerin \u00e7oklu anlamlar\u0131n\u0131 nas\u0131l de\u011ferlendirdi\u011fini a\u00e7\u0131klar.<\/li>\n<li><strong> Delil\u00fcl Hitap ve Mahs\u00fbs Bir Zikrin H\u00fckm\u00fc<\/strong><br \/>\nCess\u00e2s, delil\u00fcl hitap kavram\u0131n\u0131 a\u00e7\u0131klarken, \u00f6zellikle mah\u00ads\u00fbs bir zikrin ne anlama geldi\u011fini ve bunun hukuki de\u011ferlendirmelere nas\u0131l yans\u0131d\u0131\u011f\u0131n\u0131 tart\u0131\u015f\u0131r. Bir laf\u0131zda, **\u00f6zellikle belirtilen bir vasf\u0131n h\u00fckm\u00fc ile o vasf\u0131n d\u0131\u015f\u0131ndaki di\u011fer vas\u0131flar\u0131n h\u00fckm\u00fc aras\u0131nda bir ili\u015fki olup olmad\u0131\u011f\u0131n\u0131 sorgular. \u015eaf\u00eelerin \u201cdelalet\u201d anlay\u0131\u015f\u0131n\u0131 ele al\u0131r, Hanef\u00eelerin ise bu t\u00fcr laf\u0131zlar\u0131n belirli bir a\u00e7\u0131klama ve beyan gerektirdi\u011fini savunurlar.<\/li>\n<li><strong> M\u00fccmel Laf\u0131zlar\u0131n H\u00fckm\u00fc<\/strong><br \/>\nSeminerin bu k\u0131sm\u0131nda, m\u00fccmel laf\u0131zlar\u0131n nas\u0131l i\u015flendi\u011fi \u00fczerine tart\u0131\u015fmalar yer al\u0131r. Cess\u00e2s, m\u00fccmel laf\u0131zlar\u0131n kesin anlamlar\u0131n\u0131n ve sistematik olarak i\u015flevselli\u011finin nas\u0131l belirlendi\u011fini anlat\u0131r. Bu konudaki Hanef\u00ee yakla\u015f\u0131m\u0131n\u0131n, \u00f6zellikle belirli ve belirsiz anlamlar\u0131n nas\u0131l sistemle\u015ftirildi\u011fini g\u00f6sterir.<\/li>\n<li><strong> \u0130sl\u00e2m Hukukunda Hel\u00e2l ve Haram Kavramlar\u0131n\u0131n De\u011ferlendirilmesi<\/strong><br \/>\nCess\u00e2s, hel\u00e2l ve haram kavramlar\u0131n\u0131n nas\u0131l fiillerle ili\u015fkilendirildi\u011fini, bu kavramlar\u0131n mecaz de\u011fil, hakikat olarak kabul edilen ifadelerle nas\u0131l h\u00fck\u00fcm ta\u015f\u0131d\u0131\u011f\u0131na dair de\u011ferlendirmelerde bulunur. Ayr\u0131ca, kesinlik ve delil ba\u011flam\u0131nda, hel\u00e2l ve haram fiillerin h\u00fckm\u00fc \u00fczerine yap\u0131lan tart\u0131\u015fmalara yer verir.<\/li>\n<\/ol>\n<p><strong>Sonu\u00e7:<\/strong><br \/>\nBu seminer, tahsisin, istisnalar\u0131n, ve genel laf\u0131zlar\u0131n hukuk\u00ee anlamlar\u0131n\u0131n ne \u015fekilde belirlendi\u011fini kapsaml\u0131 \u015fekilde ele alm\u0131\u015ft\u0131r. Cess\u00e2s\u2019\u0131n yorumlar\u0131, Hanef\u00ee us\u00fbl\u00fcn\u00fcn mant\u0131kl\u0131 bir \u015fekilde nas\u0131l i\u015fledi\u011fini g\u00f6sterirken, \u00f6zellikle kel\u00e2m\u00ee konularda laf\u0131zlar\u0131n a\u00e7\u0131kl\u0131\u011fa kavu\u015fturulmas\u0131 gerekti\u011fi g\u00f6r\u00fc\u015f\u00fcn\u00fc peki\u015ftirir. Bir sonraki derste, m\u00fccmel laf\u0131zlar\u0131n uygulan\u0131\u015f\u0131na ve belirli \u00f6rneklerle nas\u0131l daha ayr\u0131nt\u0131l\u0131 bir inceleme yap\u0131laca\u011f\u0131na odaklan\u0131lacakt\u0131r.<\/p>\n<p><strong>Main Themes:<\/strong><\/p>\n<ol>\n<li><strong> The Legal Status of General Expressions After Specification<\/strong><br \/>\nThe seminar opens with a discussion on how the legal function of a general (<em>\u02bf<\/em><em>\u0101m<\/em>) term is affected once it has been specified (<em>takh\u1e63\u012b\u1e63<\/em>). Cess\u00e2s asserts that specification only restricts the particular portion it addresses, and the remainder of the general term retains its legal effect. This contrasts with Sh\u0101fi\u02bf\u012b approaches, which sometimes view specification as weakening the force of generality more broadly. Cess\u00e2s\u2019s analysis emphasizes the preservation of the remaining general scope after specification.<\/li>\n<li><strong> Specification and Exception Within Scriptural Speech<\/strong><br \/>\nCess\u00e2s further explores how specification and exception interact with divine address (<em>khi<\/em><em>\u1e6d\u0101b<\/em>), especially when such limitations are attached to the same sentence. The juridical impact of attached (<em>muttasil<\/em>) exceptions versus those that are separated (<em>munfa\u1e63il<\/em>) is analyzed. The legal weight of exceptions is seen as dependent on their syntactic and semantic proximity to the ruling being restricted.<\/li>\n<li><strong> The Legal Authority of Sunnah and Consensus in Accordance with the Qur\u2019an<\/strong><br \/>\nCess\u00e2s explains that when a legal ruling is established through the Sunnah or consensus (<em>ijm\u0101<\/em><em>\u02bf<\/em>) and aligns with Qur\u2019anic principles, it is often inferred that such rulings are ultimately Qur\u2019anic in origin. This is especially significant in discussions of hal\u0101l and \u1e25ar\u0101m, where terms with multiple meanings are interpreted through Qur\u2019anic harmony and legal consistency.<\/li>\n<li><strong> <em>Dal\u012bl al-Khi<\/em><\/strong><strong><em>\u1e6d\u0101b<\/em> and Explicit Mention in Texts<\/strong><br \/>\nThe seminar elaborates on the principle of <em>dal\u012bl al-khi<\/em><em>\u1e6d\u0101b<\/em> (argument from silence or implicit meaning) and the status of exclusive mention (<em>ma<\/em><em>\u1e25<\/em><em>\u1e63\u016bs al-dhikr<\/em>). Cess\u00e2s questions whether explicit textual mention of a particular characteristic implies exclusion of other unmentioned cases. The discussion engages with Sh\u0101fi\u02bf\u012b perspectives that rely more heavily on <em>dal\u0101la<\/em> (indication), whereas \u1e24anaf\u012bs demand clearer linguistic or contextual evidence to draw legal distinctions.<\/li>\n<li><strong> The Legal Treatment of Ambiguous (<em>Mujmal<\/em>) Expressions<\/strong><br \/>\nThe seminar continues with a focus on mujmal (ambiguous) expressions, discussing how such terms can be interpreted and clarified. Cess\u00e2s outlines the Hanef\u012b process of resolving ambiguity through rational and textual methods, distinguishing between indeterminate and determinate meanings within legal usage.<\/li>\n<li><strong> The Evaluation of <em>Hal\u0101l<\/em> and <\/strong><strong><em>\u1e24ar\u0101m<\/em> in Legal Reasoning<\/strong><br \/>\nCess\u00e2s examines how actions are classified as <em>hal\u0101l<\/em> or <em>\u1e25ar\u0101m<\/em>, arguing that these terms must be understood literally, not metaphorically, especially when tied to divine legislation. The debate extends to how certainty and textual evidence determine whether a particular action carries legal consequences in terms of permissibility or prohibition.<\/li>\n<\/ol>\n<p><strong>Conclusion:<\/strong><br \/>\nThis seminar provides a comprehensive analysis of how general terms, exceptions, specification, and ambiguous expressions function within Islamic legal theory. Cess\u00e2s\u2019s approach underscores the Hanef\u012b commitment to textual clarity, legal precision, and the rational parsing of divine speech. The session also reinforces the idea that no aspect of divine communication should be interpreted arbitrarily, especially regarding terms like <em>hal\u0101l<\/em> and <em>\u1e25ar\u0101m<\/em>. The next session will delve deeper into <em>mujmal<\/em> expressions through applied examples and theoretical distinctions.<\/p>\n<p>&nbsp;<\/p>\n","protected":false},"excerpt":{"rendered":"<p>ABDULLAH KAHRAMAN: CESS\u00c2S, el-FUS\u00dbl F\u0130&#8217;L-US\u00dbL 3. SEM\u0130NER \u00d6ZET\u0130 Ana Temalar: [&hellip;]<\/p>\n","protected":false},"author":1,"featured_media":0,"parent":0,"menu_order":0,"comment_status":"closed","ping_status":"closed","template":"","meta":{"footnotes":""},"class_list":["post-4603","page","type-page","status-publish","hentry"],"jetpack_sharing_enabled":true,"_links":{"self":[{"href":"https:\/\/klasikdusunceokulu.com\/index.php\/wp-json\/wp\/v2\/pages\/4603","targetHints":{"allow":["GET"]}}],"collection":[{"href":"https:\/\/klasikdusunceokulu.com\/index.php\/wp-json\/wp\/v2\/pages"}],"about":[{"href":"https:\/\/klasikdusunceokulu.com\/index.php\/wp-json\/wp\/v2\/types\/page"}],"author":[{"embeddable":true,"href":"https:\/\/klasikdusunceokulu.com\/index.php\/wp-json\/wp\/v2\/users\/1"}],"replies":[{"embeddable":true,"href":"https:\/\/klasikdusunceokulu.com\/index.php\/wp-json\/wp\/v2\/comments?post=4603"}],"version-history":[{"count":1,"href":"https:\/\/klasikdusunceokulu.com\/index.php\/wp-json\/wp\/v2\/pages\/4603\/revisions"}],"predecessor-version":[{"id":4604,"href":"https:\/\/klasikdusunceokulu.com\/index.php\/wp-json\/wp\/v2\/pages\/4603\/revisions\/4604"}],"wp:attachment":[{"href":"https:\/\/klasikdusunceokulu.com\/index.php\/wp-json\/wp\/v2\/media?parent=4603"}],"curies":[{"name":"wp","href":"https:\/\/api.w.org\/{rel}","templated":true}]}}