{"id":4616,"date":"2025-04-23T10:50:21","date_gmt":"2025-04-23T07:50:21","guid":{"rendered":"https:\/\/klasikdusunceokulu.com\/?page_id=4616"},"modified":"2025-04-24T00:19:35","modified_gmt":"2025-04-23T21:19:35","slug":"oguz-haslakogluplaton-devlet","status":"publish","type":"page","link":"https:\/\/klasikdusunceokulu.com\/index.php\/oguz-haslakogluplaton-devlet\/","title":{"rendered":"O\u011eUZ HA\u015eLAKO\u011eLU:PLATON, DEVLET"},"content":{"rendered":"<p><a href=\"https:\/\/klasikdusunceokulu.com\/index.php\/oguz-haslakogluplaton-devlet-1-seminer-ozeti\/\"><strong>O\u011eUZ HA\u015eLAKO\u011eLU:PLATON, DEVLET 1. SEM\u0130NER \u00d6ZET\u0130<\/strong><\/a><\/p>\n<p><a href=\"https:\/\/klasikdusunceokulu.com\/index.php\/oguz-haslakogluplaton-devlet-2-seminer-ozeti\/\"><strong>O\u011eUZ HA\u015eLAKO\u011eLU:PLATON, DEVLET 2. SEM\u0130NER \u00d6ZET\u0130<\/strong><\/a><\/p>\n<p><a href=\"https:\/\/klasikdusunceokulu.com\/index.php\/oguz-haslakogluplaton-devlet-3-seminer-ozeti\/\"><strong>O\u011eUZ HA\u015eLAKO\u011eLU:PLATON, DEVLET 3. SEM\u0130NER \u00d6ZET\u0130<\/strong><\/a><\/p>\n<p><a href=\"https:\/\/klasikdusunceokulu.com\/index.php\/oguz-haslakogluplaton-devlet-4-seminer-ozeti\/\"><strong>O\u011eUZ HA\u015eLAKO\u011eLU:PLATON, DEVLET 4. SEM\u0130NER \u00d6ZET\u0130<\/strong><\/a><\/p>\n<p><a href=\"https:\/\/klasikdusunceokulu.com\/index.php\/oguz-haslakogluplaton-devlet-5-seminer-ozeti\/\"><strong>O\u011eUZ HA\u015eLAKO\u011eLU:PLATON, DEVLET 5. SEM\u0130NER \u00d6ZET\u0130<\/strong><\/a><\/p>\n<p><a href=\"https:\/\/klasikdusunceokulu.com\/index.php\/oguz-haslakogluplaton-devlet-6-seminer-ozeti\/\"><strong>O\u011eUZ HA\u015eLAKO\u011eLU:PLATON, DEVLET 6. SEM\u0130NER \u00d6ZET\u0130<\/strong><\/a><\/p>\n<p><a href=\"https:\/\/klasikdusunceokulu.com\/index.php\/oguz-haslakogluplaton-devlet-7-seminer-ozeti\/\"><strong>O\u011eUZ HA\u015eLAKO\u011eLU:PLATON, DEVLET 7. SEM\u0130NER \u00d6ZET\u0130<\/strong><\/a><\/p>\n<p><a href=\"https:\/\/klasikdusunceokulu.com\/index.php\/oguz-haslakogluplaton-devlet-8-seminer-ozeti\/\"><strong>O\u011eUZ HA\u015eLAKO\u011eLU:PLATON, DEVLET 8. SEM\u0130NER \u00d6ZET\u0130<\/strong><\/a><\/p>\n<p><a href=\"https:\/\/klasikdusunceokulu.com\/index.php\/oguz-haslakogluplaton-devlet-9-seminer-ozeti\/\"><strong>O\u011eUZ HA\u015eLAKO\u011eLU:PLATON, DEVLET 9. SEM\u0130NER \u00d6ZET\u0130<\/strong><\/a><\/p>\n<p><a href=\"https:\/\/klasikdusunceokulu.com\/index.php\/oguz-haslakogluplaton-devlet-10-seminer-ozeti\/\"><strong>O\u011eUZ HA\u015eLAKO\u011eLU:PLATON, DEVLET 10. SEM\u0130NER \u00d6ZET\u0130<\/strong><\/a><\/p>\n<p><a href=\"https:\/\/klasikdusunceokulu.com\/index.php\/oguz-haslakogluplaton-devlet-11-seminer-ozeti\/\"><strong>O\u011eUZ HA\u015eLAKO\u011eLU:PLATON, DEVLET 11. SEM\u0130NER \u00d6ZET\u0130<\/strong><\/a><\/p>\n<p><a href=\"https:\/\/klasikdusunceokulu.com\/index.php\/oguz-haslakogluplaton-devlet-12-seminer-ozeti\/\"><strong>O\u011eUZ HA\u015eLAKO\u011eLU:PLATON, DEVLET 12. SEM\u0130NER \u00d6ZET\u0130<\/strong><\/a><\/p>\n<p><a href=\"https:\/\/klasikdusunceokulu.com\/index.php\/oguz-haslakogluplaton-devlet-13-seminer-ozeti\/\"><strong>O\u011eUZ HA\u015eLAKO\u011eLU:PLATON, DEVLET 13. SEM\u0130NER \u00d6ZET\u0130<\/strong><\/a><\/p>\n<p><a href=\"https:\/\/klasikdusunceokulu.com\/index.php\/oguz-haslakogluplaton-devlet-14-seminer-ozeti\/\"><strong>O\u011eUZ HA\u015eLAKO\u011eLU:PLATON, DEVLET 14. SEM\u0130NER \u00d6ZET\u0130<\/strong><\/a><\/p>\n<p><a href=\"https:\/\/klasikdusunceokulu.com\/index.php\/oguz-haslakogluplaton-devlet-15-seminer-ozeti\/\"><strong>O\u011eUZ HA\u015eLAKO\u011eLU:PLATON, DEVLET 15. SEM\u0130NER \u00d6ZET\u0130<\/strong><\/a><\/p>\n<p><a href=\"https:\/\/klasikdusunceokulu.com\/index.php\/oguz-haslakogluplaton-devlet-16-seminer-ozeti\/\"><strong>O\u011eUZ HA\u015eLAKO\u011eLU:PLATON, DEVLET 16. SEM\u0130NER \u00d6ZET\u0130<\/strong><\/a><\/p>\n<p><a href=\"https:\/\/klasikdusunceokulu.com\/index.php\/oguz-haslakogluplaton-devlet-17-seminer-ozeti\/\"><strong>O\u011eUZ HA\u015eLAKO\u011eLU:PLATON, DEVLET 17. SEM\u0130NER \u00d6ZET\u0130<\/strong><\/a><\/p>\n<p><a href=\"https:\/\/klasikdusunceokulu.com\/index.php\/oguz-haslakogluplaton-devlet-18-seminer-ozeti\/\"><strong>O\u011eUZ HA\u015eLAKO\u011eLU:PLATON, DEVLET 18. SEM\u0130NER \u00d6ZET\u0130<\/strong><\/a><\/p>\n<p><a href=\"https:\/\/klasikdusunceokulu.com\/index.php\/oguz-haslakogluplaton-devlet-19-seminer-ozeti\/\"><strong>O\u011eUZ HA\u015eLAKO\u011eLU:PLATON, DEVLET 19. SEM\u0130NER \u00d6ZET\u0130<\/strong><\/a><\/p>\n<p><a href=\"https:\/\/klasikdusunceokulu.com\/index.php\/oguz-haslakogluplaton-devlet-20-seminer-ozeti\/\"><strong>O\u011eUZ HA\u015eLAKO\u011eLU:PLATON, DEVLET 20. SEM\u0130NER \u00d6ZET\u0130<\/strong><\/a><\/p>\n<p><a href=\"https:\/\/klasikdusunceokulu.com\/index.php\/oguz-haslakogluplaton-devlet-20-seminer-ozeti\/\"><strong>O\u011eUZ HA\u015eLAKO\u011eLU:PLATON, DEVLET 21. SEM\u0130NER \u00d6ZET\u0130<\/strong><\/a><\/p>\n<p><a href=\"https:\/\/klasikdusunceokulu.com\/index.php\/oguz-haslakogluplaton-devlet-22-seminer-ozeti\/\"><strong>O\u011eUZ HA\u015eLAKO\u011eLU:PLATON, DEVLET 22. SEM\u0130NER \u00d6ZET\u0130<\/strong><\/a><\/p>\n<p><a href=\"https:\/\/klasikdusunceokulu.com\/index.php\/oguz-haslakogluplaton-devlet-23-seminer-ozeti\/\"><strong>O\u011eUZ HA\u015eLAKO\u011eLU:PLATON, DEVLET 23. SEM\u0130NER \u00d6ZET\u0130<\/strong><\/a><\/p>\n<p><a href=\"https:\/\/klasikdusunceokulu.com\/index.php\/oguz-haslakogluplaton-devlet-24-seminer-ozeti\/\"><strong>O\u011eUZ HA\u015eLAKO\u011eLU:PLATON, DEVLET 24. SEM\u0130NER \u00d6ZET\u0130<\/strong><\/a><\/p>\n<p><a href=\"https:\/\/klasikdusunceokulu.com\/index.php\/oguz-haslakogluplaton-devlet-25-seminer-ozeti\/\"><strong>O\u011eUZ HA\u015eLAKO\u011eLU:PLATON, DEVLET 25. SEM\u0130NER \u00d6ZET\u0130<\/strong><\/a><\/p>\n<p><a href=\"https:\/\/klasikdusunceokulu.com\/index.php\/oguz-haslakogluplaton-devlet-26-seminer-ozeti\/\"><strong>O\u011eUZ HA\u015eLAKO\u011eLU:PLATON, DEVLET 26. SEM\u0130NER \u00d6ZET\u0130<\/strong><\/a><\/p>\n<p><a href=\"https:\/\/klasikdusunceokulu.com\/index.php\/oguz-haslakogluplaton-devlet-27-seminer-ozeti\/\"><strong>O\u011eUZ HA\u015eLAKO\u011eLU:PLATON, DEVLET 27. SEM\u0130NER \u00d6ZET\u0130<\/strong><\/a><\/p>\n<p><a href=\"https:\/\/klasikdusunceokulu.com\/index.php\/oguz-haslakogluplaton-devlet-28-seminer-ozeti\/\"><strong>O\u011eUZ HA\u015eLAKO\u011eLU:PLATON, DEVLET 28. SEM\u0130NER \u00d6ZET\u0130<\/strong><\/a><\/p>\n<p><a href=\"https:\/\/klasikdusunceokulu.com\/index.php\/oguz-haslakogluplaton-devlet-29-seminer-ozeti\/\"><strong>O\u011eUZ HA\u015eLAKO\u011eLU:PLATON, DEVLET 29. SEM\u0130NER \u00d6ZET\u0130<\/strong><\/a><\/p>\n<p><a href=\"https:\/\/klasikdusunceokulu.com\/index.php\/oguz-haslakogluplaton-devlet-30-seminer-ozeti\/\"><strong>O\u011eUZ HA\u015eLAKO\u011eLU:PLATON, DEVLET 30. SEM\u0130NER \u00d6ZET\u0130<\/strong><\/a><\/p>\n<p>&nbsp;<\/p>\n","protected":false},"excerpt":{"rendered":"<p>O\u011eUZ HA\u015eLAKO\u011eLU:PLATON, DEVLET 1. SEM\u0130NER \u00d6ZET\u0130 O\u011eUZ HA\u015eLAKO\u011eLU:PLATON, DEVLET 2. [&hellip;]<\/p>\n","protected":false},"author":1,"featured_media":0,"parent":0,"menu_order":0,"comment_status":"closed","ping_status":"closed","template":"","meta":{"footnotes":""},"class_list":["post-4616","page","type-page","status-publish","hentry"],"jetpack_sharing_enabled":true,"_links":{"self":[{"href":"https:\/\/klasikdusunceokulu.com\/index.php\/wp-json\/wp\/v2\/pages\/4616","targetHints":{"allow":["GET"]}}],"collection":[{"href":"https:\/\/klasikdusunceokulu.com\/index.php\/wp-json\/wp\/v2\/pages"}],"about":[{"href":"https:\/\/klasikdusunceokulu.com\/index.php\/wp-json\/wp\/v2\/types\/page"}],"author":[{"embeddable":true,"href":"https:\/\/klasikdusunceokulu.com\/index.php\/wp-json\/wp\/v2\/users\/1"}],"replies":[{"embeddable":true,"href":"https:\/\/klasikdusunceokulu.com\/index.php\/wp-json\/wp\/v2\/comments?post=4616"}],"version-history":[{"count":4,"href":"https:\/\/klasikdusunceokulu.com\/index.php\/wp-json\/wp\/v2\/pages\/4616\/revisions"}],"predecessor-version":[{"id":4808,"href":"https:\/\/klasikdusunceokulu.com\/index.php\/wp-json\/wp\/v2\/pages\/4616\/revisions\/4808"}],"wp:attachment":[{"href":"https:\/\/klasikdusunceokulu.com\/index.php\/wp-json\/wp\/v2\/media?parent=4616"}],"curies":[{"name":"wp","href":"https:\/\/api.w.org\/{rel}","templated":true}]}}