{"id":4640,"date":"2025-04-23T11:22:28","date_gmt":"2025-04-23T08:22:28","guid":{"rendered":"https:\/\/klasikdusunceokulu.com\/?page_id=4640"},"modified":"2025-05-05T13:46:12","modified_gmt":"2025-05-05T10:46:12","slug":"ayhan-citilaristotelesmetafizik","status":"publish","type":"page","link":"https:\/\/klasikdusunceokulu.com\/index.php\/ayhan-citilaristotelesmetafizik\/","title":{"rendered":"AYHAN \u00c7\u0130T\u0130L:AR\u0130STOTELES,METAF\u0130Z\u0130K"},"content":{"rendered":"<p><a href=\"https:\/\/klasikdusunceokulu.com\/index.php\/ayhan-citil-aristoteles-metafizik-okumalari-1-seminer-ozeti\/\"><strong>AYHAN \u00c7\u0130T\u0130L: AR\u0130STOTELES, METAF\u0130Z\u0130K OKUMALARI 1. SEM\u0130NER \u00d6ZET\u0130<\/strong><\/a><\/p>\n<p><a href=\"https:\/\/klasikdusunceokulu.com\/index.php\/ayhan-citil-aristoteles-metafizik-okumalari-2-seminer-ozeti\/\"><strong>AYHAN \u00c7\u0130T\u0130L: AR\u0130STOTELES, METAF\u0130Z\u0130K OKUMALARI 2. SEM\u0130NER \u00d6ZET\u0130<\/strong><\/a><\/p>\n<p><a href=\"https:\/\/klasikdusunceokulu.com\/index.php\/ayhan-citil-aristoteles-metafizik-okumalari-3-seminer-ozeti\/\"><strong>AYHAN \u00c7\u0130T\u0130L: AR\u0130STOTELES, METAF\u0130Z\u0130K OKUMALARI 3. SEM\u0130NER \u00d6ZET\u0130<\/strong><\/a><\/p>\n<p><a href=\"https:\/\/klasikdusunceokulu.com\/index.php\/ayhan-citil-aristoteles-metafizik-okumalari-4-seminer-ozeti\/\"><strong>AYHAN \u00c7\u0130T\u0130L: AR\u0130STOTELES, METAF\u0130Z\u0130K OKUMALARI 4. SEM\u0130NER \u00d6ZET\u0130<\/strong><\/a><\/p>\n<p><a href=\"https:\/\/klasikdusunceokulu.com\/index.php\/ayhan-citil-aristoteles-metafizik-okumalari-5-seminer-ozeti\/\"><strong>AYHAN \u00c7\u0130T\u0130L: AR\u0130STOTELES, METAF\u0130Z\u0130K OKUMALARI 5. SEM\u0130NER \u00d6ZET\u0130<\/strong><\/a><\/p>\n<p><a href=\"https:\/\/klasikdusunceokulu.com\/index.php\/ayhan-citil-aristoteles-metafizik-okumalari-6-seminer-ozeti\/\"><strong>AYHAN \u00c7\u0130T\u0130L: AR\u0130STOTELES, METAF\u0130Z\u0130K OKUMALARI 6. SEM\u0130NER \u00d6ZET\u0130<\/strong><\/a><\/p>\n<p><a href=\"https:\/\/klasikdusunceokulu.com\/index.php\/ayhan-citil-aristoteles-metafizik-okumalari-7-seminer-ozeti\/\"><strong>AYHAN \u00c7\u0130T\u0130L: AR\u0130STOTELES, METAF\u0130Z\u0130K OKUMALARI 7. SEM\u0130NER \u00d6ZET\u0130<\/strong><\/a><\/p>\n<p><a href=\"https:\/\/klasikdusunceokulu.com\/index.php\/ayhan-citil-aristoteles-metafizik-okumalari-8-seminer-ozeti\/\"><strong>AYHAN \u00c7\u0130T\u0130L: AR\u0130STOTELES, METAF\u0130Z\u0130K OKUMALARI 8. SEM\u0130NER \u00d6ZET\u0130<\/strong><\/a><\/p>\n<p><a href=\"https:\/\/klasikdusunceokulu.com\/index.php\/ayhan-citil-aristoteles-metafizik-okumalari-9-seminer-ozeti\/\"><strong>AYHAN \u00c7\u0130T\u0130L: AR\u0130STOTELES, METAF\u0130Z\u0130K OKUMALARI 9. SEM\u0130NER \u00d6ZET\u0130<\/strong><\/a><\/p>\n<p><a href=\"https:\/\/klasikdusunceokulu.com\/index.php\/ayhan-citil-aristoteles-metafizik-okumalari-10-seminer-ozeti\/\"><strong>AYHAN \u00c7\u0130T\u0130L: AR\u0130STOTELES, METAF\u0130Z\u0130K OKUMALARI 10. SEM\u0130NER \u00d6ZET\u0130<\/strong><\/a><\/p>\n<p><a href=\"https:\/\/klasikdusunceokulu.com\/index.php\/ayhan-citil-aristoteles-metafizik-okumalari-11-seminer-ozeti\/\"><strong>AYHAN \u00c7\u0130T\u0130L: AR\u0130STOTELES, METAF\u0130Z\u0130K OKUMALARI 11. SEM\u0130NER \u00d6ZET\u0130<\/strong><\/a><\/p>\n<p><a href=\"https:\/\/klasikdusunceokulu.com\/index.php\/ayhan-citil-aristoteles-metafizik-okumalari-12-seminer-ozeti\/\"><strong>AYHAN \u00c7\u0130T\u0130L: AR\u0130STOTELES, METAF\u0130Z\u0130K OKUMALARI 12. SEM\u0130NER \u00d6ZET\u0130<\/strong><\/a><\/p>\n<p><a href=\"https:\/\/klasikdusunceokulu.com\/index.php\/ayhan-citil-aristoteles-metafizik-okumalari-13-seminer-ozeti\/\"><strong>AYHAN \u00c7\u0130T\u0130L: AR\u0130STOTELES, METAF\u0130Z\u0130K OKUMALARI 13. SEM\u0130NER \u00d6ZET\u0130<\/strong><\/a><\/p>\n<p><a href=\"https:\/\/klasikdusunceokulu.com\/index.php\/ayhan-citil-aristoteles-metafizik-okumalari-14-seminer-ozeti\/\"><strong>AYHAN \u00c7\u0130T\u0130L: AR\u0130STOTELES, METAF\u0130Z\u0130K OKUMALARI 14. SEM\u0130NER \u00d6ZET\u0130<\/strong><\/a><\/p>\n<p><a href=\"https:\/\/klasikdusunceokulu.com\/index.php\/ayhan-citil-aristoteles-metafizik-okumalari-15-seminer-ozeti\/\"><strong>AYHAN \u00c7\u0130T\u0130L: AR\u0130STOTELES, METAF\u0130Z\u0130K OKUMALARI 15. SEM\u0130NER \u00d6ZET\u0130<\/strong><\/a><\/p>\n<p><a href=\"https:\/\/klasikdusunceokulu.com\/index.php\/ayhan-citil-aristoteles-metafizik-okumalari-16-seminer-ozeti\/\"><strong>AYHAN \u00c7\u0130T\u0130L: AR\u0130STOTELES, METAF\u0130Z\u0130K OKUMALARI 16. SEM\u0130NER \u00d6ZET\u0130<\/strong><\/a><\/p>\n<p><a href=\"https:\/\/klasikdusunceokulu.com\/index.php\/ayhan-citil-aristoteles-metafizik-okumalari-17-seminer-ozeti\/\"><strong>AYHAN \u00c7\u0130T\u0130L: AR\u0130STOTELES, METAF\u0130Z\u0130K OKUMALARI 17. SEM\u0130NER \u00d6ZET\u0130<\/strong><\/a><\/p>\n<p><a href=\"https:\/\/klasikdusunceokulu.com\/index.php\/ayhan-citil-aristoteles-metafizik-okumalari-18-seminer-ozeti\/\"><strong>AYHAN \u00c7\u0130T\u0130L: AR\u0130STOTELES, METAF\u0130Z\u0130K OKUMALARI 18. SEM\u0130NER \u00d6ZET\u0130<\/strong><\/a><\/p>\n<p><a href=\"https:\/\/klasikdusunceokulu.com\/index.php\/ayhan-citil-aristoteles-metafizik-okumalari-19-seminer-ozeti\/\"><strong>AYHAN \u00c7\u0130T\u0130L: AR\u0130STOTELES, METAF\u0130Z\u0130K OKUMALARI 19. SEM\u0130NER \u00d6ZET\u0130<\/strong><\/a><\/p>\n<p><a href=\"https:\/\/klasikdusunceokulu.com\/index.php\/ayhan-citil-aristoteles-metafizik-okumalari-20-seminer-ozeti\/\"><strong>AYHAN \u00c7\u0130T\u0130L: AR\u0130STOTELES, METAF\u0130Z\u0130K OKUMALARI 20. SEM\u0130NER \u00d6ZET\u0130<\/strong><\/a><\/p>\n<p><a href=\"https:\/\/klasikdusunceokulu.com\/index.php\/ayhan-citil-aristoteles-metafizik-okumalari-21-seminer-ozeti\/\"><strong>AYHAN \u00c7\u0130T\u0130L: AR\u0130STOTELES, METAF\u0130Z\u0130K OKUMALARI 21. SEM\u0130NER \u00d6ZET\u0130<\/strong><\/a><\/p>\n<p><a href=\"https:\/\/klasikdusunceokulu.com\/index.php\/ayhan-citil-aristoteles-metafizik-okumalari-22-seminer-ozeti\/\"><strong>AYHAN \u00c7\u0130T\u0130L: AR\u0130STOTELES, METAF\u0130Z\u0130K OKUMALARI 22. SEM\u0130NER \u00d6ZET\u0130<\/strong><\/a><\/p>\n<p><a href=\"https:\/\/klasikdusunceokulu.com\/index.php\/ayhan-citil-aristoteles-metafizik-okumalari-23-seminer-ozeti\/\"><strong>AYHAN \u00c7\u0130T\u0130L: AR\u0130STOTELES, METAF\u0130Z\u0130K OKUMALARI 23. SEM\u0130NER \u00d6ZET\u0130<\/strong><\/a><\/p>\n<p><a href=\"https:\/\/klasikdusunceokulu.com\/index.php\/ayhan-citil-aristoteles-metafizik-okumalari-24-seminer-ozeti\/\"><strong>AYHAN \u00c7\u0130T\u0130L: AR\u0130STOTELES, METAF\u0130Z\u0130K OKUMALARI 24. SEM\u0130NER \u00d6ZET\u0130<\/strong><\/a><\/p>\n<p><a href=\"https:\/\/klasikdusunceokulu.com\/index.php\/ayhan-citil-aristoteles-metafizik-okumalari-25-seminer-ozeti\/\"><strong>AYHAN \u00c7\u0130T\u0130L: AR\u0130STOTELES, METAF\u0130Z\u0130K OKUMALARI 25. SEM\u0130NER \u00d6ZET\u0130<\/strong><\/a><\/p>\n<p><a href=\"https:\/\/klasikdusunceokulu.com\/index.php\/ayhan-citil-aristoteles-metafizik-okumalari-26-seminer-ozeti\/\"><strong>AYHAN \u00c7\u0130T\u0130L: AR\u0130STOTELES, METAF\u0130Z\u0130K OKUMALARI 26. SEM\u0130NER \u00d6ZET\u0130<\/strong><\/a><\/p>\n<p><a href=\"https:\/\/klasikdusunceokulu.com\/index.php\/ayhan-citil-aristoteles-metafizik-okumalari-27-seminer-ozeti\/\"><strong>AYHAN \u00c7\u0130T\u0130L: AR\u0130STOTELES, METAF\u0130Z\u0130K OKUMALARI 27. SEM\u0130NER \u00d6ZET\u0130<\/strong><\/a><\/p>\n<p><a href=\"https:\/\/klasikdusunceokulu.com\/index.php\/ayhan-citil-aristoteles-metafizik-okumalari-28-seminer-ozeti\/\"><strong>AYHAN \u00c7\u0130T\u0130L: AR\u0130STOTELES, METAF\u0130Z\u0130K OKUMALARI 28. SEM\u0130NER \u00d6ZET\u0130<\/strong><\/a><\/p>\n<p><a href=\"https:\/\/klasikdusunceokulu.com\/index.php\/ayhan-citil-aristoteles-metafizik-okumalari-29-seminer-ozeti\/\"><strong>AYHAN \u00c7\u0130T\u0130L: AR\u0130STOTELES, METAF\u0130Z\u0130K OKUMALARI 29. SEM\u0130NER \u00d6ZET\u0130<\/strong><\/a><\/p>\n<p><a href=\"https:\/\/klasikdusunceokulu.com\/index.php\/ayhan-citil-aristoteles-metafizik-okumalari-30-seminer-ozeti\/\"><strong>AYHAN \u00c7\u0130T\u0130L: AR\u0130STOTELES, METAF\u0130Z\u0130K OKUMALARI 30. SEM\u0130NER \u00d6ZET\u0130<\/strong><\/a><\/p>\n<p><a href=\"https:\/\/klasikdusunceokulu.com\/index.php\/ayhan-citil-aristoteles-metafizik-okumalari-31-seminer-ozeti\/\"><strong>AYHAN \u00c7\u0130T\u0130L: AR\u0130STOTELES, METAF\u0130Z\u0130K OKUMALARI 31. SEM\u0130NER \u00d6ZET\u0130<\/strong><\/a><\/p>\n<p><a href=\"https:\/\/klasikdusunceokulu.com\/index.php\/ayhan-citil-aristoteles-metafizik-okumalari-32-seminer-ozeti\/\"><strong>AYHAN \u00c7\u0130T\u0130L: AR\u0130STOTELES, METAF\u0130Z\u0130K OKUMALARI 32. SEM\u0130NER \u00d6ZET\u0130<\/strong><\/a><\/p>\n<p><a href=\"https:\/\/klasikdusunceokulu.com\/index.php\/ayhan-citil-aristoteles-metafizik-okumalari-33-seminer-ozeti\/\"><strong>AYHAN \u00c7\u0130T\u0130L: AR\u0130STOTELES, METAF\u0130Z\u0130K OKUMALARI 33. SEM\u0130NER \u00d6ZET\u0130<\/strong><\/a><\/p>\n<p><a href=\"https:\/\/klasikdusunceokulu.com\/index.php\/ayhan-citil-aristoteles-metafizik-okumalari-34-seminer-ozeti\/\"><strong>AYHAN \u00c7\u0130T\u0130L: AR\u0130STOTELES, METAF\u0130Z\u0130K OKUMALARI 34. SEM\u0130NER \u00d6ZET\u0130<\/strong><\/a><\/p>\n<p><a href=\"https:\/\/klasikdusunceokulu.com\/index.php\/ayhan-citil-aristoteles-metafizik-okumalari-35-seminer-ozeti\/\"><strong>AYHAN \u00c7\u0130T\u0130L: AR\u0130STOTELES, METAF\u0130Z\u0130K OKUMALARI 35. SEM\u0130NER \u00d6ZET\u0130<\/strong><\/a><\/p>\n<p><a href=\"https:\/\/klasikdusunceokulu.com\/index.php\/ayhan-citil-aristoteles-metafizik-okumalari-36-seminer-ozeti\/\"><strong>AYHAN \u00c7\u0130T\u0130L: AR\u0130STOTELES, METAF\u0130Z\u0130K OKUMALARI 36. SEM\u0130NER \u00d6ZET\u0130<\/strong><\/a><\/p>\n<p><a href=\"https:\/\/klasikdusunceokulu.com\/index.php\/ayhan-citil-aristoteles-metafizik-okumalari-37-seminer-ozeti\/\"><strong>AYHAN \u00c7\u0130T\u0130L: AR\u0130STOTELES, METAF\u0130Z\u0130K OKUMALARI 37. SEM\u0130NER \u00d6ZET\u0130<\/strong><\/a><\/p>\n<p><a href=\"https:\/\/klasikdusunceokulu.com\/index.php\/ayhan-citil-aristoteles-metafizik-okumalari-38-seminer-ozeti\/\"><strong>AYHAN \u00c7\u0130T\u0130L: AR\u0130STOTELES, METAF\u0130Z\u0130K OKUMALARI 38. SEM\u0130NER \u00d6ZET\u0130<\/strong><\/a><\/p>\n<p><a href=\"https:\/\/klasikdusunceokulu.com\/index.php\/ayhan-citil-aristoteles-metafizik-okumalari-39-seminer-ozeti\/\"><strong>AYHAN \u00c7\u0130T\u0130L: AR\u0130STOTELES, METAF\u0130Z\u0130K OKUMALARI 39. SEM\u0130NER \u00d6ZET\u0130<\/strong><\/a><\/p>\n<p><a href=\"https:\/\/klasikdusunceokulu.com\/index.php\/ayhan-citil-aristoteles-metafizik-okumalari-40-seminer-ozeti\/\"><strong>AYHAN \u00c7\u0130T\u0130L: AR\u0130STOTELES, METAF\u0130Z\u0130K OKUMALARI 40. SEM\u0130NER \u00d6ZET\u0130<\/strong><\/a><\/p>\n<p><a href=\"https:\/\/klasikdusunceokulu.com\/index.php\/ayhan-citil-aristoteles-metafizik-okumalari-41-seminer-ozeti\/\"><strong>AYHAN \u00c7\u0130T\u0130L: AR\u0130STOTELES, METAF\u0130Z\u0130K OKUMALARI 41. SEM\u0130NER \u00d6ZET\u0130<\/strong><\/a><\/p>\n<p><a href=\"https:\/\/klasikdusunceokulu.com\/index.php\/ayhan-citil-aristoteles-metafizik-okumalari-42-seminer-ozeti\/\"><strong>AYHAN \u00c7\u0130T\u0130L: AR\u0130STOTELES, METAF\u0130Z\u0130K OKUMALARI 42. SEM\u0130NER \u00d6ZET\u0130<\/strong><\/a><\/p>\n<p><a href=\"https:\/\/klasikdusunceokulu.com\/index.php\/ayhan-citil-aristoteles-metafizik-okumalari-43-seminer-ozeti\/\"><strong>AYHAN \u00c7\u0130T\u0130L: AR\u0130STOTELES, METAF\u0130Z\u0130K OKUMALARI 43. SEM\u0130NER \u00d6ZET\u0130<\/strong><\/a><\/p>\n<p><a href=\"https:\/\/klasikdusunceokulu.com\/index.php\/ayhan-citil-aristoteles-metafizik-okumalari-44-seminer-ozeti\/\"><strong>AYHAN \u00c7\u0130T\u0130L: AR\u0130STOTELES, METAF\u0130Z\u0130K OKUMALARI 44. SEM\u0130NER \u00d6ZET\u0130<\/strong><\/a><\/p>\n<p><a href=\"https:\/\/klasikdusunceokulu.com\/index.php\/ayhan-citil-aristoteles-metafizik-okumalari-45-seminer-ozeti\/\"><strong>AYHAN \u00c7\u0130T\u0130L: AR\u0130STOTELES, METAF\u0130Z\u0130K OKUMALARI 45. SEM\u0130NER \u00d6ZET\u0130<\/strong><\/a><\/p>\n<p><a href=\"https:\/\/klasikdusunceokulu.com\/index.php\/ayhan-citil-aristoteles-metafizik-okumalari-46-seminer-ozeti\/\"><strong>AYHAN \u00c7\u0130T\u0130L: AR\u0130STOTELES, METAF\u0130Z\u0130K OKUMALARI 46. SEM\u0130NER \u00d6ZET\u0130<\/strong><\/a><\/p>\n<p><a href=\"https:\/\/klasikdusunceokulu.com\/index.php\/ayhan-citil-aristoteles-metafizik-okumalari-47-seminer-ozeti\/\"><strong>AYHAN \u00c7\u0130T\u0130L: AR\u0130STOTELES, METAF\u0130Z\u0130K OKUMALARI 47. SEM\u0130NER \u00d6ZET\u0130<\/strong><\/a><\/p>\n<p><a href=\"https:\/\/klasikdusunceokulu.com\/index.php\/ayhan-citil-aristoteles-metafizik-okumalari-48-seminer-ozeti\/\"><strong>AYHAN \u00c7\u0130T\u0130L: AR\u0130STOTELES, METAF\u0130Z\u0130K OKUMALARI 48. SEM\u0130NER \u00d6ZET\u0130<\/strong><\/a><\/p>\n<p><a href=\"https:\/\/klasikdusunceokulu.com\/index.php\/ayhan-citil-aristoteles-metafizik-okumalari-49-seminer-ozeti\/\"><strong>AYHAN \u00c7\u0130T\u0130L: AR\u0130STOTELES, METAF\u0130Z\u0130K OKUMALARI 49. SEM\u0130NER \u00d6ZET\u0130<\/strong><\/a><\/p>\n<p><a href=\"https:\/\/klasikdusunceokulu.com\/index.php\/ayhan-citil-aristoteles-metafizik-okumalari-50-seminer-ozeti\/\"><strong>AYHAN \u00c7\u0130T\u0130L: AR\u0130STOTELES, METAF\u0130Z\u0130K OKUMALARI 50. SEM\u0130NER \u00d6ZET\u0130<\/strong><\/a><\/p>\n<p><a href=\"https:\/\/klasikdusunceokulu.com\/index.php\/ayhan-citil-aristoteles-metafizik-okumalari-51-seminer-ozeti\/\"><strong>AYHAN \u00c7\u0130T\u0130L: AR\u0130STOTELES, METAF\u0130Z\u0130K OKUMALARI 51. SEM\u0130NER \u00d6ZET\u0130<\/strong><\/a><\/p>\n<p><a href=\"https:\/\/klasikdusunceokulu.com\/index.php\/ayhan-citil-aristoteles-metafizik-okumalari-52-seminer-ozeti\/\"><strong>AYHAN \u00c7\u0130T\u0130L: AR\u0130STOTELES, METAF\u0130Z\u0130K OKUMALARI 52. SEM\u0130NER \u00d6ZET\u0130<\/strong><\/a><\/p>\n<p><a href=\"https:\/\/klasikdusunceokulu.com\/index.php\/ayhan-citil-aristoteles-metafizik-okumalari-53-seminer-ozeti\/\"><strong>AYHAN \u00c7\u0130T\u0130L: AR\u0130STOTELES, METAF\u0130Z\u0130K OKUMALARI 53. SEM\u0130NER \u00d6ZET\u0130<\/strong><\/a><\/p>\n<p><a href=\"https:\/\/klasikdusunceokulu.com\/index.php\/ayhan-citil-aristoteles-metafizik-okumalari-54-seminer-ozeti\/\"><strong>AYHAN \u00c7\u0130T\u0130L: AR\u0130STOTELES, METAF\u0130Z\u0130K OKUMALARI 54. SEM\u0130NER \u00d6ZET\u0130<\/strong><\/a><\/p>\n<p><a href=\"https:\/\/klasikdusunceokulu.com\/index.php\/ayhan-citil-aristoteles-metafizik-okumalari-55-seminer-ozeti\/\"><strong>AYHAN \u00c7\u0130T\u0130L: AR\u0130STOTELES, METAF\u0130Z\u0130K OKUMALARI 55. SEM\u0130NER \u00d6ZET\u0130<\/strong><\/a><\/p>\n<p><a href=\"https:\/\/klasikdusunceokulu.com\/index.php\/ayhan-citil-aristoteles-metafizik-okumalari-56-seminer-ozeti\/\"><strong>AYHAN \u00c7\u0130T\u0130L: AR\u0130STOTELES, METAF\u0130Z\u0130K OKUMALARI 56. SEM\u0130NER \u00d6ZET\u0130<\/strong><\/a><\/p>\n<p><a href=\"https:\/\/klasikdusunceokulu.com\/index.php\/ayhan-citil-aristoteles-metafizik-okumalari-57-seminer-ozeti\/\"><strong>AYHAN \u00c7\u0130T\u0130L: AR\u0130STOTELES, METAF\u0130Z\u0130K OKUMALARI 57. SEM\u0130NER \u00d6ZET\u0130<\/strong><\/a><\/p>\n<p><a href=\"https:\/\/klasikdusunceokulu.com\/index.php\/ayhan-citil-aristoteles-metafizik-okumalari-58-seminer-ozeti\/\"><strong>AYHAN \u00c7\u0130T\u0130L: AR\u0130STOTELES, METAF\u0130Z\u0130K OKUMALARI 58. SEM\u0130NER \u00d6ZET\u0130<\/strong><\/a><\/p>\n<p><a href=\"https:\/\/klasikdusunceokulu.com\/index.php\/ayhan-citil-aristoteles-metafizik-okumalari-59-seminer-ozeti\/\"><strong>AYHAN \u00c7\u0130T\u0130L: AR\u0130STOTELES, METAF\u0130Z\u0130K OKUMALARI 59. SEM\u0130NER \u00d6ZET\u0130<\/strong><\/a><\/p>\n<p><a href=\"https:\/\/klasikdusunceokulu.com\/index.php\/ayhan-citil-aristoteles-metafizik-okumalari-60-seminer-ozeti\/\"><strong>AYHAN \u00c7\u0130T\u0130L: AR\u0130STOTELES, METAF\u0130Z\u0130K OKUMALARI 60. SEM\u0130NER \u00d6ZET\u0130<\/strong><\/a><\/p>\n<p>&nbsp;<\/p>\n","protected":false},"excerpt":{"rendered":"<p>AYHAN \u00c7\u0130T\u0130L: AR\u0130STOTELES, METAF\u0130Z\u0130K OKUMALARI 1. SEM\u0130NER \u00d6ZET\u0130 AYHAN \u00c7\u0130T\u0130L: [&hellip;]<\/p>\n","protected":false},"author":1,"featured_media":0,"parent":0,"menu_order":0,"comment_status":"closed","ping_status":"closed","template":"","meta":{"footnotes":""},"class_list":["post-4640","page","type-page","status-publish","hentry"],"jetpack_sharing_enabled":true,"_links":{"self":[{"href":"https:\/\/klasikdusunceokulu.com\/index.php\/wp-json\/wp\/v2\/pages\/4640","targetHints":{"allow":["GET"]}}],"collection":[{"href":"https:\/\/klasikdusunceokulu.com\/index.php\/wp-json\/wp\/v2\/pages"}],"about":[{"href":"https:\/\/klasikdusunceokulu.com\/index.php\/wp-json\/wp\/v2\/types\/page"}],"author":[{"embeddable":true,"href":"https:\/\/klasikdusunceokulu.com\/index.php\/wp-json\/wp\/v2\/users\/1"}],"replies":[{"embeddable":true,"href":"https:\/\/klasikdusunceokulu.com\/index.php\/wp-json\/wp\/v2\/comments?post=4640"}],"version-history":[{"count":3,"href":"https:\/\/klasikdusunceokulu.com\/index.php\/wp-json\/wp\/v2\/pages\/4640\/revisions"}],"predecessor-version":[{"id":4934,"href":"https:\/\/klasikdusunceokulu.com\/index.php\/wp-json\/wp\/v2\/pages\/4640\/revisions\/4934"}],"wp:attachment":[{"href":"https:\/\/klasikdusunceokulu.com\/index.php\/wp-json\/wp\/v2\/media?parent=4640"}],"curies":[{"name":"wp","href":"https:\/\/api.w.org\/{rel}","templated":true}]}}