{"id":4646,"date":"2025-04-23T11:25:19","date_gmt":"2025-04-23T08:25:19","guid":{"rendered":"https:\/\/klasikdusunceokulu.com\/?page_id=4646"},"modified":"2025-06-04T12:08:21","modified_gmt":"2025-06-04T09:08:21","slug":"cuneyt-kaya-farabi-el-medinetul-fazila","status":"publish","type":"page","link":"https:\/\/klasikdusunceokulu.com\/index.php\/cuneyt-kaya-farabi-el-medinetul-fazila\/","title":{"rendered":"C\u00dcNEYT KAYA: FAR\u00c2B\u00ce, el-MED\u00ceNET\u00dc\u2019L-F\u00c2ZILA"},"content":{"rendered":"<p><a href=\"https:\/\/klasikdusunceokulu.com\/index.php\/cuneyt-kaya-farabi-el-medinetul-fazila-1-seminer-ozeti\/\"><span style=\"color: #3b5163;\"><strong>C\u00dcNEYT KAYA: FAR\u00c2B\u00ce, el-MED\u00ceNET\u00dc\u2019L-F\u00c2ZILA 1. SEM\u0130NER \u00d6ZET\u0130<\/strong><\/span><\/a><\/p>\n<p><a href=\"https:\/\/klasikdusunceokulu.com\/index.php\/cuneyt-kaya-farabi-el-medinetul-fazila-2-seminer-ozeti\/\"><span style=\"color: #3b5163;\"><strong>C\u00dcNEYT KAYA: FAR\u00c2B\u00ce, el-MED\u00ceNET\u00dc\u2019L-F\u00c2ZILA 2. SEM\u0130NER \u00d6ZET\u0130<\/strong><\/span><\/a><\/p>\n<p><a href=\"https:\/\/klasikdusunceokulu.com\/index.php\/cuneyt-kaya-farabi-el-medinetul-fazila-3-seminer-ozeti\/\"><span style=\"color: #3b5163;\"><strong>C\u00dcNEYT KAYA: FAR\u00c2B\u00ce, el-MED\u00ceNET\u00dc\u2019L-F\u00c2ZILA 3. SEM\u0130NER \u00d6ZET\u0130<\/strong><\/span><\/a><\/p>\n<p><a href=\"https:\/\/klasikdusunceokulu.com\/index.php\/cuneyt-kaya-farabi-el-medinetul-fazila-4-seminer-ozeti\/\"><span style=\"color: #3b5163;\"><strong>C\u00dcNEYT KAYA: FAR\u00c2B\u00ce, el-MED\u00ceNET\u00dc\u2019L-F\u00c2ZILA 4. SEM\u0130NER \u00d6ZET\u0130<\/strong><\/span><\/a><\/p>\n<p><a href=\"https:\/\/klasikdusunceokulu.com\/index.php\/cuneyt-kaya-farabi-el-medinetul-fazila-5-seminer-ozeti\/\"><span style=\"color: #3b5163;\"><strong>C\u00dcNEYT KAYA: FAR\u00c2B\u00ce, el-MED\u00ceNET\u00dc\u2019L-F\u00c2ZILA 5. SEM\u0130NER \u00d6ZET\u0130<\/strong><\/span><\/a><\/p>\n","protected":false},"excerpt":{"rendered":"<p>C\u00dcNEYT KAYA: FAR\u00c2B\u00ce, el-MED\u00ceNET\u00dc\u2019L-F\u00c2ZILA 1. SEM\u0130NER \u00d6ZET\u0130 C\u00dcNEYT KAYA: FAR\u00c2B\u00ce, [&hellip;]<\/p>\n","protected":false},"author":1,"featured_media":0,"parent":0,"menu_order":0,"comment_status":"closed","ping_status":"closed","template":"","meta":{"footnotes":""},"class_list":["post-4646","page","type-page","status-publish","hentry"],"jetpack_sharing_enabled":true,"_links":{"self":[{"href":"https:\/\/klasikdusunceokulu.com\/index.php\/wp-json\/wp\/v2\/pages\/4646","targetHints":{"allow":["GET"]}}],"collection":[{"href":"https:\/\/klasikdusunceokulu.com\/index.php\/wp-json\/wp\/v2\/pages"}],"about":[{"href":"https:\/\/klasikdusunceokulu.com\/index.php\/wp-json\/wp\/v2\/types\/page"}],"author":[{"embeddable":true,"href":"https:\/\/klasikdusunceokulu.com\/index.php\/wp-json\/wp\/v2\/users\/1"}],"replies":[{"embeddable":true,"href":"https:\/\/klasikdusunceokulu.com\/index.php\/wp-json\/wp\/v2\/comments?post=4646"}],"version-history":[{"count":4,"href":"https:\/\/klasikdusunceokulu.com\/index.php\/wp-json\/wp\/v2\/pages\/4646\/revisions"}],"predecessor-version":[{"id":6062,"href":"https:\/\/klasikdusunceokulu.com\/index.php\/wp-json\/wp\/v2\/pages\/4646\/revisions\/6062"}],"wp:attachment":[{"href":"https:\/\/klasikdusunceokulu.com\/index.php\/wp-json\/wp\/v2\/media?parent=4646"}],"curies":[{"name":"wp","href":"https:\/\/api.w.org\/{rel}","templated":true}]}}

CÜNEYT KAYA: FARÂBÎ, el-MEDÎNETÜ’L-FÂZILA

<p><a href="https://klasikdusunceokulu.com/index.php/cuneyt-kaya-farabi-el-medinetul-fazila-1-seminer-ozeti/"><span style="color: #3b5163;"><strong>CÜNEYT KAYA: FARÂBÎ, el-MEDÎNETÜ’L-FÂZILA 1. SEMİNER ÖZETİ</strong></span></a></p>
<p><a href="https://klasikdusunceokulu.com/index.php/cuneyt-kaya-farabi-el-medinetul-fazila-2-seminer-ozeti/"><span style="color: #3b5163;"><strong>CÜNEYT KAYA: FARÂBÎ, el-MEDÎNETÜ’L-FÂZILA 2. SEMİNER ÖZETİ</strong></span></a></p>
<p><a href="https://klasikdusunceokulu.com/index.php/cuneyt-kaya-farabi-el-medinetul-fazila-3-seminer-ozeti/"><span style="color: #3b5163;"><strong>CÜNEYT KAYA: FARÂBÎ, el-MEDÎNETÜ’L-FÂZILA 3. SEMİNER ÖZETİ</strong></span></a></p>
<p><a href="https://klasikdusunceokulu.com/index.php/cuneyt-kaya-farabi-el-medinetul-fazila-4-seminer-ozeti/"><span style="color: #3b5163;"><strong>CÜNEYT KAYA: FARÂBÎ, el-MEDÎNETÜ’L-FÂZILA 4. SEMİNER ÖZETİ</strong></span></a></p>
<p><a href="https://klasikdusunceokulu.com/index.php/cuneyt-kaya-farabi-el-medinetul-fazila-5-seminer-ozeti/"><span style="color: #3b5163;"><strong>CÜNEYT KAYA: FARÂBÎ, el-MEDÎNETÜ’L-FÂZILA 5. SEMİNER ÖZETİ</strong></span></a></p>

<p>CÜNEYT KAYA: FARÂBÎ, el-MEDÎNETÜ’L-FÂZILA 1. SEMİNER ÖZETİ CÜNEYT KAYA: FARÂBÎ, [&hellip;]</p>
