{"id":4675,"date":"2025-04-23T11:44:37","date_gmt":"2025-04-23T08:44:37","guid":{"rendered":"https:\/\/klasikdusunceokulu.com\/?page_id=4675"},"modified":"2025-06-21T14:54:43","modified_gmt":"2025-06-21T11:54:43","slug":"ekrem-demirli-haris-el-muhasibier-riaye","status":"publish","type":"page","link":"https:\/\/klasikdusunceokulu.com\/index.php\/ekrem-demirli-haris-el-muhasibier-riaye\/","title":{"rendered":"EKREM DEM\u0130RL\u0130: H\u00c2R\u0130S el-MUH\u00c2S\u0130B\u00ce,er-R\u0130\u00c2YE"},"content":{"rendered":"<p><span style=\"color: #3b5163;\"><strong>EKREM DEM\u0130RL\u0130: H\u00c2R\u0130S el-MUH\u00c2S\u0130B\u00ce, er-R\u0130\u00c2YE 1. SEM\u0130NER \u00d6ZET\u0130<\/strong><\/span><\/p>\n<p><a href=\"https:\/\/klasikdusunceokulu.com\/index.php\/ekrem-demirli-haris-el-muhasibi-er-riaye-2-seminer-ozeti\/\"><span style=\"color: #3b5163;\"><strong>EKREM DEM\u0130RL\u0130: H\u00c2R\u0130S el-MUH\u00c2S\u0130B\u00ce, er-R\u0130\u00c2YE 2. SEM\u0130NER \u00d6ZET\u0130<\/strong><\/span><\/a><\/p>\n<p><a href=\"https:\/\/klasikdusunceokulu.com\/index.php\/ekrem-demirli-haris-el-muhasibi-er-riaye-3-seminer-ozeti\/\"><span style=\"color: #3b5163;\"><strong>EKREM DEM\u0130RL\u0130: H\u00c2R\u0130S el-MUH\u00c2S\u0130B\u00ce, er-R\u0130\u00c2YE 3. SEM\u0130NER \u00d6ZET\u0130<\/strong><\/span><\/a><\/p>\n<p><a href=\"https:\/\/klasikdusunceokulu.com\/index.php\/ekrem-demirli-haris-el-muhasibi-er-riaye-4-seminer-ozeti\/\"><span style=\"color: #3b5163;\"><strong>EKREM DEM\u0130RL\u0130: H\u00c2R\u0130S el-MUH\u00c2S\u0130B\u00ce, er-R\u0130\u00c2YE 4. SEM\u0130NER \u00d6ZET\u0130<\/strong><\/span><\/a><\/p>\n<p><a href=\"https:\/\/klasikdusunceokulu.com\/index.php\/ekrem-demirli-haris-el-muhasibi-er-riaye-5-seminer-ozeti\/\"><span style=\"color: #3b5163;\"><strong>EKREM DEM\u0130RL\u0130: H\u00c2R\u0130S el-MUH\u00c2S\u0130B\u00ce, er-R\u0130\u00c2YE 5. SEM\u0130NER \u00d6ZET\u0130<\/strong><\/span><\/a><\/p>\n<p><a href=\"https:\/\/klasikdusunceokulu.com\/index.php\/ekrem-demirli-haris-el-muhasibi-er-riaye-6-seminer-ozeti\/\"><span style=\"color: #3b5163;\"><strong>EKREM DEM\u0130RL\u0130: H\u00c2R\u0130S el-MUH\u00c2S\u0130B\u00ce, er-R\u0130\u00c2YE 6. SEM\u0130NER \u00d6ZET\u0130<\/strong><\/span><\/a><\/p>\n<p><a href=\"https:\/\/klasikdusunceokulu.com\/index.php\/ekrem-demirli-haris-el-muhasibi-er-riaye-7-seminer-ozeti\/\"><span style=\"color: #3b5163;\"><strong>EKREM DEM\u0130RL\u0130: H\u00c2R\u0130S el-MUH\u00c2S\u0130B\u00ce, er-R\u0130\u00c2YE 7. SEM\u0130NER \u00d6ZET\u0130<\/strong><\/span><\/a><\/p>\n<p>&nbsp;<\/p>\n<p>&nbsp;<\/p>\n","protected":false},"excerpt":{"rendered":"<p>EKREM DEM\u0130RL\u0130: H\u00c2R\u0130S el-MUH\u00c2S\u0130B\u00ce, er-R\u0130\u00c2YE 1. SEM\u0130NER \u00d6ZET\u0130 EKREM DEM\u0130RL\u0130: [&hellip;]<\/p>\n","protected":false},"author":1,"featured_media":0,"parent":0,"menu_order":0,"comment_status":"closed","ping_status":"closed","template":"","meta":{"footnotes":""},"class_list":["post-4675","page","type-page","status-publish","hentry"],"jetpack_sharing_enabled":true,"_links":{"self":[{"href":"https:\/\/klasikdusunceokulu.com\/index.php\/wp-json\/wp\/v2\/pages\/4675","targetHints":{"allow":["GET"]}}],"collection":[{"href":"https:\/\/klasikdusunceokulu.com\/index.php\/wp-json\/wp\/v2\/pages"}],"about":[{"href":"https:\/\/klasikdusunceokulu.com\/index.php\/wp-json\/wp\/v2\/types\/page"}],"author":[{"embeddable":true,"href":"https:\/\/klasikdusunceokulu.com\/index.php\/wp-json\/wp\/v2\/users\/1"}],"replies":[{"embeddable":true,"href":"https:\/\/klasikdusunceokulu.com\/index.php\/wp-json\/wp\/v2\/comments?post=4675"}],"version-history":[{"count":3,"href":"https:\/\/klasikdusunceokulu.com\/index.php\/wp-json\/wp\/v2\/pages\/4675\/revisions"}],"predecessor-version":[{"id":6281,"href":"https:\/\/klasikdusunceokulu.com\/index.php\/wp-json\/wp\/v2\/pages\/4675\/revisions\/6281"}],"wp:attachment":[{"href":"https:\/\/klasikdusunceokulu.com\/index.php\/wp-json\/wp\/v2\/media?parent=4675"}],"curies":[{"name":"wp","href":"https:\/\/api.w.org\/{rel}","templated":true}]}}