{"id":4720,"date":"2025-04-23T17:55:45","date_gmt":"2025-04-23T14:55:45","guid":{"rendered":"https:\/\/klasikdusunceokulu.com\/?page_id=4720"},"modified":"2025-04-23T17:55:45","modified_gmt":"2025-04-23T14:55:45","slug":"irfan-ince-cessas-el-fusul-fil-usul-8-seminer-ozeti","status":"publish","type":"page","link":"https:\/\/klasikdusunceokulu.com\/index.php\/irfan-ince-cessas-el-fusul-fil-usul-8-seminer-ozeti\/","title":{"rendered":"\u0130RFAN \u0130NCE: CESS\u00c2S, el-FUS\u00dbl F\u0130&#8217;L-US\u00dbL 8. SEM\u0130NER \u00d6ZET\u0130"},"content":{"rendered":"<p><strong>\u0130RFAN \u0130NCE: CESS\u00c2S, el-FUS\u00dbl F\u0130&#8217;L-US\u00dbL 8. SEM\u0130NER \u00d6ZET\u0130<\/strong><\/p>\n<p><strong>Ana Temalar:<\/strong><\/p>\n<ol>\n<li><strong> M\u00fctevatir ve \u00c2h\u00e2d Haber Ayr\u0131m\u0131: Haber Teorisinin Temelleri<\/strong><br \/>\nBu seminer, Cess\u00e2s\u2019\u0131n haber teorisine ay\u0131rd\u0131\u011f\u0131 en kapsaml\u0131 derslerden biridir. Cess\u00e2s, haberi bilgi kayna\u011f\u0131 olarak iki temel kategoriye ay\u0131r\u0131r: m\u00fctevatir (zorunlu bilgi bildiren) ve \u00e2h\u00e2d (zan ifade eden). M\u00fctevatir haberin g\u00fcvenilirli\u011fini, \u00e7ok say\u0131da insan\u0131n yalan \u00fczerine ittifak edemeyece\u011fi varsay\u0131m\u0131na dayand\u0131r\u0131r ve bu g\u00f6r\u00fc\u015f\u00fc, insan tabiat\u0131, adet, istatistiksel tecr\u00fcbe ve Allah\u2019\u0131n l\u00fctfu gibi \u00e7e\u015fitli dayanaklarla temellendirir. \u00c2h\u00e2d haber ise istidl\u00e2l\u00ee bilgi \u00fcretir ve ba\u011flay\u0131c\u0131l\u0131\u011f\u0131 ancak baz\u0131 \u015fartlarla m\u00fcmk\u00fcnd\u00fcr.<\/li>\n<li><strong> Me\u015fhur ve M\u00fcrsel Haberlerin Hukuk\u00ee Niteli\u011fi<\/strong><br \/>\nHanef\u00eeler, m\u00fctevatir ile \u00e2h\u00e2d aras\u0131nda bir ara kategori olan me\u015fhur haber tan\u0131m\u0131n\u0131 geli\u015ftirir. Bu kategori, pratikte m\u00fctevatire yak\u0131n g\u00fcven d\u00fczeyine sahiptir. \u00d6zellikle m\u00fcrsel rivayetlerin me\u015fhur stat\u00fcs\u00fc kazanmas\u0131, hadis\u00e7ilerin ele\u015ftirisine konu olur. Ancak Hanef\u00eeler, m\u00fcrsel rivayetlerin muteberli\u011fini, icma ve yayg\u0131n kabul \u00fczerinden temellendirir. Bu durum, \u015e\u00e2fi\u00ee gelene\u011fin sahih hadis merkezli tutumuna kar\u015f\u0131l\u0131k, Hanef\u00ee us\u00fbl\u00fcn pragmatik ve toplumsal kabul\u00fc \u00f6nceleyen yakla\u015f\u0131m\u0131n\u0131 g\u00f6sterir.<\/li>\n<li><strong> Haberlerin Do\u011frulu\u011fu, Tevat\u00fcr\u00fcn \u0130mk\u00e2n\u0131 ve \u0130slam D\u0131\u015f\u0131 Kaynaklar<\/strong><br \/>\nCess\u00e2s, m\u00fctevatirin do\u011frulu\u011funu yaln\u0131zca \u0130slam \u00fcmmetine has k\u0131lman\u0131n yanl\u0131\u015f oldu\u011funu vurgular. Ona g\u00f6re Yahudiler ve Hristiyanlar gibi gayrim\u00fcslim toplumlar da m\u00fctevatir d\u00fczeyde bilgi ta\u015f\u0131yabilir. Bu yakla\u015f\u0131m, Cassas\u2019\u0131n tevat\u00fcr\u00fc ak\u0131l, tecr\u00fcbe ve adet gibi evrensel bir bilgi kayna\u011f\u0131 olarak de\u011ferlendirdi\u011fini g\u00f6sterir. Haberin do\u011frulu\u011funun kayna\u011f\u0131 yaln\u0131zca ravinin adaleti de\u011fil, haber zincirinin yap\u0131s\u0131 ve insan f\u0131trat\u0131n\u0131n yalan\u0131 if\u015fa etme e\u011filimidir.<\/li>\n<li><strong> Mucize ve N\u00fcb\u00fcvvetin Bilgi De\u011feri: Haber Teorisinin Epistemolojik Temeli<\/strong><br \/>\nCess\u00e2s\u2019a g\u00f6re, peygamberlik iddias\u0131n\u0131n do\u011frulu\u011fu, mucize ve tevat\u00fcrle sabit olur. Peygamberin getirdi\u011fi vahyin ah\u00e2d haber olu\u015fu, ancak mucizeyle desteklenmesi halinde bilgi do\u011furur. Bu durum, \u0130b\u00e2z\u00ee ve Haric\u00ee mezheplerin \u201cmucize gerekmez\u201d tezine kar\u015f\u0131 a\u00e7\u0131k bir ele\u015ftiridir. Haberle sabit olan bilgi, ancak akl\u00ee deliller ve f\u0131tr\u00ee temay\u00fcllerle g\u00fcvence alt\u0131na al\u0131nd\u0131\u011f\u0131nda ba\u011flay\u0131c\u0131 olur.<\/li>\n<li><strong> Tevat\u00fcr ve \u0130cma \u0130li\u015fkisi: Sessiz Kabul\u00fcn Epistemik De\u011feri<\/strong><br \/>\nCess\u00e2s, bir g\u00f6r\u00fc\u015fe kar\u015f\u0131 sahabenin sessiz kalmas\u0131n\u0131, o g\u00f6r\u00fc\u015f\u00fc onaylad\u0131klar\u0131na delil sayar. Bu durum, s\u00fck\u00fbt\u00ee icm\u00e2 ve dolayl\u0131 tevat\u00fcr aras\u0131nda epistemik bir ba\u011f kurar. Haber bir ki\u015fi taraf\u0131ndan aktar\u0131lm\u0131\u015f olsa bile, e\u011fer itiraz edilmemi\u015fse, bu durum t\u00fcm toplulu\u011fun o haberi dolayl\u0131 yoldan payla\u015ft\u0131\u011f\u0131 anlam\u0131na gelir. B\u00f6ylece haberlerin m\u00fctevatir niteli\u011fi, sadece say\u0131 de\u011fil, sosyal kabul \u00fczerinden de \u015fekillenir.<\/li>\n<\/ol>\n<p><strong>Sonu\u00e7:<\/strong><br \/>\nBu ders, Cess\u00e2s\u2019\u0131n haber teorisini yaln\u0131zca f\u0131kh\u00ee de\u011fil, ayn\u0131 zamanda epistemolojik ve sosyolojik bir d\u00fczlemde temellendirdi\u011fini g\u00f6sterir. M\u00fctevatir haberin bilgi de\u011feri, insan tabiat\u0131 ve toplumsal davran\u0131\u015f kal\u0131plar\u0131na ba\u011flan\u0131rken, me\u015fhur ve m\u00fcrsel haberler \u00fczerinden Hanef\u00ee mezhebinin i\u00e7 tutarl\u0131l\u0131\u011f\u0131 vurgulan\u0131r. Cassas\u2019\u0131n yakla\u015f\u0131m\u0131, \u0130slam d\u0131\u015f\u0131 kaynaklardan gelen haberlerin de bilgi de\u011feri ta\u015f\u0131yabilece\u011fini kabul ederek evrensel ge\u00e7erlili\u011fe sahip bir haber teorisi geli\u015ftirme amac\u0131n\u0131 ortaya koyar.<\/p>\n<p>&nbsp;<\/p>\n<p><strong>Main Themes:<\/strong><\/p>\n<ol>\n<li><strong> Foundational Distinction Between <em>Mutaw\u0101tir<\/em> and <em>\u0100<\/em><\/strong><strong><em>\u1e25\u0101d<\/em> Reports<\/strong><br \/>\nThis seminar presents one of Cess\u00e2s\u2019 most detailed discussions on hadith theory. He divides transmitted reports into two main categories: mutaw\u0101tir (reports yielding certain knowledge) and \u0101\u1e25\u0101d (those yielding conjecture). <em>Mutaw\u0101tir<\/em> reports are accepted as certain because it is inconceivable for large groups to fabricate such reports knowingly. Cess\u00e2s grounds this in reason, social habit, experiential probability, and divine grace. By contrast, <em>\u0101<\/em><em>\u1e25\u0101d<\/em> reports produce inferential knowledge, and their binding force depends on specific conditions.<\/li>\n<li><strong> The Legal Standing of <em>Mashh\u016br<\/em> and <em>Mursal<\/em> Reports<\/strong><br \/>\n\u1e24anaf\u012b scholars develop the intermediate category of <strong>mashh\u016br reports<\/strong>, which although not <em>mutaw\u0101tir<\/em>, are widely accepted in practice and close to it in reliability. The acceptance of <em>mursal<\/em> reports (those lacking a direct link to the Prophet) by \u1e24anaf\u012bs has drawn criticism from hadith specialists. However, \u1e24anaf\u012bs justify this through communal acceptance and <em>ijm\u0101<\/em><em>\u02bf<\/em>, highlighting their pragmatic and socially grounded legal methodology, in contrast to the Sh\u0101fi\u02bf\u012b emphasis on hadith authentication.<\/li>\n<li><strong> Validity of Reports and the Universality of <em>Mutaw\u0101tir<\/em><\/strong><br \/>\nCess\u00e2s argues that <em>mutaw\u0101tir<\/em> transmission is not unique to the Muslim community. Even Jews, Christians, or other non-Muslim groups can transmit <em>mutaw\u0101tir<\/em>-level reports. For him, <em>mutaw\u0101tir<\/em> should be evaluated through universal patterns of reasoning, habit, and human nature, rather than confined to Islamic sources. The truthfulness of a report is thus tied more to its structural credibility and the human tendency to expose falsehood than to individual narrators\u2019 righteousness.<\/li>\n<li><strong> Prophethood, Miracles, and the Epistemology of Revelation<\/strong><br \/>\nAccording to Cess\u00e2s, the credibility of a prophetic claim is established through miracles and <em>mutaw\u0101tir<\/em> transmission. While prophetic revelation may be conveyed via <em>\u0101<\/em><em>\u1e25\u0101d<\/em> reports, its validity becomes binding only when confirmed by miraculous signs and rational evidence. This implicitly critiques the Ib\u0101\u1e0d\u012b and Kh\u0101rij\u012b views that downplay the necessity of miracles. True legal knowledge must be anchored in a combination of transmitted reports and rational guarantees.<\/li>\n<li><strong> The Interplay Between <em>Mutaw\u0101tir<\/em> and Consensus (<em>Ijm\u0101<\/em><\/strong><strong><em>\u02bf<\/em>)<\/strong><br \/>\nCess\u00e2s asserts that the Companions\u2019 silence in response to a report may signify tacit approval, which in turn lends <em>mutaw\u0101tir<\/em>-like strength to an originally solitary report. This notion links communal silence to implicit consensus, suggesting that widespread social acknowledgment can elevate the status of a transmission. Thus, the epistemic value of a report is not merely quantitative but also sociologically reinforced.<\/li>\n<\/ol>\n<p><strong>Conclusion:<\/strong><br \/>\nThis seminar reveals that Cess\u00e2s grounds his theory of transmission not only in jurisprudence, but also in <strong>epistemology and social psychology<\/strong>. His view of <em>mutaw\u0101tir<\/em> as a universally accessible mode of knowledge, and his openness to non-Muslim sources, marks an attempt to develop a <strong>universal and rationally robust hadith theory<\/strong>. He balances textual fidelity with pragmatic acceptance, laying the foundation for a \u1e24anaf\u012b model of evidentiary reasoning rooted in both logic and lived human experience.<\/p>\n<p>&nbsp;<\/p>\n<p>&nbsp;<\/p>\n","protected":false},"excerpt":{"rendered":"<p>\u0130RFAN \u0130NCE: CESS\u00c2S, el-FUS\u00dbl F\u0130&#8217;L-US\u00dbL 8. SEM\u0130NER \u00d6ZET\u0130 Ana Temalar: [&hellip;]<\/p>\n","protected":false},"author":1,"featured_media":0,"parent":0,"menu_order":0,"comment_status":"closed","ping_status":"closed","template":"","meta":{"footnotes":""},"class_list":["post-4720","page","type-page","status-publish","hentry"],"jetpack_sharing_enabled":true,"_links":{"self":[{"href":"https:\/\/klasikdusunceokulu.com\/index.php\/wp-json\/wp\/v2\/pages\/4720","targetHints":{"allow":["GET"]}}],"collection":[{"href":"https:\/\/klasikdusunceokulu.com\/index.php\/wp-json\/wp\/v2\/pages"}],"about":[{"href":"https:\/\/klasikdusunceokulu.com\/index.php\/wp-json\/wp\/v2\/types\/page"}],"author":[{"embeddable":true,"href":"https:\/\/klasikdusunceokulu.com\/index.php\/wp-json\/wp\/v2\/users\/1"}],"replies":[{"embeddable":true,"href":"https:\/\/klasikdusunceokulu.com\/index.php\/wp-json\/wp\/v2\/comments?post=4720"}],"version-history":[{"count":1,"href":"https:\/\/klasikdusunceokulu.com\/index.php\/wp-json\/wp\/v2\/pages\/4720\/revisions"}],"predecessor-version":[{"id":4721,"href":"https:\/\/klasikdusunceokulu.com\/index.php\/wp-json\/wp\/v2\/pages\/4720\/revisions\/4721"}],"wp:attachment":[{"href":"https:\/\/klasikdusunceokulu.com\/index.php\/wp-json\/wp\/v2\/media?parent=4720"}],"curies":[{"name":"wp","href":"https:\/\/api.w.org\/{rel}","templated":true}]}}