{"id":4738,"date":"2025-04-23T20:42:16","date_gmt":"2025-04-23T17:42:16","guid":{"rendered":"https:\/\/klasikdusunceokulu.com\/?page_id=4738"},"modified":"2025-04-23T20:42:16","modified_gmt":"2025-04-23T17:42:16","slug":"aliye-kovanlikayadescartes-okumalarimeditasyonlar-7-seminer-ozeti","status":"publish","type":"page","link":"https:\/\/klasikdusunceokulu.com\/index.php\/aliye-kovanlikayadescartes-okumalarimeditasyonlar-7-seminer-ozeti\/","title":{"rendered":"AL\u0130YE KOVANLIKAYA,DESCARTES OKUMALARI:MED\u0130TASYONLAR 7. SEM\u0130NER \u00d6ZET\u0130"},"content":{"rendered":"<p><strong>AL\u0130YE KOVANLIKAYA,DESCARTES OKUMALARI:MED\u0130TASYONLAR 7. SEM\u0130NER \u00d6ZET\u0130<\/strong><\/p>\n<ol>\n<li><strong> Seminerin Amac\u0131 ve \u0130\u00e7eri\u011fi<\/strong><br \/>\nYedinci seminer, Descartes\u2019in d\u00f6rd\u00fcnc\u00fc meditasyonunu merkeze alarak hata ve yan\u0131lman\u0131n kayna\u011f\u0131n\u0131 sorgular. Seminerin temel amac\u0131, Tanr\u0131\u2019n\u0131n m\u00fckemmelli\u011fi ile insan\u0131n yan\u0131labilirli\u011fi aras\u0131ndaki g\u00f6r\u00fcnen \u00e7eli\u015fkiyi \u00e7\u00f6z\u00fcmlemektir. Tanr\u0131\u2019n\u0131n insan\u0131 neden hataya a\u00e7\u0131k bir \u015fekilde yaratt\u0131\u011f\u0131, bu yarat\u0131l\u0131\u015f\u0131n evrendeki genel m\u00fckemmelli\u011fe nas\u0131l hizmet etti\u011fi sorular\u0131 \u00fczerinden, \u00f6zg\u00fcrl\u00fck, irade ve idrak ili\u015fkisi ayr\u0131nt\u0131l\u0131 olarak incelenir. Ayr\u0131ca, h\u00fck\u00fcm verme s\u00fcrecinde ortaya \u00e7\u0131kan hatalar\u0131n kayna\u011f\u0131n\u0131n ne oldu\u011fu ve bu hatalardan nas\u0131l ka\u00e7\u0131n\u0131labilece\u011fi tart\u0131\u015f\u0131l\u0131r.<\/li>\n<li><strong> Ana Temalar ve Ba\u015fl\u0131klar<\/strong><\/li>\n<\/ol>\n<ol>\n<li><strong>Tanr\u0131\u2019n\u0131n M\u00fckemmelli\u011fi ve Aldatmama Niteli\u011fi<\/strong><br \/>\nDescartes, Tanr\u0131\u2019n\u0131n m\u00fckemmel oldu\u011fu i\u00e7in aldatamayaca\u011f\u0131n\u0131 savunur. Aldatma arzusu, Tanr\u0131\u2019ya isnat edilemeyecek bir eksikliktir. Dolay\u0131s\u0131yla insandaki hata ve yan\u0131lg\u0131lar Tanr\u0131\u2019n\u0131n yarat\u0131\u015f\u0131ndan de\u011fil, insan\u0131n kendi yetilerini uygunsuz kullanmas\u0131ndan kaynaklan\u0131r.<\/li>\n<li><strong>\u0130drak ve \u0130rade Ayr\u0131m\u0131<\/strong><br \/>\n\u0130nsan zihninde iki temel yeti bulunur: idrak (anlama) ve irade (onaylama\/red). Her iki yeti tek ba\u015f\u0131na m\u00fckemmeldir; ancak hata, idrak alan\u0131 d\u0131\u015f\u0131nda kalan konularda iradenin h\u00fck\u00fcm vermesiyle ortaya \u00e7\u0131kar. Bu durumda ki\u015fi, a\u00e7\u0131k-se\u00e7ik bilmedi\u011fi \u015feyler hakk\u0131nda karar verdi\u011fi i\u00e7in yan\u0131l\u0131r.<\/li>\n<li><strong>Yoksunluk (Privatio) ve Negasyon (Negatio) Ayr\u0131m\u0131<\/strong><br \/>\nSeminerde, Orta \u00c7a\u011f\u2019dan gelen iki kavram olan \u201cyoksunluk\u201d ve \u201cnegasyon\u201d ayr\u0131m\u0131 a\u00e7\u0131klan\u0131r. Bir yetinin tamamen yoklu\u011fu ba\u015fka, onun olmas\u0131 gereken yerde eksik ya da yetersiz olmas\u0131 ba\u015fka bir \u015feydir. Hata, yoksunluktan do\u011far; yani sahip olunan bir yetinin gerekti\u011fi gibi kullan\u0131lmamas\u0131ndan.<\/li>\n<li><strong>\u0130nsan\u0131n Yarat\u0131l\u0131\u015f\u0131ndaki Kusur ve Kozmik D\u00fczen<\/strong><br \/>\nDescartes\u2019e g\u00f6re, Tanr\u0131 insan\u0131 daha az hataya a\u00e7\u0131k bir \u015fekilde yaratabilirdi. Ancak yarat\u0131lm\u0131\u015f olan\u0131n m\u00fckemmelli\u011fi, sadece bireysel d\u00fczeyde de\u011fil, t\u00fcm varl\u0131k d\u00fczeni i\u00e7inde anlaml\u0131d\u0131r. \u0130nsan hatal\u0131 olabilir; fakat bu hatalar, Tanr\u0131\u2019n\u0131n yarat\u0131s\u0131ndaki \u00e7e\u015fitlilik ve b\u00fct\u00fcnl\u00fck a\u00e7\u0131s\u0131ndan yerli yerindedir.<\/li>\n<li><strong>\u00d6zg\u00fcrl\u00fck Kavram\u0131 ve \u0130rade\u2019nin S\u0131n\u0131rlar\u0131<\/strong><br \/>\nDescartes, iradenin en alt d\u00fczeyde \u201ckay\u0131ts\u0131zl\u0131k\u201d olarak da \u00f6zg\u00fcrl\u00fck g\u00f6sterdi\u011fini savunur. Ancak as\u0131l \u00f6zg\u00fcrl\u00fck, do\u011fruyu ve iyiyi a\u00e7\u0131k-se\u00e7ik kavrayarak bunlara y\u00f6nelmekle ger\u00e7ekle\u015fir. \u0130rade, d\u0131\u015f etkilerden ba\u011f\u0131ms\u0131z hareket edebildi\u011finde tam anlam\u0131yla \u00f6zg\u00fcr olur.<\/li>\n<li><strong>H\u00fck\u00fcm Vermekten Geri Durmak<\/strong><br \/>\nYan\u0131lmaman\u0131n tek yolu, yaln\u0131zca a\u00e7\u0131k-se\u00e7ik idrak edilen konularda h\u00fck\u00fcm vermektir. H\u00fck\u00fcm vermeye al\u0131\u015fk\u0131n olan insan, \u00e7o\u011fu zaman a\u00e7\u0131k-se\u00e7ik kavramad\u0131\u011f\u0131 konularda karar al\u0131r ve yan\u0131l\u0131r. Bu nedenle iradenin e\u011fitilmesi ve h\u00fck\u00fcm vermekten ka\u00e7\u0131nma disiplini geli\u015ftirilmelidir.<\/li>\n<\/ol>\n<ol start=\"3\">\n<li><strong> Sonu\u00e7<\/strong><br \/>\nSeminer, hatan\u0131n ve yan\u0131lg\u0131n\u0131n kayna\u011f\u0131n\u0131n Tanr\u0131 de\u011fil, insan\u0131n iradesini idrakin s\u0131n\u0131rlar\u0131 d\u0131\u015f\u0131nda kullanmas\u0131 oldu\u011funu a\u00e7\u0131k\u00e7a ortaya koyar. Bu tespit, insan\u0131n \u00f6zg\u00fcrl\u00fck kapasitesini anlamas\u0131n\u0131 ve bilgi alan\u0131n\u0131 s\u0131n\u0131rlar\u0131n\u0131 do\u011fru bi\u00e7imde tayin etmesini sa\u011flar. Hatalardan ka\u00e7\u0131nman\u0131n yolu, yaln\u0131zca a\u00e7\u0131k-se\u00e7ik idrak edilen yarg\u0131larda karar vermekle m\u00fcmk\u00fcnd\u00fcr. B\u00f6ylece Descartes, do\u011fru bilginin zemini olarak \u201ctemkinli h\u00fck\u00fcm verme\u201d ilkesini tesis eder ve bilimsel d\u00fc\u015f\u00fcncenin alan\u0131n\u0131 netle\u015ftirir.<\/li>\n<\/ol>\n<p>&nbsp;<\/p>\n<p>&nbsp;<\/p>\n<ol>\n<li><strong> Purpose and Content of the Seminar<\/strong><br \/>\nThis seminar focuses on Descartes\u2019 fourth meditation, centering on the question of error and deception. The primary goal is to resolve the apparent contradiction between the perfection of God and the fallibility of the human mind. Why did God create humans capable of error? How does this imperfection fit into the overall perfection of creation? These questions are explored through the intricate relationship between intellect, will, and freedom, with particular emphasis on the act of judgment and its role in the emergence of error.<\/li>\n<li><strong> Main Themes and Topics<\/strong><\/li>\n<\/ol>\n<ol>\n<li><strong>God\u2019s Perfection and Non-Deceptive Nature<\/strong><br \/>\nDescartes argues that deception implies imperfection, and therefore cannot be attributed to God. Since God is perfect and supremely good, He cannot will to deceive. Hence, human error must stem from another source\u2014namely, the misuse of faculties given by God, not from the faculties themselves.<\/li>\n<li><strong>Distinction Between Intellect and Will<\/strong><br \/>\nThe human mind possesses two distinct faculties: the intellect (understanding) and the will (assent or denial). Each faculty is perfect in itself, but error arises when the will extends beyond what the intellect clearly and distinctly perceives, rendering judgment in domains it cannot comprehend.<\/li>\n<li><strong>Privation vs. Negation<\/strong><br \/>\nThe seminar clarifies the medieval distinction between \u201cprivation\u201d (a lack where presence is expected) and \u201cnegation\u201d (simple absence). Error is not mere absence of knowledge, but a lack in the proper use of one&#8217;s faculties\u2014particularly when the will affirms or denies without sufficient intellectual clarity.<\/li>\n<li><strong>Imperfection in Creation and Cosmic Harmony<\/strong><br \/>\nAlthough God could have created humans incapable of error, Descartes holds that individual flaws must be understood within the broader perfection of the entire created order. Human fallibility contributes to the richness and diversity of creation, reflecting divine wisdom rather than a flaw in divine action.<\/li>\n<li><strong>Freedom and the Scope of the Will<\/strong><br \/>\nDescartes identifies even indifference (suspending judgment) as a form of freedom. Yet true freedom is realized when one affirms or denies something based on clear and distinct knowledge. The will is most free when it follows reason, not when it acts without guidance.<\/li>\n<li><strong>Suspension of Judgment<\/strong><br \/>\nThe only way to avoid error is to withhold judgment on matters not clearly and distinctly understood. Since human beings are prone to forming judgments prematurely, Descartes emphasizes the discipline of refraining from decision-making when epistemic clarity is lacking. This cautious approach is key to attaining certainty.<\/li>\n<\/ol>\n<ol start=\"3\">\n<li><strong> Conclusion<\/strong><br \/>\nThis seminar establishes that error does not originate from God but from human misuse of the will. By extending the will beyond the intellect\u2019s clarity, one falls into error. Understanding this mechanism enables humans to recognize the limits of knowledge and exercise freedom responsibly. The result is a foundational principle for Cartesian epistemology: judge only where there is clear and distinct perception. This provides the groundwork for defining the scope of scientific inquiry and distinguishing it from domains of mere belief or ignorance.<\/li>\n<\/ol>\n<p>&nbsp;<\/p>\n<p>&nbsp;<\/p>\n","protected":false},"excerpt":{"rendered":"<p>AL\u0130YE KOVANLIKAYA,DESCARTES OKUMALARI:MED\u0130TASYONLAR 7. SEM\u0130NER \u00d6ZET\u0130 Seminerin Amac\u0131 ve \u0130\u00e7eri\u011fi [&hellip;]<\/p>\n","protected":false},"author":1,"featured_media":0,"parent":0,"menu_order":0,"comment_status":"closed","ping_status":"closed","template":"","meta":{"footnotes":""},"class_list":["post-4738","page","type-page","status-publish","hentry"],"jetpack_sharing_enabled":true,"_links":{"self":[{"href":"https:\/\/klasikdusunceokulu.com\/index.php\/wp-json\/wp\/v2\/pages\/4738","targetHints":{"allow":["GET"]}}],"collection":[{"href":"https:\/\/klasikdusunceokulu.com\/index.php\/wp-json\/wp\/v2\/pages"}],"about":[{"href":"https:\/\/klasikdusunceokulu.com\/index.php\/wp-json\/wp\/v2\/types\/page"}],"author":[{"embeddable":true,"href":"https:\/\/klasikdusunceokulu.com\/index.php\/wp-json\/wp\/v2\/users\/1"}],"replies":[{"embeddable":true,"href":"https:\/\/klasikdusunceokulu.com\/index.php\/wp-json\/wp\/v2\/comments?post=4738"}],"version-history":[{"count":1,"href":"https:\/\/klasikdusunceokulu.com\/index.php\/wp-json\/wp\/v2\/pages\/4738\/revisions"}],"predecessor-version":[{"id":4739,"href":"https:\/\/klasikdusunceokulu.com\/index.php\/wp-json\/wp\/v2\/pages\/4738\/revisions\/4739"}],"wp:attachment":[{"href":"https:\/\/klasikdusunceokulu.com\/index.php\/wp-json\/wp\/v2\/media?parent=4738"}],"curies":[{"name":"wp","href":"https:\/\/api.w.org\/{rel}","templated":true}]}}