{"id":4778,"date":"2025-04-24T00:05:22","date_gmt":"2025-04-23T21:05:22","guid":{"rendered":"https:\/\/klasikdusunceokulu.com\/?page_id=4778"},"modified":"2025-04-24T00:05:22","modified_gmt":"2025-04-23T21:05:22","slug":"oguz-haslakogluplaton-devlet-16-seminer-ozeti","status":"publish","type":"page","link":"https:\/\/klasikdusunceokulu.com\/index.php\/oguz-haslakogluplaton-devlet-16-seminer-ozeti\/","title":{"rendered":"O\u011eUZ HA\u015eLAKO\u011eLU:PLATON, DEVLET 16. SEM\u0130NER \u00d6ZET\u0130"},"content":{"rendered":"<p><strong>O\u011eUZ HA\u015eLAKO\u011eLU:PLATON, DEVLET 16. SEM\u0130NER \u00d6ZET\u0130<\/strong><\/p>\n<ol>\n<li><strong> Seminerin Amac\u0131 ve \u0130\u00e7eri\u011fi<\/strong><br \/>\nBu seminer, Platon\u2019un d\u00fc\u015f\u00fcncesinde <em>Nos<\/em> kavram\u0131 \u00e7er\u00e7evesinde geli\u015fen \u201cikinci seyahat\u201d anlat\u0131s\u0131n\u0131 ele al\u0131r. Ha\u015flako\u011flu, Anaxagoras\u2019\u0131n <em>Nous<\/em> fikrinden hareketle Sokrates\u2019in neden bu kavrama y\u00f6neldi\u011fini ve neden sonunda hayal k\u0131r\u0131kl\u0131\u011f\u0131na u\u011frad\u0131\u011f\u0131n\u0131 detayland\u0131r\u0131r. Bu \u00e7er\u00e7evede <em>Nos<\/em>un evrenle kurdu\u011fu nedensel ili\u015fkinin yetersizli\u011finden do\u011fan felsefi aray\u0131\u015f\u0131n, <em>Eidos<\/em>, <em>Logos<\/em>, <em>Doxa<\/em>, <em>Meon<\/em>, ve <em>Tateron<\/em> gibi Platonik kavramlar\u0131n do\u011fumuna nas\u0131l zemin haz\u0131rlad\u0131\u011f\u0131 i\u015flenir.<\/li>\n<li><strong> Ana Temalar ve Ba\u015fl\u0131klar<\/strong><\/li>\n<\/ol>\n<ol>\n<li><strong>Nos\u2019tan Eidos\u2019a \u0130kinci Seyahat<\/strong><br \/>\nSokrates\u2019in Anaxagoras\u2019\u0131n <em>Nos<\/em> kavram\u0131na y\u00f6nelik ilgisi, evrene sebep olarak zihinsel bir ilkenin yerle\u015ftirilmesi arzusuna dayan\u0131r. Ancak <em>Nos<\/em>un evrenle olan ili\u015fkisini kuramamas\u0131, Sokrates\u2019i yeni bir d\u00fc\u015f\u00fcnsel yolculu\u011fa \u00e7\u0131kar\u0131r: <em>Eidos<\/em> \u00fczerinden hakikate ula\u015fma giri\u015fimi. Bu, d\u00fc\u015f\u00fcnce tarihinde Platonik idealizmin temel ta\u015flar\u0131ndan biridir.<\/li>\n<li><strong>Sebep, Arke ve Atlas Mecaz\u0131<\/strong><br \/>\n<em>Arke<\/em> kavram\u0131n\u0131n erken d\u00f6nem Yunan felsefesinde \u201csu, hava\u201d gibi maddi unsurlarla temellendirilmesi Sokrates taraf\u0131ndan yetersiz bulunur. Evrenin ta\u015f\u0131y\u0131c\u0131s\u0131 olarak se\u00e7ilen bu unsurlar birer \u201catlas\u201d gibi i\u015flev g\u00f6rmekte, fakat ger\u00e7ek anlamda \u201csebep\u201d fikrini kar\u015f\u0131lamamaktad\u0131r. Sokrates\u2019in arad\u0131\u011f\u0131 \u015fey, evrenin akli bir ilkeye g\u00f6re a\u00e7\u0131klanmas\u0131d\u0131r.<\/li>\n<li><strong>Meon, Tateron ve Logos\u2019un Temsili<\/strong><br \/>\nPlaton\u2019da <em>Meon<\/em> (varl\u0131k olmayan) bilginin zemini olarak d\u00fc\u015f\u00fcn\u00fcl\u00fcr. <em>Tateron<\/em> (\u00f6teki) arac\u0131l\u0131\u011f\u0131yla <em>Doxa<\/em> i\u00e7inde bilgiye dair bir zemin yarat\u0131l\u0131r. Ha\u015flako\u011flu\u2019na g\u00f6re bu, <em>Logos<\/em>un \u00e7atall\u0131 yap\u0131s\u0131n\u0131n bir sonucudur. <em>Eidos<\/em>lar\u0131n i\u00e7 i\u00e7e dokunu\u015fu (<em>symplok\u0113<\/em>) ve diyalektik y\u00f6ntem (<em>dialektik\u0113 methodos<\/em>) sayesinde <em>Logos<\/em> bilgi \u00fcretiminin zemini olur.<\/li>\n<li><strong>Platon, Aristoteles ve Nazariyat\u0131n D\u00f6n\u00fc\u015f\u00fcm\u00fc<\/strong><br \/>\nPlaton\u2019da nazariyat (<em>the\u014dria<\/em>), hakikatin seyri ve idrakin bir bi\u00e7imi olarak belirirken, Aristoteles\u2019te <em>Eidos<\/em>\u2019un <em>morph\u0113<\/em>ye, <em>t\u00f4de ti<\/em>\u2019ye indirgenmesiyle nazariyat\u0131n yerini fikriyata b\u0131rakt\u0131\u011f\u0131 savunulur. Ha\u015flako\u011flu, Aristoteles\u2019in sisteminde <em>Nos<\/em>un h\u00e2l\u00e2 merkezi oldu\u011funu fakat nazariyetin metafizik bir zeminden yoksun kald\u0131\u011f\u0131n\u0131 ileri s\u00fcrer.<\/li>\n<li><strong>Sebep\u2013Sonu\u00e7 ve Ontolojik Yap\u0131n\u0131n Kritik Edilmesi<\/strong><br \/>\nSeminerde, klasik nedensellik anlay\u0131\u015f\u0131n\u0131n evrene ta\u015f\u0131nmas\u0131n\u0131n sorunlar\u0131 da tart\u0131\u015f\u0131l\u0131r. Platon\u2019un, kuantum fizi\u011finde oldu\u011fu gibi, nedensellik d\u0131\u015f\u0131 a\u00e7\u0131klamalara imk\u00e2n tan\u0131mad\u0131\u011f\u0131 vurgulan\u0131r. Ancak olumsall\u0131k (<em>contingency<\/em>) ve zorunluluk (<em>necessity<\/em>) aras\u0131ndaki ili\u015fkiyi anlamaya \u00e7al\u0131\u015ft\u0131\u011f\u0131 g\u00f6sterilir.<\/li>\n<\/ol>\n<ol start=\"3\">\n<li><strong> Sonu\u00e7<\/strong><br \/>\nBu seminer, <em>Nos<\/em> ile ba\u015flayan aray\u0131\u015f\u0131n Platon\u2019da nas\u0131l <em>Eidos<\/em>, <em>Logos<\/em> ve <em>Meon<\/em> \u00fczerinden yeni bir ontolojik d\u00fczleme ta\u015f\u0131nd\u0131\u011f\u0131n\u0131 g\u00f6sterir. <em>Doxa<\/em> i\u00e7inde \u00e7atallanm\u0131\u015f bir <em>Logos<\/em>, hem bilgi \u00fcretiminin hem de hakikate y\u00f6neli\u015fin anahtar\u0131d\u0131r. Ha\u015flako\u011flu, Platon\u2019un bu sistemini Parmenides ve Aristoteles ba\u011flam\u0131nda okuyarak klasik metafizi\u011fin i\u00e7 \u00e7at\u0131\u015fmalar\u0131n\u0131 a\u00e7\u0131\u011fa \u00e7\u0131kar\u0131r.<\/li>\n<\/ol>\n<p>&nbsp;<\/p>\n<ol>\n<li><strong> Purpose and Content of the Seminar<\/strong><br \/>\nThis seminar explores Plato\u2019s philosophical \u201csecond journey\u201d through the concept of <em>Nos<\/em> (intellect). Starting from Anaxagoras\u2019s notion of <em>Nous<\/em>, Ha\u015flako\u011flu traces how Socrates initially turns to this principle in search of a rational cause for the cosmos\u2014only to be disappointed by its explanatory insufficiency. This philosophical gap leads to the emergence of key Platonic concepts such as <em>Eidos<\/em>, <em>Logos<\/em>, <em>Doxa<\/em>, <em>Meon<\/em>, and <em>Tateron<\/em>, which together restructure the terrain of metaphysical inquiry.<\/li>\n<li><strong> Main Themes and Topics<\/strong><\/li>\n<\/ol>\n<ol>\n<li><strong>From <em>Nos<\/em> to <em>Eidos<\/em>: The Second Journey<\/strong><br \/>\nSocrates\u2019 attraction to Anaxagoras\u2019s <em>Nous<\/em> arises from a desire to ground the cosmos in a rational cause. However, <em>Nous<\/em> fails to establish a clear relationship with the world, prompting Socrates to embark on a second intellectual journey\u2014one that culminates in <em>Eidos<\/em> as the new foundation of intelligibility. This moment marks a pivotal transformation in the history of philosophical idealism.<\/li>\n<li><strong>Cause, <em>Arkh\u0113<\/em>, and the Atlas Metaphor<\/strong><br \/>\nEarly Greek philosophy\u2019s material explanations (<em>water<\/em>, <em>air<\/em>) are deemed inadequate by Socrates. These material causes are likened to \u201cAtlases\u201d bearing the cosmos without offering real causality. What Socrates seeks is not mere support, but an intelligible principle that accounts for the cosmos in rational terms.<\/li>\n<li><strong><em>Meon<\/em>, <em>Tateron<\/em>, and the Representation of <em>Logos<\/em><\/strong><br \/>\nIn Plato, <em>Meon<\/em> (non-being) becomes the groundwork of knowledge. Through <em>Tateron<\/em> (otherness), a platform for understanding within <em>Doxa<\/em> (opinion) is established. Ha\u015flako\u011flu argues that this results from the bifurcated structure of <em>Logos<\/em>. It is through the interweaving (<em>symplok\u0113<\/em>) of <em>Eide<\/em> and the application of dialectic (<em>dialektik\u0113 methodos<\/em>) that <em>Logos<\/em> becomes the ground of knowledge.<\/li>\n<li><strong>Plato, Aristotle, and the Transformation of <em>Theoria<\/em><\/strong><br \/>\nWhereas Plato\u2019s <em>theoria<\/em> is a contemplative movement toward truth, Aristotle reduces <em>Eidos<\/em> to <em>morph\u0113<\/em> and <em>t\u00f4de ti<\/em> (the \u201cthis-thing\u201d), thereby replacing <em>theoria<\/em> with a more empirical <em>fikriya<\/em>. Ha\u015flako\u011flu maintains that while <em>Nos<\/em> remains important in Aristotle, it lacks the metaphysical depth found in Plato.<\/li>\n<li><strong>Causality and Critique of Ontological Structures<\/strong><br \/>\nThe seminar critiques the classical application of cause-and-effect models to the cosmos. While Plato does not allow for causeless explanations (as in modern quantum physics), he explores the relationship between contingency and necessity. This tension defines the boundary of Platonic metaphysics.<\/li>\n<\/ol>\n<ol start=\"3\">\n<li><strong> Conclusion<\/strong><br \/>\nThis seminar illustrates how the journey beginning with <em>Nos<\/em> in Anaxagoras leads, in Plato, to the ontological triad of <em>Eidos<\/em>, <em>Logos<\/em>, and <em>Meon<\/em>. Within the fractured structure of <em>Doxa<\/em>, a bifurcated <em>Logos<\/em> becomes the key to both epistemological production and ontological orientation. Ha\u015flako\u011flu contextualizes Plato\u2019s thought through Parmenides and Aristotle, revealing the internal tensions that define classical metaphysics.<\/li>\n<\/ol>\n<p>&nbsp;<\/p>\n","protected":false},"excerpt":{"rendered":"<p>O\u011eUZ HA\u015eLAKO\u011eLU:PLATON, DEVLET 16. SEM\u0130NER \u00d6ZET\u0130 Seminerin Amac\u0131 ve \u0130\u00e7eri\u011fi [&hellip;]<\/p>\n","protected":false},"author":1,"featured_media":0,"parent":0,"menu_order":0,"comment_status":"closed","ping_status":"closed","template":"","meta":{"footnotes":""},"class_list":["post-4778","page","type-page","status-publish","hentry"],"jetpack_sharing_enabled":true,"_links":{"self":[{"href":"https:\/\/klasikdusunceokulu.com\/index.php\/wp-json\/wp\/v2\/pages\/4778","targetHints":{"allow":["GET"]}}],"collection":[{"href":"https:\/\/klasikdusunceokulu.com\/index.php\/wp-json\/wp\/v2\/pages"}],"about":[{"href":"https:\/\/klasikdusunceokulu.com\/index.php\/wp-json\/wp\/v2\/types\/page"}],"author":[{"embeddable":true,"href":"https:\/\/klasikdusunceokulu.com\/index.php\/wp-json\/wp\/v2\/users\/1"}],"replies":[{"embeddable":true,"href":"https:\/\/klasikdusunceokulu.com\/index.php\/wp-json\/wp\/v2\/comments?post=4778"}],"version-history":[{"count":1,"href":"https:\/\/klasikdusunceokulu.com\/index.php\/wp-json\/wp\/v2\/pages\/4778\/revisions"}],"predecessor-version":[{"id":4779,"href":"https:\/\/klasikdusunceokulu.com\/index.php\/wp-json\/wp\/v2\/pages\/4778\/revisions\/4779"}],"wp:attachment":[{"href":"https:\/\/klasikdusunceokulu.com\/index.php\/wp-json\/wp\/v2\/media?parent=4778"}],"curies":[{"name":"wp","href":"https:\/\/api.w.org\/{rel}","templated":true}]}}