{"id":4784,"date":"2025-04-24T00:08:31","date_gmt":"2025-04-23T21:08:31","guid":{"rendered":"https:\/\/klasikdusunceokulu.com\/?page_id=4784"},"modified":"2025-04-24T00:08:31","modified_gmt":"2025-04-23T21:08:31","slug":"oguz-haslakogluplaton-devlet-19-seminer-ozeti","status":"publish","type":"page","link":"https:\/\/klasikdusunceokulu.com\/index.php\/oguz-haslakogluplaton-devlet-19-seminer-ozeti\/","title":{"rendered":"O\u011eUZ HA\u015eLAKO\u011eLU:PLATON, DEVLET 19. SEM\u0130NER \u00d6ZET\u0130"},"content":{"rendered":"<p><strong>O\u011eUZ HA\u015eLAKO\u011eLU:PLATON, DEVLET 19. SEM\u0130NER \u00d6ZET\u0130<\/strong><\/p>\n<ol>\n<li><strong>Seminerin Amac\u0131 ve \u0130\u00e7eri\u011fi<\/strong><br \/>\nBu seminer, <em>Phaidros<\/em> diyalo\u011fu temelinde Platon\u2019un bilgi, retorik ve yaz\u0131 anlay\u0131\u015f\u0131n\u0131, <em>dialektike methodos<\/em> ile ps\u00fcheye y\u00f6nelik d\u00f6n\u00fc\u015f\u00fcm s\u00fcreci \u00e7er\u00e7evesinde ele al\u0131r. Ha\u015flako\u011flu, logos\u2013patos, sofos\u2013filozof, d\u0131\u015fsal yaz\u0131\u2013i\u00e7sel yaz\u0131 gibi ikilikler \u00fczerinden ruhun e\u011fitimi, hakikatin aktar\u0131m\u0131 ve d\u00fc\u015f\u00fcncenin sahnesini analiz eder. Ps\u00fche\u2019nin yap\u0131s\u0131, Eros\u2019un rol\u00fc ve yaz\u0131n\u0131n bilgiyi temsil edip edemeyece\u011fi sorusu merkezde yer al\u0131r.<\/li>\n<li><strong> Ana Temalar ve Ba\u015fl\u0131klar<\/strong><\/li>\n<\/ol>\n<ol>\n<li><strong>Dialektike Methodos: S\u00fcnegogi ve Diyairesis<\/strong><br \/>\nPlaton\u2019un bilgi y\u00f6ntemi olarak tan\u0131mlad\u0131\u011f\u0131 <em>dialektike methodos<\/em>, iki temel bile\u015fen i\u00e7erir: <em>synagoge<\/em> (bir araya getirme) ve <em>diairesis<\/em> (ay\u0131rt etme). Bu y\u00f6ntem, \u00e7oklu\u011fu eidos temelinde s\u0131n\u0131fland\u0131rarak varl\u0131\u011f\u0131 anlama s\u00fcrecini m\u00fcmk\u00fcn k\u0131lar. \u0130yi-k\u00f6t\u00fc ayr\u0131m\u0131 da bu y\u00f6ntemle belirginle\u015fir.<\/li>\n<li><strong>Manya: \u0130lahi ve Be\u015feri Ayr\u0131m\u0131<\/strong><br \/>\nSeminerde, <em>manya<\/em> kavram\u0131 ilahi ve be\u015feri olarak ikiye ayr\u0131l\u0131r. \u0130lahi olan manya, insan\u0131 \u00f6zg\u00fcrle\u015ftiren ve erdeme y\u00f6nelten a\u015fk\u0131 temsil ederken; be\u015feri olan, i\u00e7g\u00fcd\u00fclerin h\u00e2kimiyetindeki tutkular\u0131 ifade eder. Bu ayr\u0131m, se\u00e7imde zorunluluk ve ideaya dayanan gerek\u00e7elendirmeyle temellendirilir.<\/li>\n<li><strong>Ps\u00fche, Eros ve Logos \u0130li\u015fkisi<\/strong><br \/>\nPs\u00fche, Platon\u2019da felsefenin sahnesidir. D\u00f6n\u00fc\u015f\u00fcm, logos ile de\u011fil, eros ve patos ile m\u00fcmk\u00fcnd\u00fcr. \u00c7\u00fcnk\u00fc ruh doksada unutulmu\u015f h\u00e2lde bulunur; hat\u0131rlama (<em>anamnesis<\/em>) ancak a\u015fk\u0131n ve duygunun arac\u0131l\u0131\u011f\u0131yla ger\u00e7ekle\u015febilir. Bu ba\u011flamda Aristoteles\u2019te bulunmayan <em>ps\u00fchegogya<\/em> (ruh e\u011fitimi) Platon i\u00e7in merkezi \u00f6nemdedir.<\/li>\n<li><strong>Yaz\u0131, Haf\u0131za ve \u0130\u00e7sel Bilgi Aktar\u0131m\u0131<\/strong><br \/>\n<em>Phaidros<\/em>\u2019ta Teut mitosu \u00fczerinden yaz\u0131n\u0131n bilgiye katk\u0131s\u0131 sorgulan\u0131r. Yaz\u0131, unutmay\u0131 te\u015fvik ederken, ruhun i\u00e7ine \u201cyaz\u0131lan\u201d bilgi ger\u00e7ek bilgidir. Bu bilgi yaln\u0131zca bilenin ruhuna nak\u015fedilir. Platon\u2019a g\u00f6re yaz\u0131, sadece hat\u0131rlat\u0131c\u0131d\u0131r; hakikat ancak canl\u0131, ruhu d\u00f6n\u00fc\u015ft\u00fcren s\u00f6zle m\u00fcmk\u00fcnd\u00fcr.<\/li>\n<li><strong>Sofos ve Filozof Ayr\u0131m\u0131: Ontolojik ve Epistemolojik Temeller<\/strong><br \/>\nPlaton\u2019da <em>sofos<\/em> Tanr\u0131sal bilgiye sahip olan, <em>filozof<\/em> ise hakikate y\u00f6nelen, d\u00f6n\u00fc\u015f h\u00e2lindeki fig\u00fcrd\u00fcr. Alkibiades\u2019in d\u00f6n\u00fc\u015f\u00fcm s\u00fcreci \u00f6rne\u011finde oldu\u011fu gibi, filozofos h\u00e2l\u00e2 doksa\u2019dad\u0131r. Doxa\u2019dan \u00e7\u0131k\u0131\u015f ancak Eros ve Kalos arac\u0131l\u0131\u011f\u0131yla m\u00fcmk\u00fcnd\u00fcr. Bu s\u00fcre\u00e7, ruhun ar\u0131nmas\u0131 ve erdemle bulu\u015fmas\u0131 anlam\u0131na gelir.<\/li>\n<li><strong>Metaforik Yaz\u0131 ve Hakikatin Nak\u015f\u0131<\/strong><br \/>\nMetinde, yaz\u0131 d\u0131\u015fsal bir iz olmaktan \u00e7ok, ruhun derinliklerine kaz\u0131nan bir hat\u0131rlama arac\u0131d\u0131r. Bu yaz\u0131, canl\u0131d\u0131r; \u00e7\u00fcnk\u00fc ruhla temas kurar. Bu y\u00f6n\u00fcyle logos, organizmik bir yap\u0131 kazan\u0131r ama bizzat canl\u0131 de\u011fildir\u2014canl\u0131l\u0131\u011f\u0131, ps\u00fcheye yaz\u0131lmas\u0131yla edinir.<\/li>\n<\/ol>\n<ol start=\"3\">\n<li><strong> Sonu\u00e7<\/strong><br \/>\nBu seminer, Platon\u2019un bilgi, yaz\u0131 ve ruh anlay\u0131\u015f\u0131n\u0131 <em>Phaidros<\/em> diyalo\u011fu \u00fczerinden yeniden yap\u0131land\u0131r\u0131r. Retorik ve diyalekti\u011fin epistemolojik s\u0131n\u0131rlar\u0131, ruhun d\u00f6n\u00fc\u015f\u00fcm kapasitesi ve hakikatin ifadesiyle ili\u015fkilendirilir. Ha\u015flako\u011flu, yaz\u0131n\u0131n ve s\u00f6z\u00fcn mahiyetine dair Platon\u2019un yakla\u015f\u0131m\u0131n\u0131 g\u00fcncel d\u00fc\u015f\u00fcnceyle k\u0131yaslayarak felsefenin temel meselelerini yeniden d\u00fc\u015f\u00fcnmeye \u00e7a\u011f\u0131r\u0131r.<\/li>\n<\/ol>\n<p>&nbsp;<\/p>\n<ol>\n<li><strong> Purpose and Content of the Seminar<\/strong><br \/>\nThis seminar, centered on the <em>Phaedrus<\/em> dialogue, explores Plato\u2019s theory of knowledge, rhetoric, and writing within the framework of the <em>dialektik\u0113 methodos<\/em> (dialectical method) and the transformation of the soul (<em>psukh\u0113<\/em>). Ha\u015flako\u011flu analyzes pairs such as logos\u2013pathos, sophos\u2013philosophos, and external\u2013internal writing to investigate how the soul is educated, how truth is transmitted, and how thought is staged. Key themes include the structure of the soul, the role of Eros, and the question of whether writing can convey true knowledge.<\/li>\n<li><strong> Main Themes and Topics<\/strong><\/li>\n<\/ol>\n<ol>\n<li><strong>Dialektik\u0113 Methodos: Synag\u014dg\u0113 and Diairesis<\/strong><br \/>\nPlato\u2019s dialectical method is grounded in two operations: <em>synag\u014dg\u0113<\/em> (gathering together) and <em>diairesis<\/em> (division). This process enables the classification of multiplicity based on <em>eidos<\/em> (form), making the comprehension of being possible. It is also the method by which good is distinguished from evil.<\/li>\n<li><strong>Mania: Divine vs. Human Distinction<\/strong><br \/>\n<em>Mania<\/em> (madness) is divided into divine and human forms. Divine <em>mania<\/em> liberates the soul and leads it toward virtue and beauty, while human <em>mania<\/em> reflects instinct-driven passions. The distinction is rooted in the necessity of choice and alignment with the idea of the good.<\/li>\n<li><strong>Psukh\u0113, Eros, and Logos<\/strong><br \/>\nThe soul is the stage of philosophy in Plato. Transformation occurs not through logos (reason), but through Eros and pathos. The soul, trapped in <em>doxa<\/em> (opinion), can only remember truth through emotional and erotic awakening. Unlike Aristotle, Plato centralizes <em>psukh\u0113gogia<\/em>\u2014the guidance and cultivation of the soul.<\/li>\n<li><strong>Writing, Memory, and Inner Transmission of Knowledge<\/strong><br \/>\nThrough the myth of Theuth, Plato questions whether writing truly aids memory. Writing is shown to promote forgetfulness, while genuine knowledge is \u201cinscribed\u201d into the soul. Plato argues that truth is only communicated through living, soul-touching speech\u2014not external texts.<\/li>\n<li><strong>Sophos vs. Philosophos: Ontological and Epistemological Grounds<\/strong><br \/>\nIn Plato, the <em>sophos<\/em> possesses divine knowledge, while the <em>philosophos<\/em> is still on the journey toward truth. Like Alcibiades, the <em>philosophos<\/em> remains within <em>doxa<\/em>, and can only transcend it through Eros and Kalos (beauty). This process reflects a moral and spiritual purification of the soul.<\/li>\n<li><strong>Metaphorical Writing and the Engraving of Truth<\/strong><br \/>\nWriting is not merely an external trace, but a metaphor for deep cognitive inscription. True writing is \u201calive\u201d because it reaches into the soul. Logos acquires life only when it is written into the soul, not when preserved as inert text.<\/li>\n<\/ol>\n<ol start=\"3\">\n<li><strong> Conclusion<\/strong><br \/>\nThis seminar reconstructs Plato\u2019s understanding of knowledge, writing, and the soul through the lens of <em>Phaedrus<\/em>. The epistemic limits of rhetoric and dialectic are tied to the soul\u2019s capacity for transformation and its relationship to truth. Ha\u015flako\u011flu invites the reader to reconsider philosophical expression through Plato\u2019s critique of writing and his defense of soul-shaping speech.<\/li>\n<\/ol>\n<p>&nbsp;<\/p>\n","protected":false},"excerpt":{"rendered":"<p>O\u011eUZ HA\u015eLAKO\u011eLU:PLATON, DEVLET 19. SEM\u0130NER \u00d6ZET\u0130 Seminerin Amac\u0131 ve \u0130\u00e7eri\u011fi [&hellip;]<\/p>\n","protected":false},"author":1,"featured_media":0,"parent":0,"menu_order":0,"comment_status":"closed","ping_status":"closed","template":"","meta":{"footnotes":""},"class_list":["post-4784","page","type-page","status-publish","hentry"],"jetpack_sharing_enabled":true,"_links":{"self":[{"href":"https:\/\/klasikdusunceokulu.com\/index.php\/wp-json\/wp\/v2\/pages\/4784","targetHints":{"allow":["GET"]}}],"collection":[{"href":"https:\/\/klasikdusunceokulu.com\/index.php\/wp-json\/wp\/v2\/pages"}],"about":[{"href":"https:\/\/klasikdusunceokulu.com\/index.php\/wp-json\/wp\/v2\/types\/page"}],"author":[{"embeddable":true,"href":"https:\/\/klasikdusunceokulu.com\/index.php\/wp-json\/wp\/v2\/users\/1"}],"replies":[{"embeddable":true,"href":"https:\/\/klasikdusunceokulu.com\/index.php\/wp-json\/wp\/v2\/comments?post=4784"}],"version-history":[{"count":1,"href":"https:\/\/klasikdusunceokulu.com\/index.php\/wp-json\/wp\/v2\/pages\/4784\/revisions"}],"predecessor-version":[{"id":4785,"href":"https:\/\/klasikdusunceokulu.com\/index.php\/wp-json\/wp\/v2\/pages\/4784\/revisions\/4785"}],"wp:attachment":[{"href":"https:\/\/klasikdusunceokulu.com\/index.php\/wp-json\/wp\/v2\/media?parent=4784"}],"curies":[{"name":"wp","href":"https:\/\/api.w.org\/{rel}","templated":true}]}}