{"id":5250,"date":"2025-05-09T16:44:39","date_gmt":"2025-05-09T13:44:39","guid":{"rendered":"https:\/\/klasikdusunceokulu.com\/?page_id=5250"},"modified":"2025-05-09T18:01:11","modified_gmt":"2025-05-09T15:01:11","slug":"ekrem-demirli-gazzali-miskatul-envar","status":"publish","type":"page","link":"https:\/\/klasikdusunceokulu.com\/index.php\/ekrem-demirli-gazzali-miskatul-envar\/","title":{"rendered":"Ekrem Demirli: Gazz\u00e2l\u00ee, Mi\u015fk\u00e2t\u00fc\u2019l-env\u00e2r"},"content":{"rendered":"<p><a href=\"https:\/\/klasikdusunceokulu.com\/index.php\/ekrem-demirli-gazzali-miskatul-envar-1-seminer-ozeti\/\"><span style=\"color: #3b5163;\"><strong>EKREM DEM\u0130RL\u0130: GAZZ\u00c2L\u00ce, M\u0130\u015eK\u00c2T\u00dc&#8217;L-ENV\u00c2R 1. SEM\u0130NER \u00d6ZET\u0130<\/strong><\/span><\/a><\/p>\n<p><a href=\"https:\/\/klasikdusunceokulu.com\/index.php\/ekrem-demirli-gazzali-miskatul-envar-2-seminer-ozeti\/\"><span style=\"color: #3b5163;\"><strong>EKREM DEM\u0130RL\u0130: GAZZ\u00c2L\u00ce, M\u0130\u015eK\u00c2T\u00dc&#8217;L-ENV\u00c2R 2. SEM\u0130NER \u00d6ZET\u0130<\/strong><\/span><\/a><\/p>\n<p><a href=\"https:\/\/klasikdusunceokulu.com\/index.php\/ekrem-demirli-gazzali-miskatul-envar-3-seminer-ozeti\/\"><span style=\"color: #3b5163;\"><strong>EKREM DEM\u0130RL\u0130: GAZZ\u00c2L\u00ce, M\u0130\u015eK\u00c2T\u00dc&#8217;L-ENV\u00c2R 3. SEM\u0130NER \u00d6ZET\u0130<\/strong><\/span><\/a><\/p>\n<p><a href=\"https:\/\/klasikdusunceokulu.com\/index.php\/ekrem-demirli-gazzali-miskatul-envar-4-seminer-ozeti\/\"><span style=\"color: #3b5163;\"><strong>EKREM DEM\u0130RL\u0130: GAZZ\u00c2L\u00ce, M\u0130\u015eK\u00c2T\u00dc&#8217;L-ENV\u00c2R 4. SEM\u0130NER \u00d6ZET\u0130<\/strong><\/span><\/a><\/p>\n<p><a href=\"https:\/\/klasikdusunceokulu.com\/index.php\/ekrem-demirli-gazzali-miskatul-envar-5-seminer-ozeti\/\"><span style=\"color: #3b5163;\"><strong>EKREM DEM\u0130RL\u0130: GAZZ\u00c2L\u00ce, M\u0130\u015eK\u00c2T\u00dc&#8217;L-ENV\u00c2R 5. SEM\u0130NER \u00d6ZET\u0130<\/strong><\/span><\/a><\/p>\n<p><a href=\"https:\/\/klasikdusunceokulu.com\/index.php\/ekrem-demirli-gazzali-miskatul-envar-6-seminer-ozeti\/\"><span style=\"color: #3b5163;\"><strong>EKREM DEM\u0130RL\u0130: GAZZ\u00c2L\u00ce, M\u0130\u015eK\u00c2T\u00dc&#8217;L-ENV\u00c2R 6. SEM\u0130NER \u00d6ZET\u0130<\/strong><\/span><\/a><\/p>\n","protected":false},"excerpt":{"rendered":"<p>EKREM DEM\u0130RL\u0130: GAZZ\u00c2L\u00ce, M\u0130\u015eK\u00c2T\u00dc&#8217;L-ENV\u00c2R 1. SEM\u0130NER \u00d6ZET\u0130 EKREM DEM\u0130RL\u0130: GAZZ\u00c2L\u00ce, [&hellip;]<\/p>\n","protected":false},"author":1,"featured_media":0,"parent":0,"menu_order":0,"comment_status":"closed","ping_status":"closed","template":"","meta":{"footnotes":""},"class_list":["post-5250","page","type-page","status-publish","hentry"],"jetpack_sharing_enabled":true,"_links":{"self":[{"href":"https:\/\/klasikdusunceokulu.com\/index.php\/wp-json\/wp\/v2\/pages\/5250","targetHints":{"allow":["GET"]}}],"collection":[{"href":"https:\/\/klasikdusunceokulu.com\/index.php\/wp-json\/wp\/v2\/pages"}],"about":[{"href":"https:\/\/klasikdusunceokulu.com\/index.php\/wp-json\/wp\/v2\/types\/page"}],"author":[{"embeddable":true,"href":"https:\/\/klasikdusunceokulu.com\/index.php\/wp-json\/wp\/v2\/users\/1"}],"replies":[{"embeddable":true,"href":"https:\/\/klasikdusunceokulu.com\/index.php\/wp-json\/wp\/v2\/comments?post=5250"}],"version-history":[{"count":3,"href":"https:\/\/klasikdusunceokulu.com\/index.php\/wp-json\/wp\/v2\/pages\/5250\/revisions"}],"predecessor-version":[{"id":5266,"href":"https:\/\/klasikdusunceokulu.com\/index.php\/wp-json\/wp\/v2\/pages\/5250\/revisions\/5266"}],"wp:attachment":[{"href":"https:\/\/klasikdusunceokulu.com\/index.php\/wp-json\/wp\/v2\/media?parent=5250"}],"curies":[{"name":"wp","href":"https:\/\/api.w.org\/{rel}","templated":true}]}}