{"id":5314,"date":"2025-05-10T15:05:28","date_gmt":"2025-05-10T12:05:28","guid":{"rendered":"https:\/\/klasikdusunceokulu.com\/?page_id=5314"},"modified":"2025-05-13T14:37:27","modified_gmt":"2025-05-13T11:37:27","slug":"erman-gorenhomeros-okumalari-ilias","status":"publish","type":"page","link":"https:\/\/klasikdusunceokulu.com\/index.php\/erman-gorenhomeros-okumalari-ilias\/","title":{"rendered":"Erman G\u00f6ren,Homeros Okumalar\u0131: Ilias"},"content":{"rendered":"<p><span style=\"color: #3b5163;\"><a style=\"color: #3b5163;\" href=\"https:\/\/klasikdusunceokulu.com\/index.php\/erman-goren-homeros-okumalariilias-1-seminer-ozeti\/\"><strong>ERMAN G\u00d6REN, HOMEROS OKUMALARI:IL\u0130AS 1. SEM\u0130NER \u00d6ZET\u0130<\/strong><\/a><\/span><\/p>\n<p><span style=\"color: #3b5163;\"><a style=\"color: #3b5163;\" href=\"https:\/\/klasikdusunceokulu.com\/index.php\/erman-goren-homeros-okumalariilias-2-seminer-ozeti\/\"><strong>ERMAN G\u00d6REN, HOMEROS OKUMALARI:IL\u0130AS 2. SEM\u0130NER \u00d6ZET\u0130<\/strong><\/a><\/span><\/p>\n<p><span style=\"color: #3b5163;\"><a style=\"color: #3b5163;\" href=\"https:\/\/klasikdusunceokulu.com\/index.php\/erman-goren-homeros-okumalariilias-3-seminer-ozeti\/\"><strong>ERMAN G\u00d6REN, HOMEROS OKUMALARI:IL\u0130AS 3. SEM\u0130NER \u00d6ZET\u0130<\/strong><\/a><\/span><\/p>\n<p><span style=\"color: #3b5163;\"><a style=\"color: #3b5163;\" href=\"https:\/\/klasikdusunceokulu.com\/index.php\/erman-goren-homeros-okumalariilias-4-seminer-ozeti\/\"><strong>ERMAN G\u00d6REN, HOMEROS OKUMALARI:IL\u0130AS 4. SEM\u0130NER \u00d6ZET\u0130<\/strong><\/a><\/span><\/p>\n<p><span style=\"color: #3b5163;\"><a style=\"color: #3b5163;\" href=\"https:\/\/klasikdusunceokulu.com\/index.php\/erman-goren-homeros-okumalariilias-5-seminer-ozeti\/\"><strong>ERMAN G\u00d6REN, HOMEROS OKUMALARI:IL\u0130AS 5. SEM\u0130NER \u00d6ZET\u0130<\/strong><\/a><\/span><\/p>\n<p><span style=\"color: #3b5163;\"><a style=\"color: #3b5163;\" href=\"https:\/\/klasikdusunceokulu.com\/index.php\/erman-goren-homeros-okumalariilias-6-seminer-ozeti\/\"><strong>ERMAN G\u00d6REN, HOMEROS OKUMALARI:IL\u0130AS 6. SEM\u0130NER \u00d6ZET\u0130<\/strong><\/a><\/span><\/p>\n<p><span style=\"color: #3b5163;\"><a style=\"color: #3b5163;\" href=\"https:\/\/klasikdusunceokulu.com\/index.php\/erman-goren-homeros-okumalariilias-7-seminer-ozeti\/\"><strong>ERMAN G\u00d6REN, HOMEROS OKUMALARI:IL\u0130AS 7. SEM\u0130NER \u00d6ZET\u0130<\/strong><\/a><\/span><\/p>\n<p><span style=\"color: #3b5163;\"><a style=\"color: #3b5163;\" href=\"https:\/\/klasikdusunceokulu.com\/index.php\/erman-goren-homeros-okumalariilias-8-seminer-ozeti\/\"><strong>ERMAN G\u00d6REN, HOMEROS OKUMALARI:IL\u0130AS 8. SEM\u0130NER \u00d6ZET\u0130<\/strong><\/a><\/span><\/p>\n<p><span style=\"color: #3b5163;\"><a style=\"color: #3b5163;\" href=\"https:\/\/klasikdusunceokulu.com\/index.php\/erman-goren-homeros-okumalariilias-9-seminer-ozeti\/\"><strong>ERMAN G\u00d6REN, HOMEROS OKUMALARI:IL\u0130AS 9. SEM\u0130NER \u00d6ZET\u0130<\/strong><\/a><\/span><\/p>\n<p><span style=\"color: #3b5163;\"><a style=\"color: #3b5163;\" href=\"https:\/\/klasikdusunceokulu.com\/index.php\/erman-goren-homeros-okumalariilias-10-seminer-ozeti\/\"><strong>ERMAN G\u00d6REN, HOMEROS OKUMALARI:IL\u0130AS 10. SEM\u0130NER \u00d6ZET\u0130<\/strong><\/a><\/span><\/p>\n<p><span style=\"color: #3b5163;\"><a style=\"color: #3b5163;\" href=\"https:\/\/klasikdusunceokulu.com\/index.php\/erman-goren-homeros-okumalariilias-11-seminer-ozeti\/\"><strong>ERMAN G\u00d6REN, HOMEROS OKUMALARI:IL\u0130AS 11. SEM\u0130NER \u00d6ZET\u0130<\/strong><\/a><\/span><\/p>\n<p><span style=\"color: #3b5163;\"><a style=\"color: #3b5163;\" href=\"https:\/\/klasikdusunceokulu.com\/index.php\/erman-goren-homeros-okumalariilias-12-seminer-ozeti\/\"><strong>ERMAN G\u00d6REN, HOMEROS OKUMALARI:IL\u0130AS 12. SEM\u0130NER \u00d6ZET\u0130<\/strong><\/a><\/span><\/p>\n<p><span style=\"color: #3b5163;\"><a style=\"color: #3b5163;\" href=\"https:\/\/klasikdusunceokulu.com\/index.php\/erman-goren-homeros-okumalariilias-13-seminer-ozeti\/\"><strong>ERMAN G\u00d6REN, HOMEROS OKUMALARI:IL\u0130AS 13. SEM\u0130NER \u00d6ZET\u0130<\/strong><\/a><\/span><\/p>\n<p><span style=\"color: #3b5163;\"><a style=\"color: #3b5163;\" href=\"https:\/\/klasikdusunceokulu.com\/index.php\/erman-goren-homeros-okumalariilias-14-seminer-ozeti\/\"><strong>ERMAN G\u00d6REN, HOMEROS OKUMALARI:IL\u0130AS 14. SEM\u0130NER \u00d6ZET\u0130<\/strong><\/a><\/span><\/p>\n<p><span style=\"color: #3b5163;\"><a style=\"color: #3b5163;\" href=\"https:\/\/klasikdusunceokulu.com\/index.php\/erman-goren-homeros-okumalariilias-15-seminer-ozeti\/\"><strong>ERMAN G\u00d6REN, HOMEROS OKUMALARI:IL\u0130AS 15. SEM\u0130NER \u00d6ZET\u0130<\/strong><\/a><\/span><\/p>\n<p><span style=\"color: #3b5163;\"><a style=\"color: #3b5163;\" href=\"https:\/\/klasikdusunceokulu.com\/index.php\/erman-goren-homeros-okumalariilias-16-seminer-ozeti\/\"><strong>ERMAN G\u00d6REN, HOMEROS OKUMALARI:IL\u0130AS 16. SEM\u0130NER \u00d6ZET\u0130<\/strong><\/a><\/span><\/p>\n<p><span style=\"color: #3b5163;\"><a style=\"color: #3b5163;\" href=\"https:\/\/klasikdusunceokulu.com\/index.php\/erman-goren-homeros-okumalariilias-17-seminer-ozeti\/\"><strong>ERMAN G\u00d6REN, HOMEROS OKUMALARI:IL\u0130AS 17. SEM\u0130NER \u00d6ZET\u0130<\/strong><\/a><\/span><\/p>\n<p><span style=\"color: #3b5163;\"><a style=\"color: #3b5163;\" href=\"https:\/\/klasikdusunceokulu.com\/index.php\/erman-goren-homeros-okumalariilias-18-seminer-ozeti\/\"><strong>ERMAN G\u00d6REN, HOMEROS OKUMALARI:IL\u0130AS 18. SEM\u0130NER \u00d6ZET\u0130<\/strong><\/a><\/span><\/p>\n<p><span style=\"color: #3b5163;\"><a style=\"color: #3b5163;\" href=\"https:\/\/klasikdusunceokulu.com\/index.php\/erman-goren-homeros-okumalariilias-19-seminer-ozeti\/\"><strong>ERMAN G\u00d6REN, HOMEROS OKUMALARI:IL\u0130AS 19. SEM\u0130NER \u00d6ZET\u0130<\/strong><\/a><\/span><\/p>\n<p><span style=\"color: #3b5163;\"><a style=\"color: #3b5163;\" href=\"https:\/\/klasikdusunceokulu.com\/index.php\/erman-goren-homeros-okumalariilias-20-seminer-ozeti\/\"><strong>ERMAN G\u00d6REN, HOMEROS OKUMALARI:IL\u0130AS 20. SEM\u0130NER \u00d6ZET\u0130<\/strong><\/a><\/span><\/p>\n<p><span style=\"color: #3b5163;\"><a style=\"color: #3b5163;\" href=\"https:\/\/klasikdusunceokulu.com\/index.php\/erman-goren-homeros-okumalariilias-21-seminer-ozeti\/\"><strong>ERMAN G\u00d6REN, HOMEROS OKUMALARI:IL\u0130AS 21. SEM\u0130NER \u00d6ZET\u0130<\/strong><\/a><\/span><\/p>\n<p><span style=\"color: #3b5163;\"><a style=\"color: #3b5163;\" href=\"https:\/\/klasikdusunceokulu.com\/index.php\/erman-goren-homeros-okumalariilias-22-seminer-ozeti\/\"><strong>ERMAN G\u00d6REN, HOMEROS OKUMALARI:IL\u0130AS 22. SEM\u0130NER \u00d6ZET\u0130<\/strong><\/a><\/span><\/p>\n<p><span style=\"color: #3b5163;\"><a style=\"color: #3b5163;\" href=\"https:\/\/klasikdusunceokulu.com\/index.php\/erman-goren-homeros-okumalariilias-23-seminer-ozeti\/\"><strong>ERMAN G\u00d6REN, HOMEROS OKUMALARI:IL\u0130AS 23. SEM\u0130NER \u00d6ZET\u0130<\/strong><\/a><\/span><\/p>\n<p><span style=\"color: #3b5163;\"><a style=\"color: #3b5163;\" href=\"https:\/\/klasikdusunceokulu.com\/index.php\/erman-goren-homeros-okumalariilias-24-seminer-ozeti\/\"><strong>ERMAN G\u00d6REN, HOMEROS OKUMALARI:IL\u0130AS 24. SEM\u0130NER \u00d6ZET\u0130<\/strong><\/a><\/span><\/p>\n<p><span style=\"color: #3b5163;\"><a style=\"color: #3b5163;\" href=\"https:\/\/klasikdusunceokulu.com\/index.php\/erman-goren-homeros-okumalariilias-25-seminer-ozeti\/\"><strong>ERMAN G\u00d6REN, HOMEROS OKUMALARI:IL\u0130AS 25. SEM\u0130NER \u00d6ZET\u0130<\/strong><\/a><\/span><\/p>\n<p><span style=\"color: #3b5163;\"><a style=\"color: #3b5163;\" href=\"https:\/\/klasikdusunceokulu.com\/index.php\/erman-goren-homeros-okumalariilias-26-seminer-ozeti\/\"><strong>ERMAN G\u00d6REN, HOMEROS OKUMALARI:IL\u0130AS 26. SEM\u0130NER \u00d6ZET\u0130<\/strong><\/a><\/span><\/p>\n<p><span style=\"color: #3b5163;\"><a style=\"color: #3b5163;\" href=\"https:\/\/klasikdusunceokulu.com\/index.php\/erman-goren-homeros-okumalariilias-27-seminer-ozeti\/\"><strong>ERMAN G\u00d6REN, HOMEROS OKUMALARI:IL\u0130AS 27. SEM\u0130NER \u00d6ZET\u0130<\/strong><\/a><\/span><\/p>\n<p><span style=\"color: #3b5163;\"><a style=\"color: #3b5163;\" href=\"https:\/\/klasikdusunceokulu.com\/index.php\/erman-goren-homeros-okumalariilias-28-seminer-ozeti\/\"><strong>ERMAN G\u00d6REN, HOMEROS OKUMALARI:IL\u0130AS 28. SEM\u0130NER \u00d6ZET\u0130<\/strong><\/a><\/span><\/p>\n<p><span style=\"color: #3b5163;\"><a style=\"color: #3b5163;\" href=\"https:\/\/klasikdusunceokulu.com\/index.php\/erman-goren-homeros-okumalariilias-29-seminer-ozeti\/\"><strong>ERMAN G\u00d6REN, HOMEROS OKUMALARI:IL\u0130AS 29. SEM\u0130NER \u00d6ZET\u0130<\/strong><\/a><\/span><\/p>\n<p><span style=\"color: #3b5163;\"><a style=\"color: #3b5163;\" href=\"https:\/\/klasikdusunceokulu.com\/index.php\/erman-goren-homeros-okumalariilias-30-seminer-ozeti\/\"><strong>ERMAN G\u00d6REN, HOMEROS OKUMALARI:IL\u0130AS 30. SEM\u0130NER \u00d6ZET\u0130<\/strong><\/a><\/span><\/p>\n<p><span style=\"color: #3b5163;\"><a style=\"color: #3b5163;\" href=\"https:\/\/klasikdusunceokulu.com\/index.php\/erman-goren-homeros-okumalariilias-31-seminer-ozeti\/\"><strong>ERMAN G\u00d6REN, HOMEROS OKUMALARI:IL\u0130AS 31. SEM\u0130NER \u00d6ZET\u0130<\/strong><\/a><\/span><\/p>\n<p><span style=\"color: #3b5163;\"><a style=\"color: #3b5163;\" href=\"https:\/\/klasikdusunceokulu.com\/index.php\/erman-goren-homeros-okumalariilias-32-seminer-ozeti\/\"><strong>ERMAN G\u00d6REN, HOMEROS OKUMALARI:IL\u0130AS 32. SEM\u0130NER \u00d6ZET\u0130<\/strong><\/a><\/span><\/p>\n<p><span style=\"color: #3b5163;\"><a style=\"color: #3b5163;\" href=\"https:\/\/klasikdusunceokulu.com\/index.php\/erman-goren-homeros-okumalariilias-33-seminer-ozeti\/\"><strong>ERMAN G\u00d6REN, HOMEROS OKUMALARI:IL\u0130AS 33. SEM\u0130NER \u00d6ZET\u0130<\/strong><\/a><\/span><\/p>\n<p><span style=\"color: #3b5163;\"><a style=\"color: #3b5163;\" href=\"https:\/\/klasikdusunceokulu.com\/index.php\/erman-goren-homeros-okumalariilias-34-seminer-ozeti\/\"><strong>ERMAN G\u00d6REN, HOMEROS OKUMALARI:IL\u0130AS 34. SEM\u0130NER \u00d6ZET\u0130<\/strong><\/a><\/span><\/p>\n<p><span style=\"color: #3b5163;\"><a style=\"color: #3b5163;\" href=\"https:\/\/klasikdusunceokulu.com\/index.php\/erman-goren-homeros-okumalariilias-35-seminer-ozeti\/\"><strong>ERMAN G\u00d6REN, HOMEROS OKUMALARI:IL\u0130AS 35. SEM\u0130NER \u00d6ZET\u0130<\/strong><\/a><\/span><\/p>\n<p><span style=\"color: #3b5163;\"><a style=\"color: #3b5163;\" href=\"https:\/\/klasikdusunceokulu.com\/index.php\/erman-goren-homeros-okumalariilias-36-seminer-ozeti\/\"><strong>ERMAN G\u00d6REN, HOMEROS OKUMALARI:IL\u0130AS 36. SEM\u0130NER \u00d6ZET\u0130<\/strong><\/a><\/span><\/p>\n<p><span style=\"color: #3b5163;\"><a style=\"color: #3b5163;\" href=\"https:\/\/klasikdusunceokulu.com\/index.php\/erman-goren-homeros-okumalariilias-37-seminer-ozeti\/\"><strong>ERMAN G\u00d6REN, HOMEROS OKUMALARI:IL\u0130AS 37. SEM\u0130NER \u00d6ZET\u0130<\/strong><\/a><\/span><\/p>\n<p><span style=\"color: #3b5163;\"><a style=\"color: #3b5163;\" href=\"https:\/\/klasikdusunceokulu.com\/index.php\/erman-goren-homeros-okumalariilias-38-seminer-ozeti\/\"><strong>ERMAN G\u00d6REN, HOMEROS OKUMALARI:IL\u0130AS 38. SEM\u0130NER \u00d6ZET\u0130<\/strong><\/a><\/span><\/p>\n<p><span style=\"color: #3b5163;\"><a style=\"color: #3b5163;\" href=\"https:\/\/klasikdusunceokulu.com\/index.php\/erman-goren-homeros-okumalariilias-39-seminer-ozeti\/\"><strong>ERMAN G\u00d6REN, HOMEROS OKUMALARI:IL\u0130AS 39. SEM\u0130NER \u00d6ZET\u0130<\/strong><\/a><\/span><\/p>\n<p><span style=\"color: #3b5163;\"><a style=\"color: #3b5163;\" href=\"https:\/\/klasikdusunceokulu.com\/index.php\/erman-goren-homeros-okumalariilias-40-seminer-ozeti\/\"><strong>ERMAN G\u00d6REN, HOMEROS OKUMALARI:IL\u0130AS 40. SEM\u0130NER \u00d6ZET\u0130<\/strong><\/a><\/span><\/p>\n<p><span style=\"color: #3b5163;\"><a style=\"color: #3b5163;\" href=\"https:\/\/klasikdusunceokulu.com\/index.php\/erman-goren-homeros-okumalariilias-41-seminer-ozeti\/\"><strong>ERMAN G\u00d6REN, HOMEROS OKUMALARI:IL\u0130AS 41. SEM\u0130NER \u00d6ZET\u0130<\/strong><\/a><\/span><\/p>\n<p><span style=\"color: #3b5163;\"><a style=\"color: #3b5163;\" href=\"https:\/\/klasikdusunceokulu.com\/index.php\/erman-goren-homeros-okumalariilias-42-seminer-ozeti\/\"><strong>ERMAN G\u00d6REN, HOMEROS OKUMALARI:IL\u0130AS 42. SEM\u0130NER \u00d6ZET\u0130<\/strong><\/a><\/span><\/p>\n<p><span style=\"color: #3b5163;\"><a style=\"color: #3b5163;\" href=\"https:\/\/klasikdusunceokulu.com\/index.php\/erman-goren-homeros-okumalariilias-43-seminer-ozeti\/\"><strong>ERMAN G\u00d6REN, HOMEROS OKUMALARI:IL\u0130AS 43. SEM\u0130NER \u00d6ZET\u0130<\/strong><\/a><\/span><\/p>\n<p><span style=\"color: #3b5163;\"><a style=\"color: #3b5163;\" href=\"https:\/\/klasikdusunceokulu.com\/index.php\/erman-goren-homeros-okumalariilias-44-seminer-ozeti\/\"><strong>ERMAN G\u00d6REN, HOMEROS OKUMALARI:IL\u0130AS 44. SEM\u0130NER \u00d6ZET\u0130<\/strong><\/a><\/span><\/p>\n<p><span style=\"color: #3b5163;\"><a style=\"color: #3b5163;\" href=\"https:\/\/klasikdusunceokulu.com\/index.php\/erman-goren-homeros-okumalariilias-45-seminer-ozeti\/\"><strong>ERMAN G\u00d6REN, HOMEROS OKUMALARI:IL\u0130AS 45. SEM\u0130NER \u00d6ZET\u0130<\/strong><\/a><\/span><\/p>\n<p><span style=\"color: #3b5163;\"><a style=\"color: #3b5163;\" href=\"https:\/\/klasikdusunceokulu.com\/index.php\/erman-goren-homeros-okumalariilias-46-seminer-ozeti\/\"><strong>ERMAN G\u00d6REN, HOMEROS OKUMALARI:IL\u0130AS 46. SEM\u0130NER \u00d6ZET\u0130<\/strong><\/a><\/span><\/p>\n<p><span style=\"color: #3b5163;\"><a style=\"color: #3b5163;\" href=\"https:\/\/klasikdusunceokulu.com\/index.php\/erman-goren-homeros-okumalariilias-47-seminer-ozeti\/\"><strong>ERMAN G\u00d6REN, HOMEROS OKUMALARI:IL\u0130AS 47. SEM\u0130NER \u00d6ZET\u0130<\/strong><\/a><\/span><\/p>\n<p><span style=\"color: #3b5163;\"><a style=\"color: #3b5163;\" href=\"https:\/\/klasikdusunceokulu.com\/index.php\/erman-goren-homeros-okumalariilias-48-seminer-ozeti\/\"><strong>ERMAN G\u00d6REN, HOMEROS OKUMALARI:IL\u0130AS 48. SEM\u0130NER \u00d6ZET\u0130<\/strong><\/a><\/span><\/p>\n<p><span style=\"color: #3b5163;\"><a style=\"color: #3b5163;\" href=\"https:\/\/klasikdusunceokulu.com\/index.php\/erman-goren-homeros-okumalariilias-49-seminer-ozeti\/\"><strong>ERMAN G\u00d6REN, HOMEROS OKUMALARI:IL\u0130AS 49. SEM\u0130NER \u00d6ZET\u0130<\/strong><\/a><\/span><\/p>\n<p><span style=\"color: #3b5163;\"><a style=\"color: #3b5163;\" href=\"https:\/\/klasikdusunceokulu.com\/index.php\/erman-goren-homeros-okumalariilias-50-seminer-ozeti\/\"><strong>ERMAN G\u00d6REN, HOMEROS OKUMALARI:IL\u0130AS 50. SEM\u0130NER \u00d6ZET\u0130<\/strong><\/a><\/span><\/p>\n<p><span style=\"color: #3b5163;\"><a style=\"color: #3b5163;\" href=\"https:\/\/klasikdusunceokulu.com\/index.php\/erman-goren-homeros-okumalariilias-51-seminer-ozeti\/\"><strong>ERMAN G\u00d6REN, HOMEROS OKUMALARI:IL\u0130AS 51. SEM\u0130NER \u00d6ZET\u0130<\/strong><\/a><\/span><\/p>\n<p><span style=\"color: #3b5163;\"><a style=\"color: #3b5163;\" href=\"https:\/\/klasikdusunceokulu.com\/index.php\/erman-goren-homeros-okumalariilias-52-seminer-ozeti\/\"><strong>ERMAN G\u00d6REN, HOMEROS OKUMALARI:IL\u0130AS 52. SEM\u0130NER \u00d6ZET\u0130<\/strong><\/a><\/span><\/p>\n<p><span style=\"color: #3b5163;\"><a style=\"color: #3b5163;\" href=\"https:\/\/klasikdusunceokulu.com\/index.php\/erman-goren-homeros-okumalariilias-53-seminer-ozeti\/\"><strong>ERMAN G\u00d6REN, HOMEROS OKUMALARI:IL\u0130AS 53. SEM\u0130NER \u00d6ZET\u0130<\/strong><\/a><\/span><\/p>\n<p><span style=\"color: #3b5163;\"><a style=\"color: #3b5163;\" href=\"https:\/\/klasikdusunceokulu.com\/index.php\/erman-goren-homeros-okumalariilias-54-seminer-ozeti\/\"><strong>ERMAN G\u00d6REN, HOMEROS OKUMALARI:IL\u0130AS 54. SEM\u0130NER \u00d6ZET\u0130<\/strong><\/a><\/span><\/p>\n<p><span style=\"color: #3b5163;\"><a style=\"color: #3b5163;\" href=\"https:\/\/klasikdusunceokulu.com\/index.php\/erman-goren-homeros-okumalariilias-55-seminer-ozeti\/\"><strong>ERMAN G\u00d6REN, HOMEROS OKUMALARI:IL\u0130AS 55. SEM\u0130NER \u00d6ZET\u0130<\/strong><\/a><\/span><\/p>\n<p><span style=\"color: #3b5163;\"><a style=\"color: #3b5163;\" href=\"https:\/\/klasikdusunceokulu.com\/index.php\/erman-goren-homeros-okumalariilias-56-seminer-ozeti\/\"><strong>ERMAN G\u00d6REN, HOMEROS OKUMALARI:IL\u0130AS 56. SEM\u0130NER \u00d6ZET\u0130<\/strong><\/a><\/span><\/p>\n<p><span style=\"color: #3b5163;\"><a style=\"color: #3b5163;\" href=\"https:\/\/klasikdusunceokulu.com\/index.php\/erman-goren-homeros-okumalariilias-57-seminer-ozeti\/\"><strong>ERMAN G\u00d6REN, HOMEROS OKUMALARI:IL\u0130AS 57. SEM\u0130NER \u00d6ZET\u0130<\/strong><\/a><\/span><\/p>\n<p><span style=\"color: #3b5163;\"><a style=\"color: #3b5163;\" href=\"https:\/\/klasikdusunceokulu.com\/index.php\/erman-goren-homeros-okumalariilias-58-seminer-ozeti\/\"><strong>ERMAN G\u00d6REN, HOMEROS OKUMALARI:IL\u0130AS 58. SEM\u0130NER \u00d6ZET\u0130<\/strong><\/a><\/span><\/p>\n<p><span style=\"color: #3b5163;\"><a style=\"color: #3b5163;\" href=\"https:\/\/klasikdusunceokulu.com\/index.php\/erman-goren-homeros-okumalariilias-59-seminer-ozeti\/\"><strong>ERMAN G\u00d6REN, HOMEROS OKUMALARI:IL\u0130AS 59. SEM\u0130NER \u00d6ZET\u0130<\/strong><\/a><\/span><\/p>\n<p><span style=\"color: #3b5163;\"><a style=\"color: #3b5163;\" href=\"https:\/\/klasikdusunceokulu.com\/index.php\/erman-goren-homeros-okumalariilias-60-seminer-ozeti\/\"><strong>ERMAN G\u00d6REN, HOMEROS OKUMALARI:IL\u0130AS 60. SEM\u0130NER \u00d6ZET\u0130<\/strong><\/a><\/span><\/p>\n<p><span style=\"color: #3b5163;\"><a style=\"color: #3b5163;\" href=\"https:\/\/klasikdusunceokulu.com\/index.php\/erman-goren-homeros-okumalariilias-61-seminer-ozeti\/\"><strong>ERMAN G\u00d6REN, HOMEROS OKUMALARI:IL\u0130AS 61. SEM\u0130NER \u00d6ZET\u0130<\/strong><\/a><\/span><\/p>\n<p><span style=\"color: #3b5163;\"><a style=\"color: #3b5163;\" href=\"https:\/\/klasikdusunceokulu.com\/index.php\/erman-goren-homeros-okumalariilias-62-seminer-ozeti\/\"><strong>ERMAN G\u00d6REN, HOMEROS OKUMALARI:IL\u0130AS 62. SEM\u0130NER \u00d6ZET\u0130<\/strong><\/a><\/span><\/p>\n<p><span style=\"color: #3b5163;\"><a style=\"color: #3b5163;\" href=\"https:\/\/klasikdusunceokulu.com\/index.php\/erman-goren-homeros-okumalariilias-63-seminer-ozeti\/\"><strong>ERMAN G\u00d6REN, HOMEROS OKUMALARI:IL\u0130AS 63. SEM\u0130NER \u00d6ZET\u0130<\/strong><\/a><\/span><\/p>\n<p><span style=\"color: #3b5163;\"><a style=\"color: #3b5163;\" href=\"https:\/\/klasikdusunceokulu.com\/index.php\/erman-goren-homeros-okumalariilias-64-seminer-ozeti\/\"><strong>ERMAN G\u00d6REN, HOMEROS OKUMALARI:IL\u0130AS 64. SEM\u0130NER \u00d6ZET\u0130<\/strong><\/a><\/span><\/p>\n<p><span style=\"color: #3b5163;\"><a style=\"color: #3b5163;\" href=\"https:\/\/klasikdusunceokulu.com\/index.php\/erman-goren-homeros-okumalariilias-65-seminer-ozeti\/\"><strong>ERMAN G\u00d6REN, HOMEROS OKUMALARI:IL\u0130AS 65. SEM\u0130NER \u00d6ZET\u0130<\/strong><\/a><\/span><\/p>\n","protected":false},"excerpt":{"rendered":"<p>ERMAN G\u00d6REN, HOMEROS OKUMALARI:IL\u0130AS 1. SEM\u0130NER \u00d6ZET\u0130 ERMAN G\u00d6REN, HOMEROS [&hellip;]<\/p>\n","protected":false},"author":1,"featured_media":0,"parent":0,"menu_order":0,"comment_status":"closed","ping_status":"closed","template":"","meta":{"footnotes":""},"class_list":["post-5314","page","type-page","status-publish","hentry"],"jetpack_sharing_enabled":true,"_links":{"self":[{"href":"https:\/\/klasikdusunceokulu.com\/index.php\/wp-json\/wp\/v2\/pages\/5314","targetHints":{"allow":["GET"]}}],"collection":[{"href":"https:\/\/klasikdusunceokulu.com\/index.php\/wp-json\/wp\/v2\/pages"}],"about":[{"href":"https:\/\/klasikdusunceokulu.com\/index.php\/wp-json\/wp\/v2\/types\/page"}],"author":[{"embeddable":true,"href":"https:\/\/klasikdusunceokulu.com\/index.php\/wp-json\/wp\/v2\/users\/1"}],"replies":[{"embeddable":true,"href":"https:\/\/klasikdusunceokulu.com\/index.php\/wp-json\/wp\/v2\/comments?post=5314"}],"version-history":[{"count":4,"href":"https:\/\/klasikdusunceokulu.com\/index.php\/wp-json\/wp\/v2\/pages\/5314\/revisions"}],"predecessor-version":[{"id":5454,"href":"https:\/\/klasikdusunceokulu.com\/index.php\/wp-json\/wp\/v2\/pages\/5314\/revisions\/5454"}],"wp:attachment":[{"href":"https:\/\/klasikdusunceokulu.com\/index.php\/wp-json\/wp\/v2\/media?parent=5314"}],"curies":[{"name":"wp","href":"https:\/\/api.w.org\/{rel}","templated":true}]}}