{"id":5765,"date":"2025-05-18T09:31:23","date_gmt":"2025-05-18T06:31:23","guid":{"rendered":"https:\/\/klasikdusunceokulu.com\/?page_id=5765"},"modified":"2025-05-18T09:31:38","modified_gmt":"2025-05-18T06:31:38","slug":"esref-altas-ibn-sina-uyunul-hikme-okumalari","status":"publish","type":"page","link":"https:\/\/klasikdusunceokulu.com\/index.php\/esref-altas-ibn-sina-uyunul-hikme-okumalari\/","title":{"rendered":"E\u015fref Alta\u015f: \u0130bn S\u00een\u00e2, Uy\u00fbn\u00fc\u2019l-hikme Okumalar\u0131"},"content":{"rendered":"<p><span style=\"color: #3b5163;\"><a style=\"color: #3b5163;\" href=\"https:\/\/klasikdusunceokulu.com\/index.php\/esref-altas-ibn-sina-uyunul-hikme-okumalari-1-seminer-ozeti\/\"><strong>E\u015eREF ALTA\u015e: \u0130BN S\u00ceN\u00c2, UY\u00dbN\u00dc&#8217;L-H\u0130KME OKUMALARI 1. SEM\u0130NER \u00d6ZET\u0130<\/strong><\/a><\/span><\/p>\n<p><span style=\"color: #3b5163;\"><a style=\"color: #3b5163;\" href=\"https:\/\/klasikdusunceokulu.com\/index.php\/esref-altas-ibn-sina-uyunul-hikme-okumalari-2-seminer-ozeti\/\"><strong>E\u015eREF ALTA\u015e: \u0130BN S\u00ceN\u00c2, UY\u00dbN\u00dc&#8217;L-H\u0130KME OKUMALARI 2. SEM\u0130NER \u00d6ZET\u0130<\/strong><\/a><\/span><\/p>\n<p><span style=\"color: #3b5163;\"><a style=\"color: #3b5163;\" href=\"https:\/\/klasikdusunceokulu.com\/index.php\/esref-altas-ibn-sina-uyunul-hikme-okumalari-3-seminer-ozeti\/\"><strong>E\u015eREF ALTA\u015e: \u0130BN S\u00ceN\u00c2, UY\u00dbN\u00dc&#8217;L-H\u0130KME OKUMALARI 3. SEM\u0130NER \u00d6ZET\u0130<\/strong><\/a><\/span><\/p>\n<p><span style=\"color: #3b5163;\"><a style=\"color: #3b5163;\" href=\"https:\/\/klasikdusunceokulu.com\/index.php\/esref-altas-ibn-sina-uyunul-hikme-okumalari-4-seminer-ozeti\/\"><strong>E\u015eREF ALTA\u015e: \u0130BN S\u00ceN\u00c2, UY\u00dbN\u00dc&#8217;L-H\u0130KME OKUMALARI 4. SEM\u0130NER \u00d6ZET\u0130<\/strong><\/a><\/span><\/p>\n<p><span style=\"color: #3b5163;\"><a style=\"color: #3b5163;\" href=\"https:\/\/klasikdusunceokulu.com\/index.php\/esref-altas-ibn-sina-uyunul-hikme-okumalari-5-seminer-ozeti\/\"><strong>E\u015eREF ALTA\u015e: \u0130BN S\u00ceN\u00c2, UY\u00dbN\u00dc&#8217;L-H\u0130KME OKUMALARI 5. SEM\u0130NER \u00d6ZET\u0130<\/strong><\/a><\/span><\/p>\n<p><span style=\"color: #3b5163;\"><a style=\"color: #3b5163;\" href=\"https:\/\/klasikdusunceokulu.com\/index.php\/esref-altas-ibn-sina-uyunul-hikme-okumalari-6-seminer-ozeti\/\"><strong>E\u015eREF ALTA\u015e: \u0130BN S\u00ceN\u00c2, UY\u00dbN\u00dc&#8217;L-H\u0130KME OKUMALARI 6. SEM\u0130NER \u00d6ZET\u0130<\/strong><\/a><\/span><\/p>\n<p><span style=\"color: #3b5163;\"><a style=\"color: #3b5163;\" href=\"https:\/\/klasikdusunceokulu.com\/index.php\/esref-altas-ibn-sina-uyunul-hikme-okumalari-7-seminer-ozeti\/\"><strong>E\u015eREF ALTA\u015e: \u0130BN S\u00ceN\u00c2, UY\u00dbN\u00dc&#8217;L-H\u0130KME OKUMALARI 7. SEM\u0130NER \u00d6ZET\u0130<\/strong><\/a><\/span><\/p>\n<p><span style=\"color: #3b5163;\"><a style=\"color: #3b5163;\" href=\"https:\/\/klasikdusunceokulu.com\/index.php\/esref-altas-ibn-sina-uyunul-hikme-okumalari-8-seminer-ozeti\/\"><strong>E\u015eREF ALTA\u015e: \u0130BN S\u00ceN\u00c2, UY\u00dbN\u00dc&#8217;L-H\u0130KME OKUMALARI 8. SEM\u0130NER \u00d6ZET\u0130<\/strong><\/a><\/span><\/p>\n","protected":false},"excerpt":{"rendered":"<p>E\u015eREF ALTA\u015e: \u0130BN S\u00ceN\u00c2, UY\u00dbN\u00dc&#8217;L-H\u0130KME OKUMALARI 1. SEM\u0130NER \u00d6ZET\u0130 E\u015eREF [&hellip;]<\/p>\n","protected":false},"author":1,"featured_media":0,"parent":0,"menu_order":0,"comment_status":"closed","ping_status":"closed","template":"","meta":{"footnotes":""},"class_list":["post-5765","page","type-page","status-publish","hentry"],"jetpack_sharing_enabled":true,"_links":{"self":[{"href":"https:\/\/klasikdusunceokulu.com\/index.php\/wp-json\/wp\/v2\/pages\/5765","targetHints":{"allow":["GET"]}}],"collection":[{"href":"https:\/\/klasikdusunceokulu.com\/index.php\/wp-json\/wp\/v2\/pages"}],"about":[{"href":"https:\/\/klasikdusunceokulu.com\/index.php\/wp-json\/wp\/v2\/types\/page"}],"author":[{"embeddable":true,"href":"https:\/\/klasikdusunceokulu.com\/index.php\/wp-json\/wp\/v2\/users\/1"}],"replies":[{"embeddable":true,"href":"https:\/\/klasikdusunceokulu.com\/index.php\/wp-json\/wp\/v2\/comments?post=5765"}],"version-history":[{"count":2,"href":"https:\/\/klasikdusunceokulu.com\/index.php\/wp-json\/wp\/v2\/pages\/5765\/revisions"}],"predecessor-version":[{"id":5783,"href":"https:\/\/klasikdusunceokulu.com\/index.php\/wp-json\/wp\/v2\/pages\/5765\/revisions\/5783"}],"wp:attachment":[{"href":"https:\/\/klasikdusunceokulu.com\/index.php\/wp-json\/wp\/v2\/media?parent=5765"}],"curies":[{"name":"wp","href":"https:\/\/api.w.org\/{rel}","templated":true}]}}