{"id":5785,"date":"2025-05-18T09:42:17","date_gmt":"2025-05-18T06:42:17","guid":{"rendered":"https:\/\/klasikdusunceokulu.com\/?page_id=5785"},"modified":"2025-05-18T09:42:17","modified_gmt":"2025-05-18T06:42:17","slug":"esref-altas-ibn-miskeveyh-tehzibul-ahlak","status":"publish","type":"page","link":"https:\/\/klasikdusunceokulu.com\/index.php\/esref-altas-ibn-miskeveyh-tehzibul-ahlak\/","title":{"rendered":"E\u015fref Alta\u015f: \u0130bn Miskeveyh, Tehz\u00eebu\u2019l-ahl\u00e2k"},"content":{"rendered":"<p><span style=\"color: #3b5163;\"><a style=\"color: #3b5163;\" href=\"https:\/\/klasikdusunceokulu.com\/index.php\/esref-altas-ibn-miskeveyh-tehzibul-ahlak-1-seminer-ozeti\/\"><strong>E\u015eREF ALTA\u015e: \u0130BN M\u0130SKEVEYH, TEHZ\u00ceBU&#8217;L-AHL\u00c2K 1. SEM\u0130NER \u00d6ZET\u0130<\/strong><\/a><\/span><\/p>\n<p><span style=\"color: #3b5163;\"><a style=\"color: #3b5163;\" href=\"https:\/\/klasikdusunceokulu.com\/index.php\/esref-altas-ibn-miskeveyh-tehzibul-ahlak-2-seminer-ozeti\/\"><strong>E\u015eREF ALTA\u015e: \u0130BN M\u0130SKEVEYH, TEHZ\u00ceBU&#8217;L-AHL\u00c2K 2. SEM\u0130NER \u00d6ZET\u0130<\/strong><\/a><\/span><\/p>\n<p><span style=\"color: #3b5163;\"><a style=\"color: #3b5163;\" href=\"https:\/\/klasikdusunceokulu.com\/index.php\/esref-altas-ibn-miskeveyh-tehzibul-ahlak-3-seminer-ozeti\/\"><strong>E\u015eREF ALTA\u015e: \u0130BN M\u0130SKEVEYH, TEHZ\u00ceBU&#8217;L-AHL\u00c2K 3. SEM\u0130NER \u00d6ZET\u0130<\/strong><\/a><\/span><\/p>\n<p><span style=\"color: #3b5163;\"><a style=\"color: #3b5163;\" href=\"https:\/\/klasikdusunceokulu.com\/index.php\/esref-altas-ibn-miskeveyh-tehzibul-ahlak-4-seminer-ozeti\/\"><strong>E\u015eREF ALTA\u015e: \u0130BN M\u0130SKEVEYH, TEHZ\u00ceBU&#8217;L-AHL\u00c2K 4. SEM\u0130NER \u00d6ZET\u0130<\/strong><\/a><\/span><\/p>\n<p><span style=\"color: #3b5163;\"><a style=\"color: #3b5163;\" href=\"https:\/\/klasikdusunceokulu.com\/index.php\/esref-altas-ibn-miskeveyh-tehzibul-ahlak-5-seminer-ozeti\/\"><strong>E\u015eREF ALTA\u015e: \u0130BN M\u0130SKEVEYH, TEHZ\u00ceBU&#8217;L-AHL\u00c2K 5. SEM\u0130NER \u00d6ZET\u0130<\/strong><\/a><\/span><\/p>\n","protected":false},"excerpt":{"rendered":"<p>E\u015eREF ALTA\u015e: \u0130BN M\u0130SKEVEYH, TEHZ\u00ceBU&#8217;L-AHL\u00c2K 1. SEM\u0130NER \u00d6ZET\u0130 E\u015eREF ALTA\u015e: [&hellip;]<\/p>\n","protected":false},"author":1,"featured_media":0,"parent":0,"menu_order":0,"comment_status":"closed","ping_status":"closed","template":"","meta":{"footnotes":""},"class_list":["post-5785","page","type-page","status-publish","hentry"],"jetpack_sharing_enabled":true,"_links":{"self":[{"href":"https:\/\/klasikdusunceokulu.com\/index.php\/wp-json\/wp\/v2\/pages\/5785","targetHints":{"allow":["GET"]}}],"collection":[{"href":"https:\/\/klasikdusunceokulu.com\/index.php\/wp-json\/wp\/v2\/pages"}],"about":[{"href":"https:\/\/klasikdusunceokulu.com\/index.php\/wp-json\/wp\/v2\/types\/page"}],"author":[{"embeddable":true,"href":"https:\/\/klasikdusunceokulu.com\/index.php\/wp-json\/wp\/v2\/users\/1"}],"replies":[{"embeddable":true,"href":"https:\/\/klasikdusunceokulu.com\/index.php\/wp-json\/wp\/v2\/comments?post=5785"}],"version-history":[{"count":1,"href":"https:\/\/klasikdusunceokulu.com\/index.php\/wp-json\/wp\/v2\/pages\/5785\/revisions"}],"predecessor-version":[{"id":5797,"href":"https:\/\/klasikdusunceokulu.com\/index.php\/wp-json\/wp\/v2\/pages\/5785\/revisions\/5797"}],"wp:attachment":[{"href":"https:\/\/klasikdusunceokulu.com\/index.php\/wp-json\/wp\/v2\/media?parent=5785"}],"curies":[{"name":"wp","href":"https:\/\/api.w.org\/{rel}","templated":true}]}}