{"id":6081,"date":"2025-06-04T12:25:16","date_gmt":"2025-06-04T09:25:16","guid":{"rendered":"https:\/\/klasikdusunceokulu.com\/?page_id=6081"},"modified":"2025-06-04T12:25:16","modified_gmt":"2025-06-04T09:25:16","slug":"omer-turker-el-medinetul-fazila-9-seminer-ozeti","status":"publish","type":"page","link":"https:\/\/klasikdusunceokulu.com\/index.php\/omer-turker-el-medinetul-fazila-9-seminer-ozeti\/","title":{"rendered":"\u00d6MER T\u00dcRKER: el-MED\u00ceNET\u00dc\u2019L-F\u00c2ZILA 9. SEM\u0130NER \u00d6ZET\u0130"},"content":{"rendered":"<p><span style=\"color: #000000;\"><strong>\u00d6MER T\u00dcRKER: el-MED\u00ceNET\u00dc\u2019L-F\u00c2ZILA 9. SEM\u0130NER \u00d6ZET\u0130<\/strong><\/span><\/p>\n<p><span style=\"color: #000000;\"><strong>Ana Temalar ve Ba\u015fl\u0131klar:<\/strong><\/span><\/p>\n<ol>\n<li><span style=\"color: #000000;\"><strong> Tahayy\u00fcl Kuvveti (el-kuvve el-m\u00fctehayyile)<br \/>\n<\/strong>Bu seminerde, F\u00e2r\u00e2b\u00ee\u2019nin psikoloji anlay\u0131\u015f\u0131 \u00e7er\u00e7evesinde tahayy\u00fcl (hayal) g\u00fcc\u00fc ele al\u0131n\u0131r. Tahayy\u00fcl, duyu verileri ile akl\u00ee soyutlama aras\u0131nda arac\u0131l\u0131k yapan, duyusal izlenimleri saklayan, i\u015fleyen ve yeniden bi\u00e7imlendiren bir g\u00fc\u00e7t\u00fcr. F\u00e2r\u00e2b\u00ee, bu g\u00fcc\u00fc tek bir yap\u0131 olarak tan\u0131mlar ve \u0130bn S\u00een\u00e2\u2019n\u0131n i\u00e7 duyular sisteminden ayr\u0131l\u0131r.<\/span><\/li>\n<li><span style=\"color: #000000;\"><strong> \u00c7ift \u0130\u015flev: <\/strong>Taklit ve Terkip<\/span><br \/>\n<span style=\"color: #000000;\">Tahayy\u00fcl\u00fcn iki temel i\u015flevi vard\u0131r:<\/span><\/li>\n<\/ol>\n<ul>\n<li><span style=\"color: #000000;\"><strong>Birle\u015ftirme ve Ay\u0131rma: <\/strong>Duyusal formlar\u0131 bir araya getirir veya ayr\u0131\u015ft\u0131r\u0131r.<\/span><\/li>\n<li><span style=\"color: #000000;\"><strong>Taklit (taql\u00eed): <\/strong>Duyusal nesneleri ve duygusal-ahlaki durumlar\u0131 sembolik bi\u00e7imde yeniden \u00fcretir. \u00d6rne\u011fin \u00f6fkeyi kurtla, \u00f6zlemi \u00e7\u00f6lde y\u00fcr\u00fcyen bir fig\u00fcrle temsil eder.<strong><br \/>\n<\/strong>Bu i\u015flev \u00f6zellikle r\u00fcyada belirgindir; \u00e7\u00fcnk\u00fc tahayy\u00fcl di\u011fer g\u00fc\u00e7lerden ba\u011f\u0131ms\u0131z \u00e7al\u0131\u015f\u0131r.<\/span><\/li>\n<\/ul>\n<ol start=\"3\">\n<li><span style=\"color: #000000;\"><strong> R\u00fcya Temsillerinin Kayna\u011f\u0131<br \/>\n<\/strong>R\u00fcyalar, duyusal ve akl\u00ee faaliyetlerin ask\u0131ya al\u0131nd\u0131\u011f\u0131 uykuda tahayy\u00fcl\u00fcn serbest \u00e7al\u0131\u015fmas\u0131yla olu\u015fur. Tahayy\u00fcl, bedensel durumlardan (miza\u00e7, a\u00e7l\u0131k, kuruluk vb.) da etkilenerek duyusal imgeleri yeni sembollere d\u00f6n\u00fc\u015ft\u00fcr\u00fcr. Bu y\u00f6n\u00fcyle r\u00fcya, fizik\u00ee ve ruh\u00ee \u015fartlar\u0131n imgeler arac\u0131l\u0131\u011f\u0131yla yeniden \u00fcretimidir.<\/span><\/li>\n<li><span style=\"color: #000000;\"><strong> N\u00fcb\u00fcvvet ve Tahayy\u00fcl\u00fcn Temsili G\u00fcc\u00fc<br \/>\n<\/strong>F\u00e2r\u00e2b\u00ee\u2019ye g\u00f6re peygamberlik, tahayy\u00fcl g\u00fcc\u00fcn\u00fcn en y\u00fcksek d\u00fczeyde yetkinle\u015fti\u011fi h\u00e2lidir. Peygamberin mizac\u0131 ve ahl\u00e2k\u00ee olgunlu\u011fu, evrensel akl\u00ee bilgileri sembolik bi\u00e7imde halk\u0131n anlayabilece\u011fi \u015fekillere d\u00f6n\u00fc\u015ft\u00fcrmesini sa\u011flar. Bu da vahyin yasala\u015fmas\u0131n\u0131 m\u00fcmk\u00fcn k\u0131lar.<\/span><\/li>\n<li><span style=\"color: #000000;\"><strong> Kanun Koyuculuk ve Tarihsel D\u00f6n\u00fc\u015f\u00fcm<br \/>\n<\/strong>Peygamberin tahayy\u00fcl g\u00fcc\u00fc, sadece bilgiyi temsil etmekle kalmaz, ayn\u0131 zamanda onu siyasal ve toplumsal d\u00fczen bi\u00e7imlerine d\u00f6n\u00fc\u015ft\u00fcr\u00fcr. Adalet, do\u011fruluk gibi temel erdemler sabit kal\u0131rken; tarihsel \u015fartlara g\u00f6re d\u00fczenleyici yasalar farkl\u0131l\u0131k g\u00f6sterebilir. Bu yakla\u015f\u0131m, F\u00e2r\u00e2b\u00ee\u2019de hukukun tarihsel esnekli\u011fine dair yorumlara zemin haz\u0131rlar.<\/span><\/li>\n<\/ol>\n<p><span style=\"color: #000000;\"><strong>Sonu\u00e7:<\/strong><\/span><\/p>\n<p><span style=\"color: #000000;\">9.seminer, F\u00e2r\u00e2b\u00ee\u2019nin tahayy\u00fcl teorisini bireysel bilin\u00e7, r\u00fcya, yarat\u0131c\u0131 temsil ve peygamberlik s\u00fcre\u00e7lerinin merkezine yerle\u015ftirir. Tahayy\u00fcl g\u00fcc\u00fc, yaln\u0131zca bili\u015fsel bir ara\u00e7 de\u011fil, ayn\u0131 zamanda sembolik dilin, dinin ve hukukun ta\u015f\u0131y\u0131c\u0131s\u0131d\u0131r. Bu g\u00fc\u00e7, bireysel idraki kolektif anlamla bulu\u015fturan felsef\u00ee ve epistemolojik bir k\u00f6pr\u00fc i\u015flevi g\u00f6r\u00fcr.<\/span><\/p>\n<p><span style=\"color: #000000;\"><strong>\u00a0<\/strong><\/span><\/p>\n<p>&nbsp;<\/p>\n<p><span style=\"color: #000000;\"><strong>Main Themes and Headings:<\/strong><\/span><\/p>\n<ol>\n<li><span style=\"color: #000000;\"><strong> The Imaginative Faculty (al-quwwa al-muta<\/strong><strong>\u1e2bayyila)<\/strong><\/span><br \/>\n<span style=\"color: #000000;\">This seminar focuses on the imaginative faculty in F\u0101r\u0101b\u012b\u2019s psychology, a power that mediates between sense perception and rational thought. It receives, stores, and manipulates the impressions provided by the senses and prepares them for intellectual abstraction. F\u0101r\u0101b\u012b diverges from Ibn S\u012bn\u0101 by grouping all internal faculties under three main categories: external senses, imagination, and intellect.<\/span><\/li>\n<li><span style=\"color: #000000;\"><strong> Dual Function: Imitation and Synthesis<\/strong><\/span><br \/>\n<span style=\"color: #000000;\">The imaginative faculty performs two primary functions:<\/span><\/li>\n<\/ol>\n<ul>\n<li><span style=\"color: #000000;\"><strong>Combination and Separation<\/strong>: It unites and dissects sensory forms, generating new representations.<\/span><\/li>\n<li><span style=\"color: #000000;\"><strong>Imitation (taql\u012bd)<\/strong>: It can imitate not only sensory objects but also emotions, drives, and abstract concepts like courage or love through symbolic forms\u2014e.g., picturing anger as a wolf or longing as a desert.<\/span><br \/>\n<span style=\"color: #000000;\">This symbolic process is essential in dreams, where imagination works independently from both sense data and rational activity.<\/span><\/li>\n<\/ul>\n<ol start=\"3\">\n<li><span style=\"color: #000000;\"><strong> The Roots of Dream Representation<\/strong><\/span><br \/>\n<span style=\"color: #000000;\">Dreams occur when the faculties of sensation, desire, and reason are inactive. In this state, imagination acts autonomously, manipulating stored sensory impressions. It reconstructs, reconfigures, or transforms them through synthesis, often using bodily states (e.g., temperament, hunger, dryness) as creative triggers for symbolic images in dreams.<\/span><\/li>\n<li><span style=\"color: #000000;\"><strong> Prophetic Imagination and Mimetic Power<\/strong><\/span><br \/>\n<span style=\"color: #000000;\">F\u0101r\u0101b\u012b views prophetic revelation as the highest level of imaginative perfection. The prophet\u2019s temperament and virtue enable him to receive universal intelligibles and translate them into symbolic, sensory forms suitable for the public. This creative translation mechanism explains how divine truths are embodied in laws, parables, and rituals.<\/span><\/li>\n<li><span style=\"color: #000000;\"><strong> Lawgiving and Historical Transformation<\/strong><\/span><br \/>\n<span style=\"color: #000000;\">The seminar ends by connecting imagination with political authority. The prophet\u2019s imagination does not merely reflect divine truths but configures them into legislative structures. While essential moral norms (e.g., justice, generosity) remain unchangeable, regulative laws may evolve over time. This opens a path for interpreting F\u0101r\u0101b\u012b\u2019s theory in dialogue with contemporary discussions of legal historicity and divine legislation.<\/span><\/li>\n<\/ol>\n<p><span style=\"color: #000000;\"><strong>Conclusion:<\/strong><\/span><\/p>\n<p><span style=\"color: #000000;\">This seminar explores F\u0101r\u0101b\u012b\u2019s nuanced theory of imagination as both a cognitive and symbolic power. Central to the processes of dreaming, creativity, and prophecy, the imaginative faculty bridges the corporeal and the intellectual. Its capacity for taql\u012bd\u2014mimicking both form and meaning\u2014makes it foundational for understanding both individual cognition and communal revelation, including the symbolic structure of divine law.<\/span><\/p>\n<p>&nbsp;<\/p>\n","protected":false},"excerpt":{"rendered":"<p>\u00d6MER T\u00dcRKER: el-MED\u00ceNET\u00dc\u2019L-F\u00c2ZILA 9. SEM\u0130NER \u00d6ZET\u0130 Ana Temalar ve Ba\u015fl\u0131klar: [&hellip;]<\/p>\n","protected":false},"author":1,"featured_media":0,"parent":0,"menu_order":0,"comment_status":"closed","ping_status":"closed","template":"","meta":{"footnotes":""},"class_list":["post-6081","page","type-page","status-publish","hentry"],"jetpack_sharing_enabled":true,"_links":{"self":[{"href":"https:\/\/klasikdusunceokulu.com\/index.php\/wp-json\/wp\/v2\/pages\/6081","targetHints":{"allow":["GET"]}}],"collection":[{"href":"https:\/\/klasikdusunceokulu.com\/index.php\/wp-json\/wp\/v2\/pages"}],"about":[{"href":"https:\/\/klasikdusunceokulu.com\/index.php\/wp-json\/wp\/v2\/types\/page"}],"author":[{"embeddable":true,"href":"https:\/\/klasikdusunceokulu.com\/index.php\/wp-json\/wp\/v2\/users\/1"}],"replies":[{"embeddable":true,"href":"https:\/\/klasikdusunceokulu.com\/index.php\/wp-json\/wp\/v2\/comments?post=6081"}],"version-history":[{"count":1,"href":"https:\/\/klasikdusunceokulu.com\/index.php\/wp-json\/wp\/v2\/pages\/6081\/revisions"}],"predecessor-version":[{"id":6082,"href":"https:\/\/klasikdusunceokulu.com\/index.php\/wp-json\/wp\/v2\/pages\/6081\/revisions\/6082"}],"wp:attachment":[{"href":"https:\/\/klasikdusunceokulu.com\/index.php\/wp-json\/wp\/v2\/media?parent=6081"}],"curies":[{"name":"wp","href":"https:\/\/api.w.org\/{rel}","templated":true}]}}