{"id":6218,"date":"2025-06-21T13:32:22","date_gmt":"2025-06-21T10:32:22","guid":{"rendered":"https:\/\/klasikdusunceokulu.com\/?page_id=6218"},"modified":"2025-06-21T13:32:22","modified_gmt":"2025-06-21T10:32:22","slug":"mehmet-akif-kayapinar-ibn-haldun-mukaddime-4-seminer-ozeti","status":"publish","type":"page","link":"https:\/\/klasikdusunceokulu.com\/index.php\/mehmet-akif-kayapinar-ibn-haldun-mukaddime-4-seminer-ozeti\/","title":{"rendered":"MEHMET AK\u0130F KAYAPINAR: \u0130BN HALDUN, MUKADD\u0130ME 4. SEM\u0130NER \u00d6ZET\u0130"},"content":{"rendered":"<p><span style=\"color: #000000;\"><strong>MEHMET AK\u0130F KAYAPINAR: \u0130BN HALDUN, MUKADD\u0130ME 4. SEM\u0130NER \u00d6ZET\u0130<\/strong><\/span><\/p>\n<p><span style=\"color: #000000;\"><strong>Dersin Amac\u0131 ve \u0130\u00e7eri\u011fi<\/strong><\/span><\/p>\n<p><span style=\"color: #000000;\">Bu seminer, \u0130bn Haldun\u2019un Kit\u00e2bu\u2019l-\u02bf\u0130ber\u2019in \u00f6ns\u00f6z\u00fcne odaklanarak tarih ilminin mahiyetini, tarih\u00e7ili\u011fin y\u00f6ntem sorunlar\u0131n\u0131 ve \u0130bn Haldun\u2019un bu sorunlara kar\u015f\u0131 geli\u015ftirdi\u011fi ele\u015ftirel yakla\u015f\u0131m\u0131 ele al\u0131r. Mehmet Akif Kayap\u0131nar, \u00f6zellikle \u201czahiri\u201d ve \u201cbat\u0131ni\u201d tarih anlay\u0131\u015f\u0131 ayr\u0131m\u0131n\u0131 merkeze alarak tarih\u00e7ili\u011fin nas\u0131l hikmet (felsef\u00ee bilgi) temelli olmas\u0131 gerekti\u011fini vurgular. Seminer, hem klasik tarih yaz\u0131m\u0131na y\u00f6nelik metodolojik bir ele\u015ftiri hem de \u0130bn Haldun\u2019un kendi tarihsel y\u00f6ntemini savundu\u011fu \u00f6ns\u00f6z\u00fcn derinlikli bir \u00e7\u00f6z\u00fcmlemesini sunar.<\/span><\/p>\n<p><span style=\"color: #000000;\"><strong>Ana Temalar<\/strong><\/span><\/p>\n<ol>\n<li><span style=\"color: #000000;\"><strong>Zahir\u00ee ve Bat\u0131n\u00ee Tarih Ayr\u0131m\u0131<\/strong><\/span><\/li>\n<\/ol>\n<p><span style=\"color: #000000;\">\u0130bn Haldun, olaylar\u0131n y\u00fczeysel s\u0131ralanmas\u0131na dayal\u0131 geleneksel tarih\u00e7ili\u011fi \u201czahir\u00ee\u201d olarak tan\u0131mlar ve bunun keyfi bir anlat\u0131dan ibaret oldu\u011funu belirtir. As\u0131l tarih anlay\u0131\u015f\u0131 ise \u201cbat\u0131n\u00ee\u201d olan, yani olaylar\u0131n neden-sonu\u00e7 ili\u015fkilerini kuran, genellemelere ve \u00f6ng\u00f6r\u00fclere dayal\u0131 nazar\u00ee tarih\u00e7iliktir.<\/span><\/p>\n<ol start=\"2\">\n<li><span style=\"color: #000000;\"><strong>Tarih\u00ee Bilginin Felsef\u00ee Niteli\u011fi<\/strong><\/span><\/li>\n<\/ol>\n<p><span style=\"color: #000000;\">Tarihin yaln\u0131zca olaylar\u0131 aktaran bir anlat\u0131 de\u011fil, ge\u00e7mi\u015ften hareketle kurallar \u00e7\u0131karan ve gelece\u011fe dair \u00f6ng\u00f6r\u00fclerde bulunan bir ilim oldu\u011fu vurgulan\u0131r. Bu yakla\u015f\u0131m, tarihin hikmet ilimleri aras\u0131nda say\u0131lmas\u0131n\u0131 sa\u011flar.<\/span><\/p>\n<ol start=\"3\">\n<li><span style=\"color: #000000;\"><strong>Klasik Tarih\u00e7ili\u011fe Ele\u015ftiri ve Us\u00fbl Sorunu<\/strong><\/span><\/li>\n<\/ol>\n<p><span style=\"color: #000000;\">\u0130bn Haldun, \u0130bn \u0130shak, Taber\u00ee ve Mes\u2018\u00fbd\u00ee gibi tarih\u00e7ilerin toplumsal d\u00f6n\u00fc\u015f\u00fcmleri yeterince kavrayamad\u0131klar\u0131n\u0131 belirtir. \u00d6zellikle \u201cumr\u00e2n\u0131n tabiat\u0131\u201dna dair bilgi eksikli\u011fi tarih\u00e7ilerin olaylar aras\u0131ndaki mant\u0131ksal ili\u015fkiyi kuramamas\u0131na yol a\u00e7ar.<\/span><\/p>\n<ol start=\"4\">\n<li><span style=\"color: #000000;\"><strong>Devlet\u2013Hanedanl\u0131k Ayr\u0131m\u0131 ve Siyasal Birim Ele\u015ftirisi<\/strong><\/span><\/li>\n<\/ol>\n<p><span style=\"color: #000000;\">\u0130bn Haldun, modern devlet ile hanedanl\u0131k aras\u0131ndaki farklara dikkat \u00e7eker. Hanedanl\u0131k, bir soyun iktidar\u0131na dayan\u0131rken; modern devlet daha soyut, kurumsal bir yap\u0131dad\u0131r. Bu fark, tarih\u00ee \u00e7\u00f6z\u00fcmlemede y\u00f6ntemsel ayr\u0131mlar gerektirir.<\/span><\/p>\n<ol start=\"5\">\n<li><span style=\"color: #000000;\"><strong>Tarih\u00ee Say\u0131lar ve Abart\u0131 Ele\u015ftirisi<\/strong><\/span><\/li>\n<\/ol>\n<p><span style=\"color: #000000;\">\u0130bn Haldun, \u00f6nceki tarih\u00e7ilerin ordu say\u0131lar\u0131, fetihler ve servet miktarlar\u0131 gibi konularda abart\u0131ya ka\u00e7t\u0131klar\u0131n\u0131 vurgular. \u0130srailo\u011fullar\u0131\u2019n\u0131n asker say\u0131s\u0131na dair \u00f6rnek \u00fczerinden, akla ve sosyolojik kaidelere uygunluk ilkesinin tarih\u00e7ilikte zorunlu oldu\u011funu ortaya koyar.<\/span><\/p>\n<ol start=\"6\">\n<li><span style=\"color: #000000;\"><strong>Rivayet Ele\u015ftirisi ve Akl\u00ee \u0130nceleme<\/strong><\/span><\/li>\n<\/ol>\n<p><span style=\"color: #000000;\">Tevat\u00fcr yoluyla aktar\u0131lan haberlerin bile akl\u00ee ve nazar\u00ee ilkelerle test edilmesi gerekti\u011fini savunur. Bu ba\u011flamda, Tubbalar, Ad kavmi ve \u0130rem \u015fehri gibi anlat\u0131lar\u0131n ele\u015ftirisi yap\u0131l\u0131r. Bu ele\u015ftiriler, tarih\u00e7ili\u011fin hem i\u00e7erik hem y\u00f6ntem d\u00fczeyinde nas\u0131l yenilenmesi gerekti\u011fine dair ipu\u00e7lar\u0131 verir.<\/span><\/p>\n<p><span style=\"color: #000000;\"><strong>Sonu\u00e7<\/strong><\/span><\/p>\n<p><span style=\"color: #000000;\">Bu seminer, \u0130bn Haldun\u2019un tarih disiplinini felsef\u00ee bir temele oturtma \u00e7abas\u0131n\u0131 sistematik bi\u00e7imde ortaya koyar. Zahir\u00ee anlat\u0131dan bat\u0131n\u00ee \u00e7\u00f6z\u00fcmlemeye ge\u00e7i\u015fin, tarihsel olaylara dair daha derin ve d\u00fczenlilik arayan bir bak\u0131\u015f kazand\u0131rd\u0131\u011f\u0131 vurgulan\u0131r. B\u00f6ylece Mukaddime\u2019nin giri\u015f b\u00f6l\u00fcm\u00fc, sadece tarih felsefesinin de\u011fil, ayn\u0131 zamanda metodoloji tart\u0131\u015fmalar\u0131n\u0131n da kurucu bir metni olarak belirginle\u015fir.<\/span><\/p>\n<p>&nbsp;<\/p>\n<p><span style=\"color: #000000;\"><strong>Purpose and Content of the Seminar<\/strong><\/span><\/p>\n<p><span style=\"color: #000000;\">This seminar focuses on the preface of Ibn Khald\u016bn\u2019s Kit\u0101b al-\u02bfIbar, analyzing the nature of historical knowledge, the methodological challenges of historiography, and Ibn Khald\u016bn\u2019s critical intervention in classical historical writing. Mehmet Akif Kayap\u0131nar emphasizes the distinction between \u201cexternal\u201d (\u1e93\u0101hir\u012b) and \u201cinternal\u201d (b\u0101\u1e6din\u012b) approaches to history and frames Ibn Khald\u016bn\u2019s view that true historical writing must be grounded in wisdom-based (\u1e25ikmah) inquiry. The session presents both a critique of traditional historiography and a detailed exposition of Ibn Khald\u016bn\u2019s own methodological principles.<\/span><\/p>\n<p><span style=\"color: #000000;\"><strong>Key Themes<\/strong><\/span><\/p>\n<ol>\n<li><span style=\"color: #000000;\"><strong>The Distinction Between <\/strong><strong>\u1e92<\/strong><strong>\u0101hir\u012b and B\u0101<\/strong><strong>\u1e6d<\/strong><strong>in\u012b History<\/strong><\/span><\/li>\n<\/ol>\n<p><span style=\"color: #000000;\">Ibn Khald\u016bn criticizes traditional history as superficial, describing it as \u1e93\u0101hir\u012b\u2014limited to the chronological narration of events. In contrast, he advocates for b\u0101\u1e6din\u012b history, which analyzes causes, seeks underlying patterns, and formulates generalizations and predictions. This is the basis for a philosophical historiography.<\/span><\/p>\n<ol start=\"2\">\n<li><span style=\"color: #000000;\"><strong>The Philosophical Character of Historical Knowledge<\/strong><\/span><\/li>\n<\/ol>\n<p><span style=\"color: #000000;\">History is not merely a record of events, but a science that derives principles from the past and produces foresight about future developments. This epistemological upgrade places history among the rational and philosophical sciences.<\/span><\/p>\n<ol start=\"3\">\n<li><span style=\"color: #000000;\"><strong>Critique of Classical Historians and Methodological Concerns<\/strong><\/span><\/li>\n<\/ol>\n<p><span style=\"color: #000000;\">Ibn Khald\u016bn criticizes figures such as Ibn Is\u1e25\u0101q, al-\u1e6cabar\u012b, and al-Mas\u02bf\u016bd\u012b for failing to grasp the dynamics of social transformation. Their lack of knowledge about the nature of \u02bfumr\u0101n (civilization) leads to incoherent and fragmented historical narratives.<\/span><\/p>\n<ol start=\"4\">\n<li><span style=\"color: #000000;\"><strong>State vs. Dynasty and the Critique of Political Entities<\/strong><\/span><\/li>\n<\/ol>\n<p><span style=\"color: #000000;\">Ibn Khald\u016bn draws a distinction between the dynastic rule of a lineage and the abstract, institutional nature of the modern state. This distinction demands a methodological shift in analyzing political history and forms of governance.<\/span><\/p>\n<ol start=\"5\">\n<li><span style=\"color: #000000;\"><strong>Exaggeration in Historical Quantities<\/strong><\/span><\/li>\n<\/ol>\n<p><span style=\"color: #000000;\">He critiques the inflated numbers reported by earlier historians, such as army sizes or spoils of war. By referencing the example of the Israelites\u2019 supposed army size, he calls for adherence to rational and sociological plausibility in historical reporting.<\/span><\/p>\n<ol start=\"6\">\n<li><span style=\"color: #000000;\"><strong>Criticism of Narrative Transmission and Rational Examination<\/strong><\/span><\/li>\n<\/ol>\n<p><span style=\"color: #000000;\">Even widely transmitted (mutaw\u0101tir) reports must be subjected to rational scrutiny. Ibn Khald\u016bn questions traditional narratives like those concerning the people of \u02bf\u0100d, the city of Iram, and the Tubba\u02bf kings, advocating for a synthesis of transmitted knowledge and logical analysis.<\/span><\/p>\n<p><span style=\"color: #000000;\"><strong>Conclusion<\/strong><\/span><\/p>\n<p><span style=\"color: #000000;\">This seminar presents Ibn Khald\u016bn\u2019s attempt to reconstruct the discipline of history on a philosophical foundation. The shift from surface narration (\u1e93\u0101hir) to deep structural analysis (b\u0101\u1e6din) enables a more rigorous and principle-driven approach to understanding historical change. The preface of the Muqaddima thus emerges as a foundational text in both historical theory and methodology.<\/span><\/p>\n<p>&nbsp;<\/p>\n<p>&nbsp;<\/p>\n<p>&nbsp;<\/p>\n<p>&nbsp;<\/p>\n<p>&nbsp;<\/p>\n<p>&nbsp;<\/p>\n<p>&nbsp;<\/p>\n<p>&nbsp;<\/p>\n<p>&nbsp;<\/p>\n<p>&nbsp;<\/p>\n<p>&nbsp;<\/p>\n<p>&nbsp;<\/p>\n<p>&nbsp;<\/p>\n<p>&nbsp;<\/p>\n<p>&nbsp;<\/p>\n<p>&nbsp;<\/p>\n","protected":false},"excerpt":{"rendered":"<p>MEHMET AK\u0130F KAYAPINAR: \u0130BN HALDUN, MUKADD\u0130ME 4. SEM\u0130NER \u00d6ZET\u0130 Dersin [&hellip;]<\/p>\n","protected":false},"author":1,"featured_media":0,"parent":0,"menu_order":0,"comment_status":"closed","ping_status":"closed","template":"","meta":{"footnotes":""},"class_list":["post-6218","page","type-page","status-publish","hentry"],"jetpack_sharing_enabled":true,"_links":{"self":[{"href":"https:\/\/klasikdusunceokulu.com\/index.php\/wp-json\/wp\/v2\/pages\/6218","targetHints":{"allow":["GET"]}}],"collection":[{"href":"https:\/\/klasikdusunceokulu.com\/index.php\/wp-json\/wp\/v2\/pages"}],"about":[{"href":"https:\/\/klasikdusunceokulu.com\/index.php\/wp-json\/wp\/v2\/types\/page"}],"author":[{"embeddable":true,"href":"https:\/\/klasikdusunceokulu.com\/index.php\/wp-json\/wp\/v2\/users\/1"}],"replies":[{"embeddable":true,"href":"https:\/\/klasikdusunceokulu.com\/index.php\/wp-json\/wp\/v2\/comments?post=6218"}],"version-history":[{"count":1,"href":"https:\/\/klasikdusunceokulu.com\/index.php\/wp-json\/wp\/v2\/pages\/6218\/revisions"}],"predecessor-version":[{"id":6219,"href":"https:\/\/klasikdusunceokulu.com\/index.php\/wp-json\/wp\/v2\/pages\/6218\/revisions\/6219"}],"wp:attachment":[{"href":"https:\/\/klasikdusunceokulu.com\/index.php\/wp-json\/wp\/v2\/media?parent=6218"}],"curies":[{"name":"wp","href":"https:\/\/api.w.org\/{rel}","templated":true}]}}