{"id":6228,"date":"2025-06-21T13:38:23","date_gmt":"2025-06-21T10:38:23","guid":{"rendered":"https:\/\/klasikdusunceokulu.com\/?page_id=6228"},"modified":"2025-06-21T13:38:23","modified_gmt":"2025-06-21T10:38:23","slug":"mehmet-akif-kayapinar-ibn-haldun-mukaddime-9-seminer-ozeti","status":"publish","type":"page","link":"https:\/\/klasikdusunceokulu.com\/index.php\/mehmet-akif-kayapinar-ibn-haldun-mukaddime-9-seminer-ozeti\/","title":{"rendered":"MEHMET AK\u0130F KAYAPINAR: \u0130BN HALDUN, MUKADD\u0130ME 9. SEM\u0130NER \u00d6ZET\u0130"},"content":{"rendered":"<p><span style=\"color: #000000;\"><strong>MEHMET AK\u0130F KAYAPINAR: \u0130BN HALDUN, MUKADD\u0130ME 9. SEM\u0130NER \u00d6ZET\u0130<\/strong><\/span><\/p>\n<p><span style=\"color: #000000;\"><strong>Dersin Amac\u0131 ve \u0130\u00e7eri\u011fi<\/strong><\/span><\/p>\n<p><span style=\"color: #000000;\">Bu seminer, \u0130bn Haldun\u2019un ilm\u00fc\u2019l-umr\u00e2n teorisinin alt\u0131nc\u0131 ilkesine odaklanarak onun metafizik ve epistemolojik \u00e7er\u00e7evesini inceler. Mehmet Akif Kayap\u0131nar, \u00f6zellikle gayb\u00ee bilgi, n\u00fcb\u00fcvvet, r\u00fcya, ke\u015ff, keramet ve kehanet gibi konular \u00fczerinden \u0130bn Haldun\u2019un bilgi kuram\u0131 ve varl\u0131k anlay\u0131\u015f\u0131n\u0131 tart\u0131\u015f\u0131r. Seminerin amac\u0131, insan\u0131n gayb \u00e2lemiyle ili\u015fkisinin s\u0131n\u0131rlar\u0131n\u0131 belirlemek ve bu s\u0131n\u0131rlaman\u0131n y\u00f6ntemsel gerek\u00e7elerini ortaya koymakt\u0131r.<\/span><\/p>\n<p><span style=\"color: #000000;\"><strong>Ana Temalar<\/strong><\/span><\/p>\n<ol>\n<li><span style=\"color: #000000;\"><strong>\u00dc\u00e7 \u00c2lem Tasnifi ve Ontolojik Hiyerar\u015fi<\/strong><\/span><\/li>\n<\/ol>\n<p><span style=\"color: #000000;\">\u0130bn Haldun\u2019a g\u00f6re varl\u0131k \u00fc\u00e7 \u00e2lemden olu\u015fur: hiss\u00ee \u00e2lem (duyularla kavranan), nefs \u00e2lemi (zihinsel-idrak\u00ee), ve gayb \u00e2lemi (melek\u00fbt). Gayb \u00e2lemine dair bilgi, yaln\u0131zca sad\u0131k r\u00fcya ve vahiyle elde edilebilir. Bu tasnif, insan\u0131n bilgi s\u0131n\u0131rlar\u0131n\u0131 metafizik bir zeminle belirler.<\/span><\/p>\n<ol start=\"2\">\n<li><span style=\"color: #000000;\"><strong>N\u00fcb\u00fcvvetin Akli ve F\u0131tr\u00ee Temeli<\/strong><\/span><\/li>\n<\/ol>\n<p><span style=\"color: #000000;\">\u0130bn Haldun, peygamberlik yetisinin, Allah taraf\u0131ndan verilen \u00f6zel bir f\u0131trat oldu\u011funu savunur. Bitki-hayvan-insan zincirindeki ge\u00e7i\u015flilik \u00fczerinden n\u00fcb\u00fcvvetin felsefi temellerini kurar. N\u00fcb\u00fcvvet, do\u011frudan gayb \u00e2lemine ittisali m\u00fcmk\u00fcn k\u0131lan istisnai bir idrak yetisidir.<\/span><\/p>\n<ol start=\"3\">\n<li><span style=\"color: #000000;\"><strong>R\u00fcya, Ke\u015ff ve Keramet Aras\u0131ndaki Ayr\u0131mlar<\/strong><\/span><\/li>\n<\/ol>\n<p><span style=\"color: #000000;\">Sad\u0131k r\u00fcya, n\u00fcb\u00fcvvetin c\u00fczlerinden biri olarak g\u00f6r\u00fcl\u00fcrken, ke\u015ff ve keramet, \u00f6zellikle s\u00fbf\u00ee tecr\u00fcbeye dayal\u0131 gayb\u00ee bilgilerdir. Bunlar hakiki bilgiye de\u011fil, sezgiye dayal\u0131, \u00e7o\u011fu zaman dolayl\u0131 ve sembolik anlamlar ta\u015f\u0131yan verilerdir. Bunlar \u00fczerinden kesin bilgi \u00fcretilemez.<\/span><\/p>\n<ol start=\"4\">\n<li><span style=\"color: #000000;\"><strong>Kehanet ve Sihir: Y\u00f6ntemsel Reddiyeler<\/strong><\/span><\/li>\n<\/ol>\n<p><span style=\"color: #000000;\">\u0130bn Haldun, kahinlerin, sihirbazlar\u0131n ve gayb\u00ee iddiada bulunan riyazet ehlinin bilgilerini metodolojik olarak reddeder. Bu yollar bazen do\u011fru sonu\u00e7lara ula\u015fsa da, sistematik, g\u00fcvenilir ve burh\u00e2n\u00ee bilgi \u00fcretimi a\u00e7\u0131s\u0131ndan ge\u00e7ersiz kabul edilir.<\/span><\/p>\n<ol start=\"5\">\n<li><span style=\"color: #000000;\"><strong>S\u00fbf\u00eeli\u011fin Gayb\u00ee Tecr\u00fcbeye Yakla\u015f\u0131m\u0131<\/strong><\/span><\/li>\n<\/ol>\n<p><span style=\"color: #000000;\">S\u00fbf\u00eeler keramet gibi ola\u011fan\u00fcst\u00fcl\u00fckleri ama\u00e7lamaz, as\u0131l hedefleri Allah\u2019a y\u00f6nelmektir. Keramet, bu y\u00f6neli\u015fin yan \u00fcr\u00fcn\u00fc olarak g\u00f6r\u00fcl\u00fcr. Bu durum, s\u00fbf\u00eeleri di\u011fer gayb\u00ee iddia sahiplerinden ay\u0131r\u0131r ve niyet temelli bir yakla\u015f\u0131m sunar.<\/span><\/p>\n<ol start=\"6\">\n<li><span style=\"color: #000000;\"><strong>Buhl\u00fcl ve Delilik Ayr\u0131m\u0131<\/strong><\/span><\/li>\n<\/ol>\n<p><span style=\"color: #000000;\">\u0130bn Haldun, ak\u0131l melekesi yerinde olmayan baz\u0131 ki\u015filerin (buhl\u00fcller) gayb\u00ee bilgiye ula\u015fabilece\u011fini ancak bu bilginin f\u0131tr\u00ee ve istisnai oldu\u011funu savunur. Delilik ise bu s\u0131n\u0131fa girmez; \u00e7\u00fcnk\u00fc delilikte nefsin temel idrak yetisi kaybolmu\u015ftur.<\/span><\/p>\n<p><span style=\"color: #000000;\"><strong>Sonu\u00e7<\/strong><\/span><\/p>\n<p><span style=\"color: #000000;\">Bu seminer, \u0130bn Haldun\u2019un gayb \u00e2lemine dair bilgi anlay\u0131\u015f\u0131n\u0131 sistematik bi\u00e7imde ortaya koyar. Vahiy d\u0131\u015f\u0131nda kalan gayb\u00ee iddia yollar\u0131 temkinle de\u011ferlendirilir ve ilm\u00fc\u2019l-umr\u00e2n\u2019\u0131n s\u0131n\u0131rlar\u0131 belirlenir. B\u00f6ylece \u0130bn Haldun, bilgi teorisinde hem rasyonel hem de metafizik temellerle \u00f6r\u00fcl\u00fc bir \u00e7er\u00e7eve kurar. Bu yakla\u015f\u0131m, hem din\u00ee tecr\u00fcbenin anlamland\u0131r\u0131lmas\u0131nda hem de tarihsel bilgi \u00fcretiminde \u00f6zg\u00fcn bir metodoloji sunar.<\/span><\/p>\n<p><span style=\"color: #000000;\"><strong>Purpose and Content of the Seminar<\/strong><\/span><\/p>\n<p><span style=\"color: #000000;\">This seminar focuses on the first and partial second premises of Book One of Ibn Khald\u016bn\u2019s Muqaddima. Mehmet Akif Kayap\u0131nar explores the natural foundations of human civilization (\u02bfumr\u0101n), the necessity of political authority (mulk), and the relationship between prophethood and governance. The seminar also transitions into classical geography and cosmology, discussing the seven climate zones and Ptolemaic models that shaped Ibn Khald\u016bn\u2019s understanding of the physical world and its relation to societal development.<\/span><\/p>\n<p><span style=\"color: #000000;\"><strong>Key Themes<\/strong><\/span><\/p>\n<ol>\n<li><span style=\"color: #000000;\"><strong>The Natural Basis of Civilization and Political Power<\/strong><\/span><\/li>\n<\/ol>\n<p><span style=\"color: #000000;\">Ibn Khald\u016bn asserts that both social organization (\u02bfumr\u0101n) and political authority (mulk) are natural consequences of human needs and social dependency. Political power, though not synonymous with sovereignty, is essential for maintaining order and is a universal phenomenon across societies.<\/span><\/p>\n<ol start=\"2\">\n<li><span style=\"color: #000000;\"><strong>Prophethood and Its Political Function<\/strong><\/span><\/li>\n<\/ol>\n<p><span style=\"color: #000000;\">Contrary to philosophers who deem prophecy politically necessary, Ibn Khald\u016bn argues that political unity can be achieved through group solidarity (\u02bfa\u1e63abiyya) without prophetic guidance. Prophethood is not a prerequisite for political order, though it enhances moral legitimacy.<\/span><\/p>\n<ol start=\"3\">\n<li><span style=\"color: #000000;\"><strong>Classical Cosmology and the Structure of the Earth<\/strong><\/span><\/li>\n<\/ol>\n<p><span style=\"color: #000000;\">Drawing on Aristotelian thought, Ibn Khald\u016bn describes the universe as composed of four elements\u2014earth, water, air, and fire\u2014arranged by their natural tendencies. Earth is at the center, with the remaining elements layered above in increasing lightness. The Earth is depicted as floating on water, likened to a grape on a bowl.<\/span><\/p>\n<ol start=\"4\">\n<li><span style=\"color: #000000;\"><strong>The Theory of Seven Climate Zones and Civilizational Distribution<\/strong><\/span><\/li>\n<\/ol>\n<p><span style=\"color: #000000;\">Using Ptolemy\u2019s model, Ibn Khald\u016bn identifies the third, fourth, and fifth climate zones as optimal for civilization, with the fourth zone (centered on Baghdad) being the most balanced. The first, second, sixth, and seventh zones are too extreme (hot or cold) to support developed civilizations.<\/span><\/p>\n<ol start=\"5\">\n<li><span style=\"color: #000000;\"><strong>Cartography and the Worldview of the Islamic Tradition<\/strong><\/span><\/li>\n<\/ol>\n<p><span style=\"color: #000000;\">Ibn Khald\u016bn references Idr\u012bs\u012b\u2019s world map, which places the south at the top\u2014a feature of pre-modern Muslim cartography. The seminar contrasts this with the modern north-oriented maps, highlighting how cartographic design reflects cultural and political biases.<\/span><\/p>\n<ol start=\"6\">\n<li><span style=\"color: #000000;\"><strong>Geographical Influence on Civilization and Pre-modern Determinism<\/strong><\/span><\/li>\n<\/ol>\n<p><span style=\"color: #000000;\">Ibn Khald\u016bn attributes bodily, ethical, and cultural traits to climatic conditions. Those living in the central climates exhibit the most balanced and developed characteristics. Even prophethood is said to emerge from these regions. This reflects a form of geographical determinism that was widely accepted in pre-modern thought.<\/span><\/p>\n<p><span style=\"color: #000000;\"><strong>Conclusion<\/strong><\/span><\/p>\n<p><span style=\"color: #000000;\">This seminar provides a foundation for understanding Ibn Khald\u016bn\u2019s political and geographical theories. Social and political structures are rooted in human nature, while geography defines the potential and limits of civilization. Ibn Khald\u016bn\u2019s synthesis of classical science and original sociological insight offers a coherent framework for interpreting the interplay between nature, space, and society.<\/span><\/p>\n","protected":false},"excerpt":{"rendered":"<p>MEHMET AK\u0130F KAYAPINAR: \u0130BN HALDUN, MUKADD\u0130ME 9. SEM\u0130NER \u00d6ZET\u0130 Dersin [&hellip;]<\/p>\n","protected":false},"author":1,"featured_media":0,"parent":0,"menu_order":0,"comment_status":"closed","ping_status":"closed","template":"","meta":{"footnotes":""},"class_list":["post-6228","page","type-page","status-publish","hentry"],"jetpack_sharing_enabled":true,"_links":{"self":[{"href":"https:\/\/klasikdusunceokulu.com\/index.php\/wp-json\/wp\/v2\/pages\/6228","targetHints":{"allow":["GET"]}}],"collection":[{"href":"https:\/\/klasikdusunceokulu.com\/index.php\/wp-json\/wp\/v2\/pages"}],"about":[{"href":"https:\/\/klasikdusunceokulu.com\/index.php\/wp-json\/wp\/v2\/types\/page"}],"author":[{"embeddable":true,"href":"https:\/\/klasikdusunceokulu.com\/index.php\/wp-json\/wp\/v2\/users\/1"}],"replies":[{"embeddable":true,"href":"https:\/\/klasikdusunceokulu.com\/index.php\/wp-json\/wp\/v2\/comments?post=6228"}],"version-history":[{"count":1,"href":"https:\/\/klasikdusunceokulu.com\/index.php\/wp-json\/wp\/v2\/pages\/6228\/revisions"}],"predecessor-version":[{"id":6229,"href":"https:\/\/klasikdusunceokulu.com\/index.php\/wp-json\/wp\/v2\/pages\/6228\/revisions\/6229"}],"wp:attachment":[{"href":"https:\/\/klasikdusunceokulu.com\/index.php\/wp-json\/wp\/v2\/media?parent=6228"}],"curies":[{"name":"wp","href":"https:\/\/api.w.org\/{rel}","templated":true}]}}