{"id":6236,"date":"2025-06-21T13:52:00","date_gmt":"2025-06-21T10:52:00","guid":{"rendered":"https:\/\/klasikdusunceokulu.com\/?page_id=6236"},"modified":"2025-06-21T13:52:00","modified_gmt":"2025-06-21T10:52:00","slug":"mehmet-akif-kayapinar-ibn-haldun-mukaddime-13-seminer-ozeti","status":"publish","type":"page","link":"https:\/\/klasikdusunceokulu.com\/index.php\/mehmet-akif-kayapinar-ibn-haldun-mukaddime-13-seminer-ozeti\/","title":{"rendered":"MEHMET AK\u0130F KAYAPINAR: \u0130BN HALDUN, MUKADD\u0130ME 13. SEM\u0130NER \u00d6ZET\u0130"},"content":{"rendered":"<p><span style=\"color: #000000;\"><strong>MEHMET AK\u0130F KAYAPINAR: \u0130BN HALDUN, MUKADD\u0130ME 13. SEM\u0130NER \u00d6ZET\u0130<\/strong><\/span><\/p>\n<p><strong>Dersin Amac\u0131 ve \u0130\u00e7eri\u011fi<\/strong><\/p>\n<p>Bu seminer, \u0130bn Haldun\u2019un Mukaddime\u2019sinin ikinci ana b\u00f6l\u00fcm\u00fcne giri\u015f yaparak bedevilik ve hadarilik kavramlar\u0131n\u0131n toplumsal yap\u0131 ve ge\u00e7im tarz\u0131 a\u00e7\u0131s\u0131ndan a\u00e7\u0131klanmas\u0131n\u0131 ama\u00e7lar. Mehmet Akif Kayap\u0131nar, \u0130bn Haldun\u2019un kavramlar\u0131 nas\u0131l tan\u0131mlay\u0131p geni\u015fletti\u011fini, bu tan\u0131mlar\u0131n zamanla i\u015flevsel ve s\u00fcre\u00e7sel bir h\u00e2l ald\u0131\u011f\u0131n\u0131 tart\u0131\u015f\u0131r. Ayr\u0131ca kavramlar\u0131n \u00e7ok katmanl\u0131 yap\u0131s\u0131 ve modelin evrenselli\u011fi \u00fczerine yap\u0131lan literat\u00fcr tart\u0131\u015fmalar\u0131 de\u011ferlendirilir.<\/p>\n<p><strong>Ana Temalar<\/strong><\/p>\n<ol>\n<li><strong>\u0130htiya\u00e7lar Hiyerar\u015fisi ve Toplumsal A\u015famalar<\/strong><\/li>\n<\/ol>\n<p>\u0130bn Haldun, insanlar\u0131n ge\u00e7im yollar\u0131n\u0131 zaruri, h\u00e2ci ve kemal\u00ee ihtiya\u00e7lara g\u00f6re s\u0131n\u0131fland\u0131r\u0131r. Bedevilik zaruri ihtiya\u00e7lar\u0131 kar\u015f\u0131layan hayat tarz\u0131n\u0131, hadarilik ise refah ve konfora dayal\u0131 yap\u0131lar\u0131 ifade eder. Bu \u00e7er\u00e7eve, toplumsal geli\u015fim evrelerini belirleyen bir \u00f6l\u00e7\u00fct olarak kullan\u0131l\u0131r.<\/p>\n<ol start=\"2\">\n<li><strong>Bedev\u00eelikten Hadar\u00eeli\u011fe Ge\u00e7i\u015f<\/strong><\/li>\n<\/ol>\n<p>G\u00f6\u00e7ebe toplumlar \u00e7ift\u00e7ilik ve hayvanc\u0131l\u0131kla ge\u00e7inirken, zamanla ticaret ve zanaata y\u00f6nelerek yerle\u015fik ya\u015fama ge\u00e7erler. Bu ge\u00e7i\u015fte artan refah, \u015fehirle\u015fmeyi ve hadari hayat\u0131 do\u011furur. Ancak bu ge\u00e7i\u015f her zaman lineer de\u011fildir; toplumsal sermaye birikimi ve siyas\u00ee yap\u0131 bu d\u00f6n\u00fc\u015f\u00fcmde belirleyici olur.<\/p>\n<ol start=\"3\">\n<li><strong>\u0130bn Haldun\u2019un Kavramsalla\u015ft\u0131rma Y\u00f6ntemi<\/strong><\/li>\n<\/ol>\n<p>Kayap\u0131nar, \u0130bn Haldun\u2019un kavramlar\u0131 tan\u0131mlarken zamanla geni\u015fletti\u011fini ve \u00e7ok katmanl\u0131 bi\u00e7imde kulland\u0131\u011f\u0131n\u0131 vurgular. Umran, bedavet, hadaret, asabiyet gibi kavramlar farkl\u0131 ba\u011flamlarda farkl\u0131 anlamlar kazan\u0131r. Bu, modelin dinamikli\u011fini sa\u011flarken, yorumda mu\u011flakl\u0131klara da yol a\u00e7abilir.<\/p>\n<ol start=\"4\">\n<li><strong>Modelin Evrenselli\u011fi Tart\u0131\u015fmas\u0131<\/strong><\/li>\n<\/ol>\n<p>\u0130bn Haldun\u2019un modelinin yaln\u0131zca Kuzey Afrika veya M\u00fcsl\u00fcman toplumlar i\u00e7in mi ge\u00e7erli oldu\u011fu tart\u0131\u015f\u0131l\u0131r. Toynbee, Gelner, Simon gibi Bat\u0131l\u0131 ara\u015ft\u0131rmac\u0131lar farkl\u0131 \u00f6l\u00e7eklerde modelin uygulanabilirli\u011fini de\u011ferlendirir. Kayap\u0131nar\u2019a g\u00f6re model, tam anlam\u0131yla evrensel olmasa da dar co\u011frafi \u00e7er\u00e7evelere indirgenemez.<\/p>\n<ol start=\"5\">\n<li><strong>Toplumsal Konum ve Devlet Geliri Da\u011f\u0131l\u0131m\u0131<\/strong><\/li>\n<\/ol>\n<p>Hadar\u00eelik, sadece yerle\u015fiklikle de\u011fil, devlet merkeziyle ili\u015fkili olanlar\u0131n gelirden pay alma durumlar\u0131yla da tan\u0131mlan\u0131r. Devletin merkezinde olanlar hadar\u00ee say\u0131l\u0131rken, uzak b\u00f6lgelerde ya\u015fayanlar gelir da\u011f\u0131l\u0131m\u0131 d\u0131\u015f\u0131nda kal\u0131r ve h\u00fckmen bedev\u00ee say\u0131l\u0131rlar.<\/p>\n<ol start=\"6\">\n<li><strong>Bedev\u00eeli\u011fin Ahlaki \u00dcst\u00fcnl\u00fc\u011f\u00fc<\/strong><\/li>\n<\/ol>\n<p>\u0130bn Haldun\u2019a g\u00f6re bedev\u00eeler, hayra ve f\u0131trata daha yak\u0131nd\u0131r. Hadar\u00eelerde yayg\u0131n olan zevk ve refah tutkusu, ahlak\u00ee yozla\u015fmaya neden olurken; bedev\u00eeler daha saf ve sade hayatlar\u0131yla ahlak\u00ee melekelerini korur. Bu y\u00f6n\u00fcyle \u015fehirle\u015fmenin ahlaki riski de vurgulan\u0131r.<\/p>\n<p><strong>Sonu\u00e7<\/strong><\/p>\n<p>Bu seminer, \u0130bn Haldun\u2019un toplumsal geli\u015fimi anlamak i\u00e7in kurdu\u011fu bedavet\u2013hadaret ikili\u011fini \u00e7ok boyutlu bir bi\u00e7imde tart\u0131\u015f\u0131r. Kavramlar\u0131n katmanl\u0131 yap\u0131s\u0131 ve tarihsel-toplumsal d\u00f6n\u00fc\u015f\u00fcmleri izah etmedeki g\u00fcc\u00fc, \u0130bn Haldun\u2019un d\u00fc\u015f\u00fcncesini sadece tarihsel de\u011fil, ayn\u0131 zamanda teorik olarak da g\u00fc\u00e7l\u00fc k\u0131lar. Bedavet\u2013hadaret ikili\u011fi yaln\u0131zca ge\u00e7im tarz\u0131 de\u011fil, ayn\u0131 zamanda siyasal, k\u00fclt\u00fcrel ve ahlaki bir perspektif sunar.<\/p>\n<p>&nbsp;<\/p>\n<p><strong>Purpose and Content of the Seminar<\/strong><\/p>\n<p>This seminar marks the beginning of the second main section of Ibn Khald\u016bn\u2019s Muqaddima, focusing on the concepts of Bedouinism (bad\u0101wah) and urbanism (\u1e25a\u1e0d\u0101rah) in relation to modes of livelihood and social structure. Mehmet Akif Kayap\u0131nar examines how Ibn Khald\u016bn defines and expands these concepts into functional and process-oriented categories, while also discussing the layered nature of these terms and the debate over the universality of his model.<\/p>\n<p><strong>Key Themes<\/strong><\/p>\n<ol>\n<li><strong>Hierarchy of Needs and Societal Stages<\/strong><\/li>\n<\/ol>\n<p>Ibn Khald\u016bn classifies human modes of subsistence based on three types of needs: essential (\u1e0dar\u016br\u012b), necessary (\u1e25\u0101j\u012b), and luxurious (kam\u0101l\u012b). Bedouinism corresponds to societies that fulfill only essential needs, while urbanism arises from accumulated wealth and comfort, leading to more complex social formations. This framework establishes the stages of social development.<\/p>\n<ol start=\"2\">\n<li><strong>Transition from Bedouinism to Urbanism<\/strong><\/li>\n<\/ol>\n<p>Nomadic societies initially depend on farming and herding, but gradually shift toward trade and craftsmanship, leading to settlement and urban life. However, this transition is not always linear\u2014it depends on political structures and the accumulation of social capital.<\/p>\n<ol start=\"3\">\n<li><strong>Ibn Khald\u016bn\u2019s Method of Conceptualization<\/strong><\/li>\n<\/ol>\n<p>Kayap\u0131nar emphasizes Ibn Khald\u016bn\u2019s tendency to define concepts and then expand their meaning in multiple layers. Terms like \u02bfumr\u0101n, bad\u0101wah, \u1e25a\u1e0d\u0101rah, and \u02bfa\u1e63abiyyah evolve across different contexts, giving his model flexibility, though at times resulting in interpretative ambiguity.<\/p>\n<ol start=\"4\">\n<li><strong>Debate over the Universality of the Model<\/strong><\/li>\n<\/ol>\n<p>Scholars such as Toynbee, Ernest Gellner, and Reuben Simon have debated whether Ibn Khald\u016bn\u2019s model applies exclusively to North African or Muslim societies. While it may not be universally applicable in strict terms, Kayap\u0131nar argues it should not be confined to narrowly defined geographies.<\/p>\n<ol start=\"5\">\n<li><strong>Social Status and Distribution of State Revenue<\/strong><\/li>\n<\/ol>\n<p>Urbanism is not solely defined by settlement but by one&#8217;s proximity to state power and access to its resources. Those integrated into the state&#8217;s administrative center are considered urban, while those in peripheral areas are deemed Bedouin due to their exclusion from the fiscal structure.<\/p>\n<ol start=\"6\">\n<li><strong>The Moral Superiority of Bedouins<\/strong><\/li>\n<\/ol>\n<p>According to Ibn Khald\u016bn, Bedouins are morally superior because they live simpler, more natural lives. In contrast, urban dwellers often become morally corrupted due to luxury and indulgence. Thus, urbanization entails not only economic change but also moral risk.<\/p>\n<p><strong>Conclusion<\/strong><\/p>\n<p>This seminar explores Ibn Khald\u016bn\u2019s bad\u0101wah\u2013\u1e25a\u1e0d\u0101rah binary as a multi-dimensional framework for understanding social evolution. These categories do not merely describe modes of livelihood but also encapsulate moral, cultural, and political dimensions. Ibn Khald\u016bn\u2019s layered conceptualization and historical-sociological insight provide a powerful model for analyzing the dynamics of civilizational growth and decline.<\/p>\n","protected":false},"excerpt":{"rendered":"<p>MEHMET AK\u0130F KAYAPINAR: \u0130BN HALDUN, MUKADD\u0130ME 13. SEM\u0130NER \u00d6ZET\u0130 Dersin [&hellip;]<\/p>\n","protected":false},"author":1,"featured_media":0,"parent":0,"menu_order":0,"comment_status":"closed","ping_status":"closed","template":"","meta":{"footnotes":""},"class_list":["post-6236","page","type-page","status-publish","hentry"],"jetpack_sharing_enabled":true,"_links":{"self":[{"href":"https:\/\/klasikdusunceokulu.com\/index.php\/wp-json\/wp\/v2\/pages\/6236","targetHints":{"allow":["GET"]}}],"collection":[{"href":"https:\/\/klasikdusunceokulu.com\/index.php\/wp-json\/wp\/v2\/pages"}],"about":[{"href":"https:\/\/klasikdusunceokulu.com\/index.php\/wp-json\/wp\/v2\/types\/page"}],"author":[{"embeddable":true,"href":"https:\/\/klasikdusunceokulu.com\/index.php\/wp-json\/wp\/v2\/users\/1"}],"replies":[{"embeddable":true,"href":"https:\/\/klasikdusunceokulu.com\/index.php\/wp-json\/wp\/v2\/comments?post=6236"}],"version-history":[{"count":1,"href":"https:\/\/klasikdusunceokulu.com\/index.php\/wp-json\/wp\/v2\/pages\/6236\/revisions"}],"predecessor-version":[{"id":6237,"href":"https:\/\/klasikdusunceokulu.com\/index.php\/wp-json\/wp\/v2\/pages\/6236\/revisions\/6237"}],"wp:attachment":[{"href":"https:\/\/klasikdusunceokulu.com\/index.php\/wp-json\/wp\/v2\/media?parent=6236"}],"curies":[{"name":"wp","href":"https:\/\/api.w.org\/{rel}","templated":true}]}}