{"id":6470,"date":"2025-07-16T11:16:49","date_gmt":"2025-07-16T08:16:49","guid":{"rendered":"https:\/\/klasikdusunceokulu.com\/?page_id=6470"},"modified":"2025-07-16T11:23:30","modified_gmt":"2025-07-16T08:23:30","slug":"harun-kuslu-ibn-sina-el-isarat-vet-tenbihat","status":"publish","type":"page","link":"https:\/\/klasikdusunceokulu.com\/index.php\/harun-kuslu-ibn-sina-el-isarat-vet-tenbihat\/","title":{"rendered":"HARUN KU\u015eLU: \u0130BN S\u00ceNA, el-\u0130\u015e\u00c2R\u00c2T VE&#8217;T-TENB\u00ceH\u00c2T"},"content":{"rendered":"<p><a href=\"https:\/\/klasikdusunceokulu.com\/index.php\/harun-kuslu-ibn-sina-el-isarat-vet-tenbihat-1-seminer-ozeti\/\"><span style=\"color: #3b5163;\"><strong>HARUN KU\u015eLU: \u0130BN S\u00ceNA, el-\u0130\u015e\u00c2R\u00c2T VE&#8217;T-TENB\u00ceH\u00c2T 1. SEM\u0130NER \u00d6ZET\u0130<\/strong><\/span><\/a><\/p>\n<p><a href=\"https:\/\/klasikdusunceokulu.com\/index.php\/harun-kuslu-ibn-sina-el-isarat-vet-tenbihat-2-seminer-ozeti\/\"><span style=\"color: #3b5163;\"><strong>HARUN KU\u015eLU: \u0130BN S\u00ceNA, el-\u0130\u015e\u00c2R\u00c2T VE&#8217;T-TENB\u00ceH\u00c2T 2. SEM\u0130NER \u00d6ZET\u0130<\/strong><\/span><\/a><\/p>\n<p><a href=\"https:\/\/klasikdusunceokulu.com\/index.php\/harun-kuslu-ibn-sina-el-isarat-vet-tenbihat-3-seminer-ozeti\/\"><span style=\"color: #3b5163;\"><strong>HARUN KU\u015eLU: \u0130BN S\u00ceNA, el-\u0130\u015e\u00c2R\u00c2T VE&#8217;T-TENB\u00ceH\u00c2T 3. SEM\u0130NER \u00d6ZET\u0130<\/strong><\/span><\/a><\/p>\n<p><a href=\"https:\/\/klasikdusunceokulu.com\/index.php\/harun-kuslu-ibn-sina-el-isarat-vet-tenbihat-4-seminer-ozeti\/\"><span style=\"color: #3b5163;\"><strong>HARUN KU\u015eLU: \u0130BN S\u00ceNA, el-\u0130\u015e\u00c2R\u00c2T VE&#8217;T-TENB\u00ceH\u00c2T 4. SEM\u0130NER \u00d6ZET\u0130<\/strong><\/span><\/a><\/p>\n<p><a href=\"https:\/\/klasikdusunceokulu.com\/index.php\/harun-kuslu-ibn-sina-el-isarat-vet-tenbihat-5-seminer-ozeti\/\"><span style=\"color: #3b5163;\"><strong>HARUN KU\u015eLU: \u0130BN S\u00ceNA, el-\u0130\u015e\u00c2R\u00c2T VE&#8217;T-TENB\u00ceH\u00c2T 5. SEM\u0130NER \u00d6ZET\u0130<\/strong><\/span><\/a><\/p>\n","protected":false},"excerpt":{"rendered":"<p>HARUN KU\u015eLU: \u0130BN S\u00ceNA, el-\u0130\u015e\u00c2R\u00c2T VE&#8217;T-TENB\u00ceH\u00c2T 1. SEM\u0130NER \u00d6ZET\u0130 HARUN [&hellip;]<\/p>\n","protected":false},"author":1,"featured_media":0,"parent":0,"menu_order":0,"comment_status":"closed","ping_status":"closed","template":"","meta":{"footnotes":""},"class_list":["post-6470","page","type-page","status-publish","hentry"],"jetpack_sharing_enabled":true,"_links":{"self":[{"href":"https:\/\/klasikdusunceokulu.com\/index.php\/wp-json\/wp\/v2\/pages\/6470","targetHints":{"allow":["GET"]}}],"collection":[{"href":"https:\/\/klasikdusunceokulu.com\/index.php\/wp-json\/wp\/v2\/pages"}],"about":[{"href":"https:\/\/klasikdusunceokulu.com\/index.php\/wp-json\/wp\/v2\/types\/page"}],"author":[{"embeddable":true,"href":"https:\/\/klasikdusunceokulu.com\/index.php\/wp-json\/wp\/v2\/users\/1"}],"replies":[{"embeddable":true,"href":"https:\/\/klasikdusunceokulu.com\/index.php\/wp-json\/wp\/v2\/comments?post=6470"}],"version-history":[{"count":3,"href":"https:\/\/klasikdusunceokulu.com\/index.php\/wp-json\/wp\/v2\/pages\/6470\/revisions"}],"predecessor-version":[{"id":6483,"href":"https:\/\/klasikdusunceokulu.com\/index.php\/wp-json\/wp\/v2\/pages\/6470\/revisions\/6483"}],"wp:attachment":[{"href":"https:\/\/klasikdusunceokulu.com\/index.php\/wp-json\/wp\/v2\/media?parent=6470"}],"curies":[{"name":"wp","href":"https:\/\/api.w.org\/{rel}","templated":true}]}}