{"id":6664,"date":"2025-07-19T14:47:53","date_gmt":"2025-07-19T11:47:53","guid":{"rendered":"https:\/\/klasikdusunceokulu.com\/?page_id=6664"},"modified":"2025-07-19T14:47:53","modified_gmt":"2025-07-19T11:47:53","slug":"mehmet-boynukalin-sahih-i-buhari-okumalari-6-seminer-ozeti","status":"publish","type":"page","link":"https:\/\/klasikdusunceokulu.com\/index.php\/mehmet-boynukalin-sahih-i-buhari-okumalari-6-seminer-ozeti\/","title":{"rendered":"MEHMET BOYNUKALIN, SAH\u00ceH-\u0130 BUH\u00c2R\u00ce OKUMALARI 6. SEM\u0130NER \u00d6ZET\u0130"},"content":{"rendered":"<p><span style=\"color: #333333;\"><strong>MEHMET BOYNUKALIN, SAH\u00ceH-\u0130 BUH\u00c2R\u00ce OKUMALARI 6. SEM\u0130NER \u00d6ZET\u0130<\/strong><\/span><\/p>\n<p><span style=\"color: #333333;\"><strong>Ana Temalar<\/strong><\/span><\/p>\n<ol>\n<li><span style=\"color: #333333;\"><strong>Hadisin Delil Niteli\u011fi ve Yoruma A\u00e7\u0131kl\u0131\u011f\u0131<\/strong><\/span><br \/>\n<span style=\"color: #333333;\">Buh\u00e2r\u00ee, hadislerin sadece bilgi aktaran de\u011fil, ayn\u0131 zamanda i\u00e7tihat ve delillendirme s\u00fcre\u00e7lerinde aktif rol oynayan metinler oldu\u011funu g\u00f6sterir. Hadislerin yoruma a\u00e7\u0131kl\u0131\u011f\u0131, farkl\u0131 mezhep g\u00f6r\u00fc\u015flerine temel olu\u015fturur.<\/span><\/li>\n<li><span style=\"color: #333333;\"><strong>Buh\u00e2r\u00ee\u2019nin Mezhepler \u00dcst\u00fc Yakla\u015f\u0131m\u0131<\/strong><\/span><br \/>\n<span style=\"color: #333333;\">Buh\u00e2r\u00ee, hadisleri mezheplere mahk\u00fbm etmeksizin yorumlar. Onun yakla\u015f\u0131m\u0131, rivayetleri do\u011frudan Kur\u2019an ve s\u00fcnnetle ili\u015fkilendiren daha geni\u015f bir \u00e7er\u00e7evede de\u011ferlendirme yapmaya dayan\u0131r.<\/span><\/li>\n<li><span style=\"color: #333333;\"><strong>Bab Ba\u015fl\u0131klar\u0131nda \u0130nce N\u00fcanslar<\/strong><\/span><br \/>\n<span style=\"color: #333333;\">Seminerde \u00f6zellikle ba\u015fl\u0131klarda ge\u00e7en kelime tercihleri (\u00f6rne\u011fin &#8220;bab&#8221;, &#8220;men&#8221;, &#8220;k\u0101la&#8221;) \u00fczerinden Buh\u00e2r\u00ee\u2019nin niyet ve yakla\u015f\u0131m\u0131 analiz edilir. Bu ifadeler, konuyu nas\u0131l takdim etti\u011fini ve ne t\u00fcr bir h\u00fck\u00fcm \u00e7\u0131karmay\u0131 ama\u00e7lad\u0131\u011f\u0131n\u0131 g\u00f6sterir.<\/span><\/li>\n<li><span style=\"color: #333333;\"><strong>F\u0131kh\u00ee ve Teolojik \u0130kilemler<\/strong><\/span><br \/>\n<span style=\"color: #333333;\">Hadislerin yerle\u015ftirildi\u011fi ba\u011flamda sadece hukuk\u00ee de\u011fil, itikad\u00ee (teolojik) tart\u0131\u015fmalar da bulunur. Buh\u00e2r\u00ee\u2019nin bu dengeyi ustaca kurdu\u011fu g\u00f6r\u00fcl\u00fcr.<\/span><\/li>\n<\/ol>\n<p><span style=\"color: #333333;\"><strong>Sonu\u00e7<\/strong><\/span><\/p>\n<ol>\n<li><span style=\"color: #333333;\">seminerde, Buh\u00e2r\u00ee\u2019nin metin d\u00fczenlemesinin hem f\u0131kh\u00ee hem kel\u00e2m\u00ee hedeflere hizmet etti\u011fi ortaya konur. O, hadisleri yaln\u0131zca \u201cnakil\u201d olarak de\u011fil, ayn\u0131 zamanda \u201canlam \u00fcretimi\u201dnin temel ta\u015f\u0131 olarak de\u011ferlendiren bir y\u00f6ntem geli\u015ftirir.<\/span><\/li>\n<\/ol>\n<p>&nbsp;<\/p>\n<p><span style=\"color: #333333;\"><strong>Main Themes<\/strong><\/span><\/p>\n<ol>\n<li><span style=\"color: #333333;\"><strong>Legal Authority and Interpretive Flexibility of Hadiths<\/strong><\/span><br \/>\n<span style=\"color: #333333;\">Bukh\u0101r\u012b illustrates that \u1e25ad\u012bths are not merely conveyors of historical information but active components in the processes of legal reasoning and <em>ijtih\u0101d<\/em>. Their semantic openness supports diverse juridical interpretations.<\/span><\/li>\n<li><span style=\"color: #333333;\"><strong>Trans-School Hermeneutics<\/strong><\/span><br \/>\n<span style=\"color: #333333;\">Bukh\u0101r\u012b engages \u1e25ad\u012bths beyond the confines of any particular madhhab. His methodology reflects a broader framework that aligns directly with the Qur\u2019\u0101n and Sunnah rather than sectarian legal doctrines.<\/span><\/li>\n<li><span style=\"color: #333333;\"><strong>Linguistic Nuances in Chapter Titles<\/strong><\/span><br \/>\n<span style=\"color: #333333;\">The seminar focuses on subtle linguistic markers in chapter headings (e.g., \u201cb\u0101b,\u201d \u201cman,\u201d \u201cq\u0101la\u201d) that reveal Bukh\u0101r\u012b\u2019s underlying intent. These choices shape the interpretive trajectory of the selected \u1e25ad\u012bths.<\/span><\/li>\n<li><span style=\"color: #333333;\"><strong>Legal-Theological Intersections<\/strong><\/span><br \/>\n<span style=\"color: #333333;\">The placement of \u1e25ad\u012bths often reflects both juridical and theological concerns. Bukh\u0101r\u012b skillfully navigates this dual function, making the <em>\u1e62a<\/em><em>\u1e25\u012b<\/em><em>\u1e25<\/em> a holistic repository of Islamic thought.<\/span><\/li>\n<\/ol>\n<p><span style=\"color: #333333;\"><strong>Conclusion<\/strong><\/span><\/p>\n<p><span style=\"color: #333333;\">The sixth seminar emphasizes Bukh\u0101r\u012b\u2019s sophisticated architecture in organizing the <em>\u1e62a<\/em><em>\u1e25\u012b<\/em><em>\u1e25<\/em>. His approach positions \u1e25ad\u012bths as both normative sources and tools of meaning-construction, simultaneously engaging fiqh and theology.<\/span><\/p>\n<p>&nbsp;<\/p>\n","protected":false},"excerpt":{"rendered":"<p>MEHMET BOYNUKALIN, SAH\u00ceH-\u0130 BUH\u00c2R\u00ce OKUMALARI 6. SEM\u0130NER \u00d6ZET\u0130 Ana Temalar [&hellip;]<\/p>\n","protected":false},"author":1,"featured_media":0,"parent":0,"menu_order":0,"comment_status":"closed","ping_status":"closed","template":"","meta":{"footnotes":""},"class_list":["post-6664","page","type-page","status-publish","hentry"],"jetpack_sharing_enabled":true,"_links":{"self":[{"href":"https:\/\/klasikdusunceokulu.com\/index.php\/wp-json\/wp\/v2\/pages\/6664","targetHints":{"allow":["GET"]}}],"collection":[{"href":"https:\/\/klasikdusunceokulu.com\/index.php\/wp-json\/wp\/v2\/pages"}],"about":[{"href":"https:\/\/klasikdusunceokulu.com\/index.php\/wp-json\/wp\/v2\/types\/page"}],"author":[{"embeddable":true,"href":"https:\/\/klasikdusunceokulu.com\/index.php\/wp-json\/wp\/v2\/users\/1"}],"replies":[{"embeddable":true,"href":"https:\/\/klasikdusunceokulu.com\/index.php\/wp-json\/wp\/v2\/comments?post=6664"}],"version-history":[{"count":1,"href":"https:\/\/klasikdusunceokulu.com\/index.php\/wp-json\/wp\/v2\/pages\/6664\/revisions"}],"predecessor-version":[{"id":6665,"href":"https:\/\/klasikdusunceokulu.com\/index.php\/wp-json\/wp\/v2\/pages\/6664\/revisions\/6665"}],"wp:attachment":[{"href":"https:\/\/klasikdusunceokulu.com\/index.php\/wp-json\/wp\/v2\/media?parent=6664"}],"curies":[{"name":"wp","href":"https:\/\/api.w.org\/{rel}","templated":true}]}}