{"id":6685,"date":"2025-07-19T14:57:55","date_gmt":"2025-07-19T11:57:55","guid":{"rendered":"https:\/\/klasikdusunceokulu.com\/?page_id=6685"},"modified":"2025-07-19T14:57:55","modified_gmt":"2025-07-19T11:57:55","slug":"mehmet-boynukalin-sahih-i-buhari-okumalari-16-seminer-ozeti","status":"publish","type":"page","link":"https:\/\/klasikdusunceokulu.com\/index.php\/mehmet-boynukalin-sahih-i-buhari-okumalari-16-seminer-ozeti\/","title":{"rendered":"MEHMET BOYNUKALIN, SAH\u00ceH-\u0130 BUH\u00c2R\u00ce OKUMALARI 16. SEM\u0130NER \u00d6ZET\u0130"},"content":{"rendered":"<p><span style=\"color: #333333;\"><strong>MEHMET BOYNUKALIN, SAH\u00ceH-\u0130 BUH\u00c2R\u00ce OKUMALARI 16. SEM\u0130NER \u00d6ZET\u0130<\/strong><\/span><\/p>\n<p><span style=\"color: #333333;\"><strong>Ana Ba\u015fl\u0131klar ve Temalar<\/strong><\/span><\/p>\n<ol>\n<li><span style=\"color: #333333;\"><strong>Niyetin (Niyya) \u0130badetin Ge\u00e7erlili\u011findeki Rol\u00fc<br \/>\n<\/strong>Bu seminerde niyetin ibadetin hem sahihli\u011fi hem de niteli\u011fi \u00fczerindeki etkisi ele al\u0131n\u0131r. Buh\u00e2r\u00ee, niyeti sadece bir \u015fart olarak de\u011fil, ibadetin anlam\u0131n\u0131 belirleyen temel bir unsur olarak i\u015fler.<\/span><\/li>\n<li><span style=\"color: #333333;\"><strong>Benzer Amelleri Ay\u0131ran \u0130\u00e7sel Unsur: Niyet<br \/>\n<\/strong>D\u0131\u015far\u0131dan ayn\u0131 g\u00f6r\u00fcnen ibadetleri (farz-n\u00e2file namazlar veya dua gibi) ay\u0131rt eden unsurun niyet oldu\u011fu vurgulan\u0131r. Bu ba\u011flamda niyet, ibadetlerin i\u00e7sel y\u00f6n\u00fcn\u00fcn merkezi bir ilkesidir.<\/span><\/li>\n<li><span style=\"color: #333333;\"><strong>Ahlak ve \u0130badet Aras\u0131ndaki B\u00fct\u00fcnl\u00fck<br \/>\n<\/strong>Buh\u00e2r\u00ee, ahlaki davran\u0131\u015flarla (ihl\u00e2s, tevazu vs.) ilgili hadisleri, ibadetlere dair rivayetlerle birlikte de\u011ferlendirerek ahlak\u00eelik ile hukuk\u00eeli\u011fin \u0130slam&#8217;da i\u00e7 i\u00e7e oldu\u011funu g\u00f6sterir.<\/span><\/li>\n<li><span style=\"color: #333333;\"><strong>Bab Ba\u015fl\u0131klar\u0131n\u0131n F\u0131kh\u00ee Y\u00f6nlendirme \u0130\u015flevi<br \/>\n<\/strong>Her b\u00f6l\u00fcm ba\u015fl\u0131\u011f\u0131, hadisin nas\u0131l okunmas\u0131 gerekti\u011fine dair f\u0131kh\u00ee bir \u00e7er\u00e7eve sunar. Buh\u00e2r\u00ee, ba\u015fl\u0131klar yoluyla okuyucunun niyetin \u00f6nemi konusunda y\u00f6nlendirilmesini sa\u011flar.<\/span><\/li>\n<\/ol>\n<p><span style=\"color: #333333;\"><strong>Sonu\u00e7<\/strong><\/span><\/p>\n<p><span style=\"color: #333333;\">Bu seminer, <em>Sah\u00eeh-i Buh\u00e2r\u00ee<\/em>\u2019nin yaln\u0131zca bir hadis koleksiyonu de\u011fil, ayn\u0131 zamanda niyet kavram\u0131n\u0131 merkeze alarak f\u0131k\u0131h, ahlak ve maneviyat aras\u0131nda k\u00f6pr\u00fc kuran b\u00fct\u00fcnc\u00fcl bir metin oldu\u011funu ortaya koyar.<\/span><\/p>\n<p><span style=\"color: #333333;\"><strong>\u00a0<\/strong><\/span><\/p>\n<p><span style=\"color: #333333;\"><strong>Main Themes<\/strong><\/span><\/p>\n<ol>\n<li><span style=\"color: #333333;\"><strong>Intentions (Niyya) and Validity of Prayer<\/strong><\/span><br \/>\n<span style=\"color: #333333;\">The seminar discusses how intention is central to the validity and classification of acts of worship. In <em>\u1e62a<\/em><em>\u1e25\u012b<\/em><em>\u1e25 al-Bukh\u0101r\u012b<\/em>, niyya is not just a prerequisite but a determinant of ritual meaning and legality.<\/span><\/li>\n<li><span style=\"color: #333333;\"><strong>Differentiating Between Rituals Through Niyya<\/strong><\/span><br \/>\n<span style=\"color: #333333;\">One\u2019s inner intention differentiates acts that outwardly appear similar (e.g., \u1e63al\u0101t vs. du\u02bf\u0101\u02be or a nafl prayer vs. a fard one). This highlights the inner dimension of ritual action in Islamic legal theory.<\/span><\/li>\n<li><span style=\"color: #333333;\"><strong>Integration of Hadiths on Behavior and Worship<\/strong><\/span><br \/>\n<span style=\"color: #333333;\">Bukh\u0101r\u012b weaves hadiths on moral behavior (like humility or sincerity) with legal ritual acts, emphasizing the unity between law and ethics in Islam.<\/span><\/li>\n<li><span style=\"color: #333333;\"><strong>Legal Construction Through Chapter Titles<\/strong><\/span><br \/>\n<span style=\"color: #333333;\">The seminar draws attention to how Bukh\u0101r\u012b\u2019s chapter headings shape the legal interpretation of the hadiths they precede, guiding the reader to specific jurisprudential conclusions.<\/span><\/li>\n<\/ol>\n<p><span style=\"color: #333333;\"><strong>Conclusion<\/strong><\/span><\/p>\n<p><span style=\"color: #333333;\">This session demonstrates Bukh\u0101r\u012b\u2019s integration of intention (niyya) as a legal, ethical, and spiritual axis in <em>\u1e62a<\/em><em>\u1e25\u012b<\/em><em>\u1e25 al-Bukh\u0101r\u012b<\/em>. Through curated hadiths and structured headings, he shows how unseen inward acts determine the value and categorization of visible actions.<\/span><\/p>\n<p>&nbsp;<\/p>\n","protected":false},"excerpt":{"rendered":"<p>MEHMET BOYNUKALIN, SAH\u00ceH-\u0130 BUH\u00c2R\u00ce OKUMALARI 16. SEM\u0130NER \u00d6ZET\u0130 Ana Ba\u015fl\u0131klar [&hellip;]<\/p>\n","protected":false},"author":1,"featured_media":0,"parent":0,"menu_order":0,"comment_status":"closed","ping_status":"closed","template":"","meta":{"footnotes":""},"class_list":["post-6685","page","type-page","status-publish","hentry"],"jetpack_sharing_enabled":true,"_links":{"self":[{"href":"https:\/\/klasikdusunceokulu.com\/index.php\/wp-json\/wp\/v2\/pages\/6685","targetHints":{"allow":["GET"]}}],"collection":[{"href":"https:\/\/klasikdusunceokulu.com\/index.php\/wp-json\/wp\/v2\/pages"}],"about":[{"href":"https:\/\/klasikdusunceokulu.com\/index.php\/wp-json\/wp\/v2\/types\/page"}],"author":[{"embeddable":true,"href":"https:\/\/klasikdusunceokulu.com\/index.php\/wp-json\/wp\/v2\/users\/1"}],"replies":[{"embeddable":true,"href":"https:\/\/klasikdusunceokulu.com\/index.php\/wp-json\/wp\/v2\/comments?post=6685"}],"version-history":[{"count":1,"href":"https:\/\/klasikdusunceokulu.com\/index.php\/wp-json\/wp\/v2\/pages\/6685\/revisions"}],"predecessor-version":[{"id":6686,"href":"https:\/\/klasikdusunceokulu.com\/index.php\/wp-json\/wp\/v2\/pages\/6685\/revisions\/6686"}],"wp:attachment":[{"href":"https:\/\/klasikdusunceokulu.com\/index.php\/wp-json\/wp\/v2\/media?parent=6685"}],"curies":[{"name":"wp","href":"https:\/\/api.w.org\/{rel}","templated":true}]}}