{"id":6748,"date":"2025-07-23T13:00:12","date_gmt":"2025-07-23T10:00:12","guid":{"rendered":"https:\/\/klasikdusunceokulu.com\/?page_id=6748"},"modified":"2025-07-23T13:00:12","modified_gmt":"2025-07-23T10:00:12","slug":"arapca-ii-seviye-dersleri-135-seminer-ozeti","status":"publish","type":"page","link":"https:\/\/klasikdusunceokulu.com\/index.php\/arapca-ii-seviye-dersleri-135-seminer-ozeti\/","title":{"rendered":"ARAP\u00c7A II. SEV\u0130YE DERSLER\u0130 135. SEM\u0130NER \u00d6ZET\u0130"},"content":{"rendered":"<p><span style=\"color: #333333;\"><strong>ARAP\u00c7A II. SEV\u0130YE DERSLER\u0130 135. SEM\u0130NER \u00d6ZET\u0130<\/strong><\/span><\/p>\n<p><span style=\"color: #333333;\"><strong>Seminerin Amac\u0131 ve \u0130\u00e7eri\u011fi<\/strong><\/span><\/p>\n<p><span style=\"color: #333333;\">Bu seminerin amac\u0131, Arap\u00e7ada ak\u0131ll\u0131 varl\u0131klar\u0131 ifade eden \u00e7o\u011ful di\u015fil (m\u00fcennes) isimlerle kurulan s\u0131fat tamlamalar\u0131n\u0131 \u00f6\u011fretmektir. S\u0131fat ve mevsuf aras\u0131nda sa\u011flanmas\u0131 gereken uyum ilkeleri, \u00f6zellikle cem\u00ee m\u00fchennes s\u00e2lim ve cem\u00ee teks\u00eer kal\u0131plar\u0131 ba\u011flam\u0131nda \u00f6rneklerle a\u00e7\u0131klanm\u0131\u015ft\u0131r. Seminer boyunca kat\u0131l\u0131mc\u0131lar, farkl\u0131 \u00e7o\u011ful kal\u0131plarla olu\u015fturulmu\u015f s\u0131fat-mevsuf yap\u0131lar\u0131n\u0131n hem gramer kurallar\u0131n\u0131 hem de kullan\u0131m varyasyonlar\u0131n\u0131 \u00f6\u011frenmi\u015ftir.<\/span><\/p>\n<p><span style=\"color: #333333;\"><strong>Ana Temalar<\/strong><\/span><\/p>\n<ol>\n<li><span style=\"color: #333333;\"><strong>\u00c7o\u011ful Di\u015fil \u0130sim T\u00fcrleri<\/strong><\/span><\/li>\n<\/ol>\n<p><span style=\"color: #333333;\">Kad\u0131nlar\u0131 ifade eden \u00e7o\u011ful isimlerin genellikle cem\u00ee m\u00fchennes s\u00e2lim (\u00f6r. el-m\u00fcderris\u00e2t) ya da cem\u00ee teks\u00eer (\u00f6r. en-nis\u00e2\u02be) kal\u0131plar\u0131nda geldi\u011fi vurgulanm\u0131\u015ft\u0131r.<\/span><\/p>\n<ol start=\"2\">\n<li><span style=\"color: #333333;\"><strong>S\u0131fat ve Mevsuf Uyumu<\/strong><\/span><\/li>\n<\/ol>\n<p><span style=\"color: #333333;\">\u00a0S\u0131fat ve mevsuf aras\u0131nda,<\/span><\/p>\n<ul>\n<li><span style=\"color: #333333;\">Cinsiyet (m\u00fcennes),<\/span><\/li>\n<li><span style=\"color: #333333;\">Say\u0131 (\u00e7o\u011ful),<\/span><\/li>\n<li><span style=\"color: #333333;\">Marifelik (belirli-belirsiz),<\/span><\/li>\n<li><span style=\"color: #333333;\">\u0130\u02bfrab (hareke uyumu)<\/span><\/li>\n<\/ul>\n<p><span style=\"color: #333333;\">a\u00e7\u0131s\u0131ndan uyum aranmas\u0131 gerekti\u011fi belirtilmi\u015ftir.<\/span><\/p>\n<ol start=\"3\">\n<li><span style=\"color: #333333;\"><strong>Kombinasyonlar<\/strong><\/span><\/li>\n<\/ol>\n<p><span style=\"color: #333333;\">S\u0131fat ve mevsufun her ikisinin de cem\u00ee m\u00fchennes s\u00e2lim veya cem\u00ee teks\u00eer olabilece\u011fi, ya da biri s\u00e2lim, di\u011feri teks\u00eer olabilece\u011fi \u00f6rneklerle a\u00e7\u0131klanm\u0131\u015ft\u0131r.<\/span><\/p>\n<ol start=\"4\">\n<li><span style=\"color: #333333;\"><strong>\u0130<\/strong><strong>\u02bf<\/strong><strong>rab Kurallar<\/strong><strong>\u0131<\/strong><\/span><\/li>\n<\/ol>\n<p><span style=\"color: #333333;\">Her iki yap\u0131n\u0131n merf\u00fb, mans\u00fbb ve mecr\u00fbr durumlarda nas\u0131l harekeler ald\u0131\u011f\u0131 g\u00f6sterilmi\u015ftir. \u00d6rne\u011fin:<\/span><\/p>\n<ul>\n<li><span style=\"color: #333333;\">Merf\u00fb: el-mu\u02bfallif\u0101tu\u2019l-mu\u1e2bli\u1e63\u0101tu<\/span><\/li>\n<li><span style=\"color: #333333;\">Mans\u00fbb: el-mu\u02bfallif\u0101ti\u2019l-mu\u1e2bli\u1e63\u0101ti<\/span><\/li>\n<li><span style=\"color: #333333;\">Mecr\u00fbr: ayn\u0131 \u015fekilde kesreli ya da fethal\u0131 durumlar.<\/span><\/li>\n<\/ul>\n<ol start=\"5\">\n<li><span style=\"color: #333333;\"><strong>\u00d6rnekler ve Uygulama<\/strong><\/span><\/li>\n<\/ol>\n<ul>\n<li><span style=\"color: #333333;\">es-s\u00e2diq\u0101tu\u2019l-vefiyy\u0101tu (vefal\u0131 k\u0131z arkada\u015flar)<\/span><\/li>\n<li><span style=\"color: #333333;\">en-nis\u0101\u02beu\u2019l-\u1e25aw\u0101milu (hamile kad\u0131nlar)<\/span><\/li>\n<li><span style=\"color: #333333;\">el-ummeh\u0101tu\u2019l-\u1e25aw\u0101milu (hamile anneler)<\/span><\/li>\n<li><span style=\"color: #333333;\">el-mu\u02beallif\u0101tu\u2019l-me\u015fh\u016br\u0101tu (\u00fcnl\u00fc kad\u0131n yazarlar)<\/span><\/li>\n<li><span style=\"color: #333333;\">es-seyyid\u0101tu\u2019l-\u02bfaj\u0101\u02beizu (ya\u015fl\u0131 han\u0131mefendiler)<\/span><\/li>\n<\/ul>\n<p><span style=\"color: #333333;\"><strong>Sonu\u00e7<\/strong><\/span><\/p>\n<p><span style=\"color: #333333;\">Bu seminer, Arap\u00e7ada ak\u0131ll\u0131 \u00e7o\u011ful m\u00fcennes isimlerle kurulan s\u0131fat tamlamalar\u0131n\u0131n \u00e7e\u015fitlili\u011fini ve gramatik yap\u0131s\u0131n\u0131 detayl\u0131 bir bi\u00e7imde ortaya koymu\u015ftur. Kat\u0131l\u0131mc\u0131lar, cem\u00ee m\u00fchennes s\u00e2lim ve cem\u00ee teks\u00eer yap\u0131lar\u0131n\u0131n s\u0131fat-mevsuf ili\u015fkisine etkisini uygulamal\u0131 olarak \u00f6\u011frenmi\u015f; \u00f6zellikle i\u02bfrab farklar\u0131, kal\u0131p uyumlar\u0131 ve anlam n\u00fcanslar\u0131na dair derinlemesine bilgi edinmi\u015ftir. Ders, Arap\u00e7a\u2019da nitelendirme yap\u0131s\u0131n\u0131n kad\u0131n \u00e7o\u011fullar\u0131na \u00f6zg\u00fc karma\u015f\u0131k y\u00f6nlerini anlamak ad\u0131na \u00f6nemli bir dilsel e\u015fik olu\u015fturmu\u015ftur.<\/span><\/p>\n<p>&nbsp;<\/p>\n<p><span style=\"color: #333333;\"><strong>Purpose and Content of the Seminar<\/strong><\/span><\/p>\n<p><span style=\"color: #333333;\">This seminar focused on the grammatical structure and correct use of adjective phrases involving plural feminine nouns that denote intelligent beings in Arabic. The session explored how such phrases are formed using both sound feminine plurals (jam\u02bf mu\u2019annath s\u0101lim) and broken plurals (jam\u02bf taks\u012br), with emphasis on agreement rules and i\u02bfr\u0101b (case markings). Through examples and exercises, participants gained practical understanding of how these plurals interact with their corresponding adjectives.<\/span><\/p>\n<p><span style=\"color: #333333;\"><strong>Main Themes<\/strong><\/span><\/p>\n<ol>\n<li><span style=\"color: #333333;\"><strong>Types of Feminine Plurals<\/strong><\/span><\/li>\n<\/ol>\n<p><span style=\"color: #333333;\">The seminar explained that plural nouns referring to women or intelligent beings often appear in either the sound feminine plural form (e.g., al-mudarris\u0101t) or the broken plural form (e.g., an-nis\u0101\u02be).<\/span><\/p>\n<ol start=\"2\">\n<li><span style=\"color: #333333;\"><strong>Agreement between Noun and Adjective<\/strong><\/span><\/li>\n<\/ol>\n<p><span style=\"color: #333333;\">The adjective must match the noun in the following grammatical categories:<\/span><\/p>\n<ul>\n<li><span style=\"color: #333333;\">Gender (feminine)<\/span><\/li>\n<li><span style=\"color: #333333;\">Number (plural)<\/span><\/li>\n<li><span style=\"color: #333333;\">Definiteness (definite or indefinite)<\/span><\/li>\n<li><span style=\"color: #333333;\">Case (nominative, accusative, genitive)<\/span><\/li>\n<\/ul>\n<ol start=\"3\">\n<li><span style=\"color: #333333;\"><strong>Mixed Combinations<\/strong><\/span><\/li>\n<\/ol>\n<p><span style=\"color: #333333;\">The session highlighted various combinations, such as both the noun and adjective being in sound plural form, both in broken plural form, or a mix of the two.<\/span><\/p>\n<ol start=\"4\">\n<li><span style=\"color: #333333;\"><strong>Case Endings (I<\/strong><strong>\u02bf<\/strong><strong>r<\/strong><strong>\u0101<\/strong><strong>b)<\/strong><\/span><\/li>\n<\/ol>\n<p><span style=\"color: #333333;\">Examples were provided to show how these adjective phrases change according to grammatical case:<\/span><\/p>\n<ul>\n<li><span style=\"color: #333333;\">Nominative: al-mu\u02beallif\u0101tu al-mukhli\u1e63\u0101tu (the sincere female authors)<\/span><\/li>\n<li><span style=\"color: #333333;\">Accusative: al-mu\u02beallif\u0101ti al-mukhli\u1e63\u0101ti<\/span><\/li>\n<li><span style=\"color: #333333;\">Genitive: similar endings, often with kasrah<\/span><\/li>\n<\/ul>\n<ol start=\"5\">\n<li><span style=\"color: #333333;\"><strong>Examples and Application<\/strong><\/span><\/li>\n<\/ol>\n<p><span style=\"color: #333333;\">Learners practiced with varied examples such as:<\/span><\/p>\n<ul>\n<li><span style=\"color: #333333;\">a\u1e63-\u1e63\u0101diq\u0101tu al-wafiyy\u0101tu (the loyal female friends)<\/span><\/li>\n<li><span style=\"color: #333333;\">an-nis\u0101\u02be al-\u1e25aw\u0101mil (the pregnant women)<\/span><\/li>\n<li><span style=\"color: #333333;\">al-ummah\u0101t al-\u1e25aw\u0101mil (the pregnant mothers)<\/span><\/li>\n<li><span style=\"color: #333333;\">al-mu\u02beallif\u0101tu al-mashh\u016br\u0101tu (the famous female authors)<\/span><\/li>\n<li><span style=\"color: #333333;\">as-sayyid\u0101tu al-\u02bfaj\u0101\u02beizu (the elderly ladies)<\/span><\/li>\n<\/ul>\n<p><span style=\"color: #333333;\"><strong>Conclusion<\/strong><\/span><\/p>\n<p><span style=\"color: #333333;\">This seminar offered an in-depth analysis of adjective constructions involving plural feminine nouns referring to intelligent beings, especially focusing on the structural rules and grammatical nuances of Arabic. Participants developed a clearer understanding of how sound and broken plurals affect adjective agreement and case markings. By mastering these patterns, learners enhanced their ability to accurately construct and interpret complex descriptive phrases, an essential skill in reading and producing formal or classical Arabic texts.<\/span><\/p>\n<p>&nbsp;<\/p>\n","protected":false},"excerpt":{"rendered":"<p>ARAP\u00c7A II. SEV\u0130YE DERSLER\u0130 135. SEM\u0130NER \u00d6ZET\u0130 Seminerin Amac\u0131 ve [&hellip;]<\/p>\n","protected":false},"author":1,"featured_media":0,"parent":0,"menu_order":0,"comment_status":"closed","ping_status":"closed","template":"","meta":{"footnotes":""},"class_list":["post-6748","page","type-page","status-publish","hentry"],"jetpack_sharing_enabled":true,"_links":{"self":[{"href":"https:\/\/klasikdusunceokulu.com\/index.php\/wp-json\/wp\/v2\/pages\/6748","targetHints":{"allow":["GET"]}}],"collection":[{"href":"https:\/\/klasikdusunceokulu.com\/index.php\/wp-json\/wp\/v2\/pages"}],"about":[{"href":"https:\/\/klasikdusunceokulu.com\/index.php\/wp-json\/wp\/v2\/types\/page"}],"author":[{"embeddable":true,"href":"https:\/\/klasikdusunceokulu.com\/index.php\/wp-json\/wp\/v2\/users\/1"}],"replies":[{"embeddable":true,"href":"https:\/\/klasikdusunceokulu.com\/index.php\/wp-json\/wp\/v2\/comments?post=6748"}],"version-history":[{"count":1,"href":"https:\/\/klasikdusunceokulu.com\/index.php\/wp-json\/wp\/v2\/pages\/6748\/revisions"}],"predecessor-version":[{"id":6749,"href":"https:\/\/klasikdusunceokulu.com\/index.php\/wp-json\/wp\/v2\/pages\/6748\/revisions\/6749"}],"wp:attachment":[{"href":"https:\/\/klasikdusunceokulu.com\/index.php\/wp-json\/wp\/v2\/media?parent=6748"}],"curies":[{"name":"wp","href":"https:\/\/api.w.org\/{rel}","templated":true}]}}