{"id":6908,"date":"2025-08-13T14:51:31","date_gmt":"2025-08-13T11:51:31","guid":{"rendered":"https:\/\/klasikdusunceokulu.com\/?page_id=6908"},"modified":"2025-08-13T17:00:41","modified_gmt":"2025-08-13T14:00:41","slug":"arapca-ii-seviye-dersleri-184-seminer-ozeti","status":"publish","type":"page","link":"https:\/\/klasikdusunceokulu.com\/index.php\/arapca-ii-seviye-dersleri-184-seminer-ozeti\/","title":{"rendered":"ARAP\u00c7A II. SEV\u0130YE DERSLER\u0130 184. SEM\u0130NER \u00d6ZET\u0130"},"content":{"rendered":"<p><span style=\"color: #000000;\"><strong>ARAP\u00c7A II. SEV\u0130YE DERSLER\u0130 184. SEM\u0130NER \u00d6ZET\u0130<\/strong><\/span><\/p>\n<p>&nbsp;<\/p>\n<p><span style=\"color: #000000;\"><strong>Dersin Amac\u0131 ve \u0130\u00e7eri\u011fi<\/strong><\/span><\/p>\n<p><span style=\"color: #000000;\">Bu derste, maks\u00fbr isimlerin mecr\u00fbr (cer edilmi\u015f) h\u00e2lde c\u00fcmle i\u00e7inde nas\u0131l kullan\u0131ld\u0131\u011f\u0131 ele al\u0131nmaktad\u0131r. Maks\u00fbr isim, sonunda elif (\u0627) ya da elif \u015feklinde yaz\u0131lm\u0131\u015f y\u00e2 (\u0649) bulunan ve ondan \u00f6nceki harfi fetha harekeli olan isimdir. Bu t\u00fcr isimlerde, i\u02bfrab (ref\u02bf, nasb, cerr) takd\u00eeran olur; yani hareke yaz\u0131l\u0131 olarak g\u00f6r\u00fcnmez, ancak gramatik olarak var kabul edilir. Dersin amac\u0131, maks\u00fbr isimlerin mecr\u00fbr h\u00e2lini tan\u0131mak, c\u00fcmle i\u00e7indeki g\u00f6revini ve yap\u0131s\u0131n\u0131 do\u011fru anlamakt\u0131r.<\/span><\/p>\n<p>&nbsp;<\/p>\n<p><span style=\"color: #000000;\"><strong>Ana Temalar<\/strong><\/span><\/p>\n<ol>\n<li><span style=\"color: #000000;\"><strong>Mecr\u00fbr \u0130simlerin Tan\u0131m\u0131<\/strong><\/span><\/li>\n<\/ol>\n<p><span style=\"color: #000000;\">Harf-i cer (\u062d\u0631\u0641 \u062c\u0631) ile kullan\u0131lan ya da muzaf\u0131n ileyh (\u0645\u0636\u0627\u0641 \u0625\u0644\u064a\u0647) olan isimler mecr\u00fbr olur.<\/span><\/p>\n<p>&nbsp;<\/p>\n<ol start=\"2\">\n<li><span style=\"color: #000000;\"><strong>Maks\u00fbr \u0130simlerin \u00d6zelli\u011fi<\/strong><\/span><\/li>\n<\/ol>\n<p><span style=\"color: #000000;\">Maks\u00fbr isimler, lafzen de\u011fil takd\u00eeran mecr\u00fbr olur. Yaz\u0131l\u0131\u015flar\u0131nda de\u011fi\u015fiklik olmaz ancak g\u00f6revleri ba\u011flama g\u00f6re anla\u015f\u0131l\u0131r.<\/span><\/p>\n<p>&nbsp;<\/p>\n<ol start=\"3\">\n<li><span style=\"color: #000000;\"><strong>C\u00fcmle \u0130\u00e7i Kullan\u0131mlar ve \u00d6rnekler<\/strong><\/span><\/li>\n<\/ol>\n<p><span style=\"color: #000000;\">A\u015fa\u011f\u0131daki \u00f6rneklerde maks\u00fbr isimler mecr\u00fbr olarak kullan\u0131lm\u0131\u015ft\u0131r ve bu durum takd\u00eeran anla\u015f\u0131l\u0131r:<\/span><\/p>\n<p>&nbsp;<\/p>\n<p><span style=\"color: #000000;\">\u0625\u0644\u0649 \u0627\u0644\u0645\u0633\u062a\u0634\u0641\u0649 \u2192 \u0627\u0644\u0645\u0633\u062a\u0634\u0641\u0649 maks\u00fbr isimdir, harf-i cer ile gelmi\u015ftir, takd\u00eeran mecr\u00fbr.<\/span><\/p>\n<p>&nbsp;<\/p>\n<p><span style=\"color: #000000;\">\u0646\u0648\u0627\u0641\u0630 \u0627\u0644\u0645\u0628\u0646\u0649 \u2192 \u0627\u0644\u0645\u0628\u0646\u0649 maks\u00fbr isimdir, muzaf\u0131n ileyh konumundad\u0131r, takd\u00eeran mecr\u00fbr.<\/span><\/p>\n<p>&nbsp;<\/p>\n<p><span style=\"color: #000000;\">\u0633\u0647\u0627\u0645 \u0627\u0644\u0645\u0646\u0627\u064a\u0627 \u2192 \u0627\u0644\u0645\u0646\u0627\u064a\u0627 maks\u00fbr isimdir, \u00e7o\u011ful ve maks\u00fbrdur, takd\u00eeran mecr\u00fbr.<\/span><\/p>\n<p>&nbsp;<\/p>\n<p><span style=\"color: #000000;\">\u0641\u064a \u062d\u0628\u0627\u0644 \u0627\u0644\u0647\u0648\u0649 \u2192 \u0627\u0644\u0647\u0648\u0649 maks\u00fbr isimdir, mecr\u00fbr olarak muzaf\u0131n ileyhtir, takd\u00eeran mecr\u00fbr.<\/span><\/p>\n<p>&nbsp;<\/p>\n<ol start=\"4\">\n<li><span style=\"color: #000000;\"><strong>\u0130ml\u00e2 ve Dikkat Edilmesi Gereken Hususlar<\/strong><\/span><\/li>\n<\/ol>\n<p><span style=\"color: #000000;\">Maks\u00fbr isimler sadece isim t\u00fcr\u00fcndedir. Fiil ya da harf t\u00fcr\u00fcnde maks\u00fbr olmaz.<\/span><\/p>\n<p>&nbsp;<\/p>\n<p><span style=\"color: #000000;\">A\u015fa\u011f\u0131daki \u00f6zel isimler maks\u00fbr olup yayg\u0131n \u00f6rneklerdendir:<\/span><\/p>\n<p>&nbsp;<\/p>\n<p><span style=\"color: #000000;\">\u064a\u062d\u064a\u0649<\/span><\/p>\n<p>&nbsp;<\/p>\n<p><span style=\"color: #000000;\">\u0645\u0648\u0633\u0649<\/span><\/p>\n<p>&nbsp;<\/p>\n<p><span style=\"color: #000000;\">\u0639\u064a\u0633\u0649<\/span><\/p>\n<p>&nbsp;<\/p>\n<p><span style=\"color: #000000;\">\u0627\u0644\u0645\u0644\u062d\u0649<\/span><\/p>\n<p>&nbsp;<\/p>\n<p><span style=\"color: #000000;\">\u0627\u0644\u0645\u0628\u0646\u0649<\/span><\/p>\n<p>&nbsp;<\/p>\n<p><span style=\"color: #000000;\">Maks\u00fbr isimlerle yaz\u0131m\u0131 benzeyen ama son harfi \u064a olan kelimeler kar\u0131\u015ft\u0131r\u0131lmamal\u0131d\u0131r.<\/span><\/p>\n<p>&nbsp;<\/p>\n<ol start=\"5\">\n<li><span style=\"color: #000000;\"><strong>S\u0131fat ve Muzaf Yap\u0131lar\u0131nda G\u00f6r\u00fcn\u00fcm<\/strong><\/span><\/li>\n<\/ol>\n<p><span style=\"color: #000000;\">Maks\u00fbr bir isim muzaf konumundaysa ve ard\u0131ndan muzaf\u0131n ileyh geliyorsa, maks\u00fbr ismin mecr\u00fbriyeti yine takd\u00eeran olur.<\/span><\/p>\n<p>&nbsp;<\/p>\n<p><span style=\"color: #000000;\">Baz\u0131 i\u015faret s\u0131fat yap\u0131lar\u0131nda maks\u00fbr ismin mecr\u00fbr olu\u015fu ba\u011flamdan veya s\u0131fattan \u00e7\u0131kar\u0131l\u0131r.<\/span><\/p>\n<p>&nbsp;<\/p>\n<p><span style=\"color: #000000;\"><strong>Sonu\u00e7<\/strong><\/span><\/p>\n<p><span style=\"color: #000000;\">Bu derste \u00f6\u011frenciler, maks\u00fbr isimlerin g\u00f6r\u00fcn\u00fcrde hareketsiz olmalar\u0131na ra\u011fmen c\u00fcmle i\u00e7indeki g\u00f6revlerini (\u00f6zellikle mecr\u00fbr h\u00e2llerini) do\u011fru analiz etmeyi \u00f6\u011frenir. Yaz\u0131l\u0131\u015f\u0131n sabitli\u011fi, ba\u011flam bilgisini ve gramatik analiz becerisini daha da \u00f6nemli h\u00e2le getirir. Maks\u00fbr isimlerin \u00f6zellikle harf-i cerli yap\u0131larda, muzaf-muzaf\u0131n ileyh kal\u0131plar\u0131nda do\u011fru \u015fekilde takdir edilmesi, do\u011fru Arap\u00e7a okuma ve \u00e7\u00f6z\u00fcmleme i\u00e7in b\u00fcy\u00fck \u00f6nem ta\u015f\u0131r.<\/span><\/p>\n<p>&nbsp;<\/p>\n<p>&nbsp;<\/p>\n<p><span style=\"color: #000000;\"><strong>Purpose and Content<\/strong><\/span><\/p>\n<p><span style=\"color: #000000;\">This lesson addresses the usage of <strong>maks\u016br nouns<\/strong>\u2014nouns ending with <strong>alif maq\u1e63\u016bra (<\/strong><strong>\u0649)<\/strong>\u2014in the <strong>genitive (majr\u016br) case<\/strong>. These nouns pose a unique grammatical feature because their final form remains unchanged regardless of case. Thus, their grammatical status is understood <strong>implicitly (taqd\u012bran)<\/strong> rather than explicitly through diacritical marks. The lesson aims to equip learners with the ability to recognize and correctly interpret maks\u016br nouns in genitive contexts, especially after prepositions and in i\u1e0d\u0101fa (possessive) constructions.<\/span><\/p>\n<p>&nbsp;<\/p>\n<p><span style=\"color: #000000;\"><strong>Main Themes<\/strong><\/span><\/p>\n<ol>\n<li><span style=\"color: #000000;\"><strong> What is a Genitive Noun?<\/strong><\/span><\/li>\n<\/ol>\n<p><span style=\"color: #000000;\">A noun becomes genitive either:<\/span><\/p>\n<ul>\n<li><span style=\"color: #000000;\">After a <strong>preposition<\/strong> (<em>\u1e25arf jar<\/em>), or<\/span><\/li>\n<li><span style=\"color: #000000;\">As the <strong>second term of an i<\/strong><strong>\u1e0d\u0101fa construction<\/strong> (<em>mu<\/em><em>\u1e0d\u0101f ilayh<\/em>).<\/span><\/li>\n<\/ul>\n<ol start=\"2\">\n<li><span style=\"color: #000000;\"><strong> What is a Maks\u016br Noun?<\/strong><\/span><\/li>\n<\/ol>\n<p><span style=\"color: #000000;\">Maks\u016br nouns end with <strong>\u0649<\/strong> (alif maq\u1e63\u016bra) and are preceded by a <strong>fat<\/strong><strong>\u1e25a<\/strong>. These nouns do <strong>not change form<\/strong> in writing when they are in the genitive case. Instead, they are <strong>considered majr\u016br implicitly (taqd\u012bran)<\/strong>.<\/span><\/p>\n<ol start=\"3\">\n<li><span style=\"color: #000000;\"><strong> Usage in Sentences \u2013 Key Examples<\/strong><\/span><\/li>\n<\/ol>\n<p><span style=\"color: #000000;\">The following examples demonstrate maks\u016br nouns in the genitive case:<\/span><\/p>\n<ul>\n<li><span style=\"color: #000000;\"><strong>\u0625\u0644\u0649 <\/strong><strong>\u0627\u0644\u0645\u0633\u062a\u0634\u0641\u0649<\/strong> \u2013 <em>al-mustashf\u0101<\/em> is preceded by a preposition, hence <strong>taqd\u012bran majr\u016br<\/strong>.<\/span><\/li>\n<li><span style=\"color: #000000;\"><strong>\u0646\u0648\u0627\u0641\u0630 <\/strong><strong>\u0627\u0644\u0645\u0628\u0646\u0649<\/strong> \u2013 <em>al-mabn\u0101<\/em> is the mu\u1e0d\u0101f ilayh (possessed noun), <strong>taqd\u012bran majr\u016br<\/strong>.<\/span><\/li>\n<li><span style=\"color: #000000;\"><strong>\u0633\u0647\u0627\u0645 <\/strong><strong>\u0627\u0644\u0645\u0646\u0627\u064a\u0627<\/strong> \u2013 <em>al-man\u0101y\u0101<\/em> is also mu\u1e0d\u0101f ilayh and <strong>taqd\u012bran majr\u016br<\/strong>.<\/span><\/li>\n<li><span style=\"color: #000000;\"><strong>\u0641\u064a <\/strong><strong>\u062d\u0628\u0627\u0644 <\/strong><strong>\u0627\u0644\u0647\u0648\u0649<\/strong> \u2013 <em>al-haw\u0101<\/em> is in a prepositional phrase and <strong>taqd\u012bran majr\u016br<\/strong>.<\/span><\/li>\n<\/ul>\n<ol start=\"4\">\n<li><span style=\"color: #000000;\"><strong> Orthographic Notes and Cautions<\/strong><\/span><\/li>\n<\/ol>\n<ul>\n<li><span style=\"color: #000000;\">Maks\u016br nouns appear <strong>only as nouns<\/strong>\u2014never as verbs or particles.<\/span><\/li>\n<li><span style=\"color: #000000;\">Common maks\u016br proper nouns include:<\/span>\n<ul>\n<li><span style=\"color: #000000;\"><strong>\u064a\u062d\u064a\u0649<\/strong><\/span><\/li>\n<li><span style=\"color: #000000;\"><strong>\u0645\u0648\u0633\u0649<\/strong><\/span><\/li>\n<li><span style=\"color: #000000;\"><strong>\u0639\u064a\u0633\u0649<\/strong><\/span><\/li>\n<li><span style=\"color: #000000;\"><strong>\u0627\u0644\u0645\u0644\u062d\u0649<\/strong><\/span><\/li>\n<li><span style=\"color: #000000;\"><strong>\u0627\u0644\u0645\u0628\u0646\u0649<\/strong><\/span><\/li>\n<\/ul>\n<\/li>\n<li><span style=\"color: #000000;\">It is important not to confuse maks\u016br nouns with other words that end in the letter <strong>\u064a (y\u0101<\/strong><strong>\u02be)<\/strong>.<\/span><\/li>\n<\/ul>\n<ol start=\"5\">\n<li><span style=\"color: #000000;\"><strong> Attributive and Possessive Constructions<\/strong><\/span><\/li>\n<\/ol>\n<p><span style=\"color: #000000;\">In possessive (i\u1e0d\u0101fa) structures, if the first noun is maks\u016br and the second is mu\u1e0d\u0101f ilayh, then the maks\u016br noun will still be <strong>taqd\u012bran majr\u016br<\/strong>. In some cases, where a maks\u016br noun acts as a <strong>descriptor (\u1e63ifa)<\/strong> following a demonstrative, its grammatical case can be inferred from the adjective rather than the noun itself.<\/span><\/p>\n<p>&nbsp;<\/p>\n<p><span style=\"color: #000000;\"><strong>Conclusion<\/strong><\/span><\/p>\n<p><span style=\"color: #000000;\">This lesson trains students to understand that maks\u016br nouns, despite their <strong>unchanging written form<\/strong>, can serve grammatical functions such as genitive position through <strong>contextual and syntactic reasoning<\/strong>. Mastery of these forms enhances students&#8217; ability to analyze Classical and Modern Standard Arabic texts, particularly when dealing with <strong>prepositions, possessive phrases, and compound structures<\/strong> involving maks\u016br nouns.<\/span><\/p>\n<p>&nbsp;<\/p>\n","protected":false},"excerpt":{"rendered":"<p>ARAP\u00c7A II. SEV\u0130YE DERSLER\u0130 184. SEM\u0130NER \u00d6ZET\u0130 &nbsp; Dersin Amac\u0131 [&hellip;]<\/p>\n","protected":false},"author":1,"featured_media":0,"parent":0,"menu_order":0,"comment_status":"closed","ping_status":"closed","template":"","meta":{"footnotes":""},"class_list":["post-6908","page","type-page","status-publish","hentry"],"jetpack_sharing_enabled":true,"_links":{"self":[{"href":"https:\/\/klasikdusunceokulu.com\/index.php\/wp-json\/wp\/v2\/pages\/6908","targetHints":{"allow":["GET"]}}],"collection":[{"href":"https:\/\/klasikdusunceokulu.com\/index.php\/wp-json\/wp\/v2\/pages"}],"about":[{"href":"https:\/\/klasikdusunceokulu.com\/index.php\/wp-json\/wp\/v2\/types\/page"}],"author":[{"embeddable":true,"href":"https:\/\/klasikdusunceokulu.com\/index.php\/wp-json\/wp\/v2\/users\/1"}],"replies":[{"embeddable":true,"href":"https:\/\/klasikdusunceokulu.com\/index.php\/wp-json\/wp\/v2\/comments?post=6908"}],"version-history":[{"count":1,"href":"https:\/\/klasikdusunceokulu.com\/index.php\/wp-json\/wp\/v2\/pages\/6908\/revisions"}],"predecessor-version":[{"id":6909,"href":"https:\/\/klasikdusunceokulu.com\/index.php\/wp-json\/wp\/v2\/pages\/6908\/revisions\/6909"}],"wp:attachment":[{"href":"https:\/\/klasikdusunceokulu.com\/index.php\/wp-json\/wp\/v2\/media?parent=6908"}],"curies":[{"name":"wp","href":"https:\/\/api.w.org\/{rel}","templated":true}]}}