{"id":6929,"date":"2025-08-16T14:18:19","date_gmt":"2025-08-16T11:18:19","guid":{"rendered":"https:\/\/klasikdusunceokulu.com\/?page_id=6929"},"modified":"2025-08-16T14:18:19","modified_gmt":"2025-08-16T11:18:19","slug":"arapca-ii-seviye-dersleri-193-seminer-ozeti","status":"publish","type":"page","link":"https:\/\/klasikdusunceokulu.com\/index.php\/arapca-ii-seviye-dersleri-193-seminer-ozeti\/","title":{"rendered":"ARAP\u00c7A II. SEV\u0130YE DERSLER\u0130 193. SEM\u0130NER \u00d6ZET\u0130"},"content":{"rendered":"<p><span style=\"color: #000000;\"><strong>ARAP\u00c7A II. SEV\u0130YE DERSLER\u0130 193. SEM\u0130NER \u00d6ZET\u0130<\/strong><\/span><\/p>\n<p><span style=\"color: #000000;\"><strong>Seminerin Amac\u0131<\/strong><\/span><\/p>\n<p><span style=\"color: #000000;\">Bu seminerin temel amac\u0131, Arap\u00e7a \u00f6\u011fretiminde ileri seviye metin okuma, do\u011fru terc\u00fcme yapma ve gramatikal tahlil becerilerini geli\u015ftirmektir. Kat\u0131l\u0131mc\u0131lar\u0131n hem klasik hem de modern Arap\u00e7a metinleri \u00e7\u00f6z\u00fcmleyebilmesi i\u00e7in gerekli olan nahiv (sentaks) ve sarf (morfoloji) bilgilerinin uygulamal\u0131 olarak peki\u015ftirilmesi hedeflenmi\u015ftir. Seminer, Kur\u2019an ve klasik metinlerde kar\u015f\u0131la\u015f\u0131lan yap\u0131lar\u0131n do\u011fru anla\u015f\u0131lmas\u0131 a\u00e7\u0131s\u0131ndan b\u00fcy\u00fck \u00f6neme sahip olan i&#8217;rab (gramatik analiz) becerisini \u00f6ne \u00e7\u0131karm\u0131\u015ft\u0131r.<\/span><\/p>\n<p><span style=\"color: #000000;\"><strong>Ana Temalar ve \u0130\u00e7erik<\/strong><\/span><\/p>\n<ol>\n<li><span style=\"color: #000000;\"><strong>Metin Okuma ve Anlamland\u0131rma<\/strong><\/span>\n<ul>\n<li><span style=\"color: #000000;\">Seminerde \u00f6rnek metin olarak bir hac seyahati anlat\u0131s\u0131 okunmu\u015ftur.<\/span><\/li>\n<li><span style=\"color: #000000;\">C\u00fcmleler tek tek terc\u00fcme edilmi\u015f, anlam ba\u011flam\u0131 ve i\u00e7erdi\u011fi dini-terimler (\u00f6rne\u011fin: <em>K\u00e2be, Mescid-i Nebev\u00ee, Zemzem<\/em>) a\u00e7\u0131klanm\u0131\u015ft\u0131r.<\/span><\/li>\n<li><span style=\"color: #000000;\">Tavaf, sa&#8217;y, zemzem i\u00e7me, hac ibadetinin ifas\u0131 gibi kavramlar\u0131n hem literal anlam\u0131 hem de terimsel kullan\u0131m\u0131 \u00fczerinde durulmu\u015ftur.<\/span><\/li>\n<\/ul>\n<\/li>\n<li><span style=\"color: #000000;\"><strong>\u0130\u2018r\u00e2b Analizi (Gramatik Tahlil)<\/strong><\/span>\n<ul>\n<li><span style=\"color: #000000;\">Her c\u00fcmlede fiil, fail, mef\u2018\u00fbl, zarf, harf-i cer, s\u0131fat gibi \u00f6geler ayr\u0131\u015ft\u0131r\u0131larak Arap\u00e7a sentaks\u0131 \u00f6rneklendirilmi\u015ftir.<\/span><\/li>\n<li><span style=\"color: #000000;\">\u00d6zellikle m\u00fcpteda-haber yap\u0131lar\u0131, maksur isimlerin takdir\u00ee i\u2018r\u00e2b\u0131, muttas\u0131l zamirlerin g\u00f6revleri detayl\u0131 \u015fekilde analiz edilmi\u015ftir.<\/span><\/li>\n<li><span style=\"color: #000000;\"><em>M\u00fcfret, tesniye ve cemi<\/em> formlar \u00fczerinden \u00f6rneklerle dilin i\u015fleyi\u015fi g\u00f6sterilmi\u015ftir.<\/span><\/li>\n<\/ul>\n<\/li>\n<li><span style=\"color: #000000;\"><strong>Sarf Bilgisi ve Kelime K\u00f6keni \u0130ncelemesi<\/strong><\/span>\n<ul>\n<li><span style=\"color: #000000;\">Fiillerin kal\u0131plar\u0131 (<em>qad\u00e2, zara, \u015feribe, \u015fahide, \u00e2de, hamela<\/em> vb.) ve \u00e7ekimleri \u00fczerinde durularak kat\u0131l\u0131mc\u0131lara fiil merkezli analiz yetene\u011fi kazand\u0131r\u0131lm\u0131\u015ft\u0131r.<\/span><\/li>\n<li><span style=\"color: #000000;\">Muzaaf, maksur, meksur gibi \u00f6zel isim t\u00fcrlerinin i\u2018r\u00e2bda nas\u0131l davrand\u0131\u011f\u0131 a\u00e7\u0131klanm\u0131\u015ft\u0131r.<\/span><\/li>\n<\/ul>\n<\/li>\n<li><span style=\"color: #000000;\"><strong>Dilsel ve Sosyok\u00fclt\u00fcrel Ba\u011flam<\/strong><\/span>\n<ul>\n<li><span style=\"color: #000000;\">C\u00fcmlelerin sosyok\u00fclt\u00fcrel ba\u011flam\u0131 da ele al\u0131narak Arap\u00e7a&#8217;n\u0131n sadece bir dil de\u011fil, ayn\u0131 zamanda bir medeniyet ta\u015f\u0131y\u0131c\u0131s\u0131 oldu\u011fu vurgulanm\u0131\u015ft\u0131r.<\/span><\/li>\n<li><span style=\"color: #000000;\">Farkl\u0131 \u00fclkelerden gelen hac\u0131lar\u0131n renk ve dillerinin farkl\u0131 olu\u015funa dair anlat\u0131m, evrensellik ve k\u00fclt\u00fcrel \u00e7e\u015fitlilik a\u00e7\u0131s\u0131ndan de\u011ferlendirilmi\u015ftir.<\/span><\/li>\n<\/ul>\n<\/li>\n<\/ol>\n<p><span style=\"color: #000000;\"><strong>Sonu\u00e7 ve De\u011ferlendirme<\/strong><\/span><\/p>\n<p><span style=\"color: #000000;\">Seminer sonunda, kat\u0131l\u0131mc\u0131lar\u0131n klasik Arap\u00e7a metinleri yaln\u0131zca \u00e7eviri de\u011fil, i\u00e7 yap\u0131sal \u00e7\u00f6z\u00fcmleme ile okuyabilme yeterlikleri g\u00fc\u00e7lenmi\u015ftir. Seminer, kat\u0131l\u0131mc\u0131lara Arap\u00e7a&#8217;n\u0131n derin yap\u0131s\u0131n\u0131 anlama, dilin fonksiyonel y\u00f6nlerini ay\u0131rt etme ve gramatikal yap\u0131lar aras\u0131ndaki ili\u015fkiyi kurma becerisi kazand\u0131rm\u0131\u015ft\u0131r. Ayr\u0131ca, i&#8217;rab prati\u011fi ve kelime analizlerinin yo\u011fun kullan\u0131m\u0131, \u00f6\u011frencilerin metin \u00e7\u00f6z\u00fcmlemesine kar\u015f\u0131 \u00f6zg\u00fcvenini art\u0131rm\u0131\u015ft\u0131r.<\/span><\/p>\n<p>&nbsp;<\/p>\n<p><span style=\"color: #000000;\"><strong>Purpose of the Seminar<\/strong><\/span><\/p>\n<p><span style=\"color: #000000;\">The primary objective of this seminar was to enhance learners&#8217; skills in advanced Arabic text reading, accurate translation, and grammatical analysis (i\u02bfr\u0101b). It was designed to help participants master the syntactic and morphological structures essential for understanding classical and modern Arabic texts. A particular emphasis was placed on parsing (i\u02bfr\u0101b), which is a foundational skill for interpreting Qur&#8217;anic verses and classical Arabic literature with precision.<\/span><\/p>\n<p><span style=\"color: #000000;\"><strong>Main Themes and Content<\/strong><\/span><\/p>\n<ol>\n<li><span style=\"color: #000000;\"><strong>Textual Reading and Comprehension<\/strong><\/span>\n<ul>\n<li><span style=\"color: #000000;\">The seminar featured a narrative text describing a pilgrimage (\u1e24ajj) experience.<\/span><\/li>\n<li><span style=\"color: #000000;\">Sentences were read aloud and then translated into Turkish, with attention to both literal and contextual meaning.<\/span><\/li>\n<li><span style=\"color: #000000;\">Religious terms like <em>Ka<\/em><em>\u02bfbah, Masjid al-Nabaw<\/em><em>\u012b, Zamzam, <\/em><em>\u1e6daw\u0101f, sa<\/em><em>\u02bfy<\/em> were explained in their theological and linguistic usage.<\/span><\/li>\n<\/ul>\n<\/li>\n<li><span style=\"color: #000000;\"><strong>Grammatical Parsing (I<\/strong><strong>\u02bfr<\/strong><strong>\u0101b)<\/strong><\/span>\n<ul>\n<li><span style=\"color: #000000;\">Each sentence was broken down into grammatical components such as verb, subject, object, prepositional phrases, and adjectives.<\/span><\/li>\n<li><span style=\"color: #000000;\">Specific structures were emphasized, including:<\/span>\n<ul>\n<li><span style=\"color: #000000;\">Nominal sentences (mubtada\u2013khabar),<\/span><\/li>\n<li><span style=\"color: #000000;\">Max\u1e63\u016br nouns with estimated case endings,<\/span><\/li>\n<li><span style=\"color: #000000;\">Use of attached pronouns (\u1e0dam\u012br mutta\u1e63il) in object positions.<\/span><\/li>\n<\/ul>\n<\/li>\n<li><span style=\"color: #000000;\">Nouns and verbs were examined in singular, dual, and plural forms to demonstrate number and gender agreement.<\/span><\/li>\n<\/ul>\n<\/li>\n<li><span style=\"color: #000000;\"><strong>Morphological Analysis (\u1e62arf)<\/strong><\/span>\n<ul>\n<li><span style=\"color: #000000;\">Verb patterns such as <em>qa<\/em><em>\u1e0d\u0101, z\u0101ra, shariba, sh\u0101hada, <\/em><em>\u02bf<\/em><em>\u0101da, <\/em><em>\u1e25amala<\/em> were examined to reinforce morphological awareness.<\/span><\/li>\n<li><span style=\"color: #000000;\">Special attention was given to mu\u1e0d\u0101f\u2013mu\u1e0d\u0101f ilayh constructs and the nuances of dual and plural markers.<\/span><\/li>\n<li><span style=\"color: #000000;\">Students were trained to identify and explain derived forms and their meanings within context.<\/span><\/li>\n<\/ul>\n<\/li>\n<li><span style=\"color: #000000;\"><strong>Linguistic and Cultural Context<\/strong><\/span>\n<ul>\n<li><span style=\"color: #000000;\">The multicultural and multilingual composition of pilgrims was used as a platform to discuss linguistic diversity and cultural universality.<\/span><\/li>\n<li><span style=\"color: #000000;\">The lesson highlighted Arabic as not just a means of communication but a vehicle of civilization and religious heritage.<\/span><\/li>\n<\/ul>\n<\/li>\n<\/ol>\n<p><span style=\"color: #000000;\"><strong>Conclusion and Evaluation<\/strong><\/span><\/p>\n<p><span style=\"color: #000000;\">By the end of the seminar, participants had improved their ability to read classical Arabic texts with both semantic depth and grammatical accuracy. The emphasis on real-time parsing and translation helped bridge theory with practice. Students gained a clearer understanding of Arabic syntax and morphology, and their confidence in approaching complex texts was notably strengthened. This seminar proved to be an essential step in cultivating linguistic precision, analytical competence, and a deeper appreciation of Arabic as a scholarly language.<\/span><\/p>\n<p>&nbsp;<\/p>\n<p>&nbsp;<\/p>\n","protected":false},"excerpt":{"rendered":"<p>ARAP\u00c7A II. SEV\u0130YE DERSLER\u0130 193. SEM\u0130NER \u00d6ZET\u0130 Seminerin Amac\u0131 Bu [&hellip;]<\/p>\n","protected":false},"author":1,"featured_media":0,"parent":0,"menu_order":0,"comment_status":"closed","ping_status":"closed","template":"","meta":{"footnotes":""},"class_list":["post-6929","page","type-page","status-publish","hentry"],"jetpack_sharing_enabled":true,"_links":{"self":[{"href":"https:\/\/klasikdusunceokulu.com\/index.php\/wp-json\/wp\/v2\/pages\/6929","targetHints":{"allow":["GET"]}}],"collection":[{"href":"https:\/\/klasikdusunceokulu.com\/index.php\/wp-json\/wp\/v2\/pages"}],"about":[{"href":"https:\/\/klasikdusunceokulu.com\/index.php\/wp-json\/wp\/v2\/types\/page"}],"author":[{"embeddable":true,"href":"https:\/\/klasikdusunceokulu.com\/index.php\/wp-json\/wp\/v2\/users\/1"}],"replies":[{"embeddable":true,"href":"https:\/\/klasikdusunceokulu.com\/index.php\/wp-json\/wp\/v2\/comments?post=6929"}],"version-history":[{"count":1,"href":"https:\/\/klasikdusunceokulu.com\/index.php\/wp-json\/wp\/v2\/pages\/6929\/revisions"}],"predecessor-version":[{"id":6930,"href":"https:\/\/klasikdusunceokulu.com\/index.php\/wp-json\/wp\/v2\/pages\/6929\/revisions\/6930"}],"wp:attachment":[{"href":"https:\/\/klasikdusunceokulu.com\/index.php\/wp-json\/wp\/v2\/media?parent=6929"}],"curies":[{"name":"wp","href":"https:\/\/api.w.org\/{rel}","templated":true}]}}