{"id":6943,"date":"2025-08-16T14:44:21","date_gmt":"2025-08-16T11:44:21","guid":{"rendered":"https:\/\/klasikdusunceokulu.com\/?page_id=6943"},"modified":"2025-08-16T14:44:21","modified_gmt":"2025-08-16T11:44:21","slug":"arapca-ii-seviye-dersleri-200-seminer-ozeti","status":"publish","type":"page","link":"https:\/\/klasikdusunceokulu.com\/index.php\/arapca-ii-seviye-dersleri-200-seminer-ozeti\/","title":{"rendered":"ARAP\u00c7A II. SEV\u0130YE DERSLER\u0130 200. SEM\u0130NER \u00d6ZET\u0130"},"content":{"rendered":"<p><span style=\"color: #000000;\"><strong>ARAP\u00c7A II. SEV\u0130YE DERSLER\u0130 200. SEM\u0130NER \u00d6ZET\u0130<\/strong><\/span><\/p>\n<p><span style=\"color: #000000;\"><strong>Seminerin Amac\u0131<\/strong><\/span><\/p>\n<p><span style=\"color: #000000;\">Bu seminerin temel amac\u0131, Arap\u00e7adaki \u201cnehy-i h\u00e2z\u0131r\u201d (olumsuz emir kipi) s\u00eeygas\u0131n\u0131n c\u00fcmle i\u00e7inde do\u011fru bi\u00e7imde kullan\u0131lmas\u0131n\u0131 \u00f6\u011fretmektir. \u00d6nceki derslerde kuramsal olarak ele al\u0131nan s\u00eeyga yap\u0131s\u0131 ve \u00e7ekim kurallar\u0131n\u0131n ard\u0131ndan, bu seminer uygulamal\u0131 \u00f6rnekler \u00fczerinden \u00f6\u011frencilerin bu yap\u0131y\u0131 aktif bi\u00e7imde tan\u0131mas\u0131n\u0131 ve kullanmas\u0131n\u0131 hedeflemektedir. C\u00fcmle i\u00e7i konumland\u0131rma, fiil \u00e7ekimleri, fail ve mef\u2019\u00fbl yap\u0131lar\u0131n\u0131n irab a\u00e7\u0131s\u0131ndan a\u00e7\u0131klanmas\u0131 yoluyla dilbilgisel fark\u0131ndal\u0131k g\u00fc\u00e7lendirilmi\u015ftir.<\/span><\/p>\n<p><span style=\"color: #000000;\"><strong>Seminer \u00d6zeti ve Ana Temalar<\/strong><\/span><\/p>\n<p><span style=\"color: #000000;\">Seminer boyunca nehy-i h\u00e2z\u0131r s\u00eeygas\u0131n\u0131n c\u00fcmle i\u00e7i kullan\u0131m\u0131 detayl\u0131 \u015fekilde incelenmi\u015ftir. \u0130lk olarak, s\u00eeygan\u0131n meczu\u0302m fiillerle kullan\u0131lmas\u0131 ve cezme alametlerinin (\u00e7o\u011funlukla s\u00fck\u00fbn ya da nunun d\u00fc\u015fmesi) fiil \u00fczerindeki etkisi \u00f6rneklerle g\u00f6sterilmi\u015ftir. \u00d6rnek c\u00fcmleler \u00fczerinden failin gizli ya da a\u00e7\u0131k olu\u015fu; mef\u2019\u00fbl\u00fcn mansublu\u011fu ve nasb alametleri (fet\u1e25a, kesra vs.); s\u0131fat tamlamalar\u0131n\u0131n irab\u0131 kapsaml\u0131 bi\u00e7imde analiz edilmi\u015ftir.<\/span><\/p>\n<p><span style=\"color: #000000;\">Ana temalar aras\u0131nda:<\/span><\/p>\n<ul>\n<li><span style=\"color: #000000;\"><strong>Fail ve Mef\u2019\u00fbl\u00fcn Belirlenmesi:<\/strong> Fiilin \u00f6znesi olan failin \u00e7o\u011fu zaman gizli oldu\u011fu durumlar a\u00e7\u0131klanm\u0131\u015f, mef\u2019\u00fbl\u00fcn bihtir konumu, nasb alametleriyle birlikte tan\u0131t\u0131lm\u0131\u015ft\u0131r.<\/span><\/li>\n<li><span style=\"color: #000000;\"><strong>Kad\u0131n-Erkek Ayr\u0131m\u0131 ve Fiil \u015eekilleri:<\/strong> \u00d6zellikle muhatab\u0131n cinsiyetine g\u00f6re ayn\u0131 okunu\u015fta fakat farkl\u0131 yaz\u0131l\u0131\u015fta olan s\u00eeyga bi\u00e7imleri \u00f6rneklendirilmi\u015ftir.<\/span><\/li>\n<li><span style=\"color: #000000;\"><strong>Harf-i cer ve muz\u00e2f-muz\u00e2fun ileyh ili\u015fkisi:<\/strong> \u201cli\u201d, \u201cil\u00e2\u201d, \u201cf\u00ee\u201d gibi harf-i cerlerin ba\u011fland\u0131\u011f\u0131 kelimelerde meydana gelen irab de\u011fi\u015fimleri \u00fczerinde durulmu\u015ftur.<\/span><\/li>\n<li><span style=\"color: #000000;\"><strong>Olumsuzluk Anlam\u0131nda Kullan\u0131m Farkl\u0131l\u0131klar\u0131:<\/strong> \u201cl\u00e2 n\u00e2hiyye\u201d ile \u201cl\u00e2 n\u00e2fiyye\u201d ayr\u0131m\u0131 \u00fczerinde durulmu\u015f, her ikisinin de anlam ve yap\u0131 bak\u0131m\u0131ndan farkl\u0131l\u0131klar\u0131 a\u00e7\u0131klanm\u0131\u015ft\u0131r.<\/span><\/li>\n<li><span style=\"color: #000000;\"><strong>Uygulamal\u0131 Al\u0131\u015ft\u0131rmalar:<\/strong> G\u00fcnl\u00fck hayatta kullan\u0131labilecek d\u00fczeyde pratik c\u00fcmlelerle konunun peki\u015fmesi sa\u011flanm\u0131\u015f, \u00f6\u011frenciye hedef odakl\u0131 d\u00f6n\u00fc\u015f sa\u011flanm\u0131\u015ft\u0131r (\u00f6rne\u011fin: \u201cLa tefrah bih\u00e2zel khabar\u201d \u2013 \u201cBu habere fazla sevinme\u201d).<\/span><\/li>\n<\/ul>\n<p><span style=\"color: #000000;\"><strong>Sonu\u00e7<\/strong><\/span><\/p>\n<p><span style=\"color: #000000;\">Bu seminer, nehy-i h\u00e2z\u0131r yap\u0131s\u0131n\u0131n yaln\u0131zca teorik de\u011fil, i\u015flevsel bi\u00e7imde de kavranmas\u0131n\u0131 sa\u011flam\u0131\u015ft\u0131r. Kat\u0131l\u0131mc\u0131lar, c\u00fcmle analizleri \u00fczerinden Arap\u00e7a dilbilgisinin \u00f6nemli bir par\u00e7as\u0131 olan olumsuz emir kipini anlam\u0131\u015f, kullan\u0131m farkl\u0131l\u0131klar\u0131n\u0131 tan\u0131m\u0131\u015f ve bu bilgileri \u00e7e\u015fitli ba\u011flamlarda uygulama becerisi kazanm\u0131\u015ft\u0131r. Nehy-i h\u00e2z\u0131r, \u00f6zellikle do\u011fru yaz\u0131l\u0131\u015f, fiil \u00e7ekimi ve anlam farkl\u0131l\u0131klar\u0131 a\u00e7\u0131s\u0131ndan Arap\u00e7a \u00f6\u011frenenler i\u00e7in kritik bir yap\u0131d\u0131r. Bu seminerle birlikte, dil \u00f6\u011freniminde yap\u0131lar\u0131n do\u011fru bi\u00e7imde i\u00e7selle\u015ftirilmesi hedeflenmi\u015f ve \u00f6\u011frencilerin aktif dil \u00fcretim s\u00fcre\u00e7lerine katk\u0131 sa\u011flanm\u0131\u015ft\u0131r.<\/span><\/p>\n<p>&nbsp;<\/p>\n<p><span style=\"color: #000000;\"><strong>Purpose of the Seminar<\/strong><\/span><\/p>\n<p><span style=\"color: #000000;\">The seminar aimed to equip learners with practical competence in applying the negative imperative (Nahy al-\u1e24\u0101\u1e0dir) form within full Arabic sentences. Building upon previous lessons that focused on its theoretical formation and conjugation, this session emphasized the syntactic behavior, grammatical positioning, and semantic function of prohibitive constructions in authentic sentence contexts. The objective was to strengthen learners\u2019 ability to not only recognize the structure but also analyze its grammatical constituents such as subject (f\u0101\u02bfil), object (maf\u02bf\u016bl), and associated modifiers.<\/span><\/p>\n<p><span style=\"color: #000000;\"><strong>Main Themes<\/strong><\/span><\/p>\n<ol>\n<li><span style=\"color: #000000;\"><strong> Verb Morphology and the Role of Jussive Mood<\/strong><\/span><\/li>\n<\/ol>\n<p><span style=\"color: #000000;\">Participants explored how the prohibitive particle \u201cl\u0101 an-n\u0101hiyah\u201d triggers the jussive mood (majz\u016bm) in the present tense verb, including:<\/span><\/p>\n<ul>\n<li><span style=\"color: #000000;\">Final sukoon (suk\u016bn) in regular verbs,<\/span><\/li>\n<li><span style=\"color: #000000;\">Dropping of final \u201cn\u016bn\u201d in Af\u02bf\u0101l al-Khamsah (Five Verbs),<\/span><\/li>\n<li><span style=\"color: #000000;\">Contextual inference of jussive form in mabn\u012b (fixed<strong>)<\/strong> verbs.<\/span><\/li>\n<\/ul>\n<ol start=\"2\">\n<li><span style=\"color: #000000;\"><strong> Identification of Subjects and Objects<\/strong><\/span><\/li>\n<\/ol>\n<ul>\n<li><span style=\"color: #000000;\">The subject (f\u0101\u02bfil) is often hidden (implied in the verb), especially in second-person commands.<\/span><\/li>\n<li><span style=\"color: #000000;\">The object (maf\u02bf\u016bl bihi) typically appears in the accusative case (man\u1e63\u016bb), marked by <strong>fat<\/strong><strong>\u1e25ah<\/strong> or other nasb indicators.<\/span><\/li>\n<li><span style=\"color: #000000;\">Grammatical agreement in gender and number was reviewed through examples.<\/span><\/li>\n<\/ul>\n<ol start=\"3\">\n<li><span style=\"color: #000000;\"><strong> Prepositions and Possessive Constructions<\/strong><\/span><\/li>\n<\/ol>\n<ul>\n<li><span style=\"color: #000000;\">The role of \u1e25arf al-jarr (prepositions) such as <em>li<\/em>, <em>f\u012b<\/em>, <em>\u02bfal\u0101<\/em> was examined.<\/span><\/li>\n<li><span style=\"color: #000000;\">Changes in the case of the following noun (majr\u016br form) and construction of i\u1e0d\u0101fah (possessive structures) were highlighted.<\/span><\/li>\n<\/ul>\n<ol start=\"4\">\n<li><span style=\"color: #000000;\"><strong> Contrast Between L\u0101 N\u0101hiyah and L\u0101 N\u0101fiyah<\/strong><\/span><\/li>\n<\/ol>\n<p><span style=\"color: #000000;\">Clear distinction was made between:<\/span><\/p>\n<ul>\n<li><span style=\"color: #000000;\"><strong>L\u0101 an-N\u0101hiyah<\/strong>: used for prohibition; affects verb grammar.<\/span><\/li>\n<li><span style=\"color: #000000;\"><strong>L\u0101 an-N\u0101fiyah<\/strong>: general negation; no effect on the verb\u2019s syntax.<\/span><\/li>\n<\/ul>\n<ol start=\"5\">\n<li><span style=\"color: #000000;\"><strong> Practical Exercises with Sentence Examples<\/strong><\/span><\/li>\n<\/ol>\n<ul>\n<li><span style=\"color: #000000;\">Learners engaged with a range of contextualized sentences illustrating prohibitions in real-life scenarios.<\/span><\/li>\n<li><span style=\"color: #000000;\">Examples:<\/span><br \/>\n<span style=\"color: #000000;\"><em>L\u0101 tafra<\/em><em>\u1e25 bih\u0101dh\u0101 al-khabar<\/em> \u2013 \u201cDo not rejoice in this news.\u201d<\/span><br \/>\n<span style=\"color: #000000;\"><em>L\u0101 tajlis h\u0101hun\u0101<\/em> \u2013 \u201cDo not sit here.\u201d<\/span><\/li>\n<\/ul>\n<p><span style=\"color: #000000;\"><strong>Conclusion<\/strong><\/span><\/p>\n<p><span style=\"color: #000000;\">This seminar marked a transition from form-based to function-based understanding of negative imperatives in Arabic. Through sentence parsing, learners:<\/span><\/p>\n<ul>\n<li><span style=\"color: #000000;\">Strengthened their grasp of syntactic positioning,<\/span><\/li>\n<li><span style=\"color: #000000;\">Applied correct case endings (i\u02bfr\u0101b) for subjects, objects, and modifiers,<\/span><\/li>\n<li><span style=\"color: #000000;\">Differentiated between semantic and morphological negation.<\/span><\/li>\n<\/ul>\n<p><span style=\"color: #000000;\">Ultimately, the seminar enabled students to construct, deconstruct, and comprehend prohibitive statements in full grammatical context, contributing to greater fluency and control in both written and spoken Arabic.<\/span><\/p>\n<p>&nbsp;<\/p>\n","protected":false},"excerpt":{"rendered":"<p>ARAP\u00c7A II. SEV\u0130YE DERSLER\u0130 200. SEM\u0130NER \u00d6ZET\u0130 Seminerin Amac\u0131 Bu [&hellip;]<\/p>\n","protected":false},"author":1,"featured_media":0,"parent":0,"menu_order":0,"comment_status":"closed","ping_status":"closed","template":"","meta":{"footnotes":""},"class_list":["post-6943","page","type-page","status-publish","hentry"],"jetpack_sharing_enabled":true,"_links":{"self":[{"href":"https:\/\/klasikdusunceokulu.com\/index.php\/wp-json\/wp\/v2\/pages\/6943","targetHints":{"allow":["GET"]}}],"collection":[{"href":"https:\/\/klasikdusunceokulu.com\/index.php\/wp-json\/wp\/v2\/pages"}],"about":[{"href":"https:\/\/klasikdusunceokulu.com\/index.php\/wp-json\/wp\/v2\/types\/page"}],"author":[{"embeddable":true,"href":"https:\/\/klasikdusunceokulu.com\/index.php\/wp-json\/wp\/v2\/users\/1"}],"replies":[{"embeddable":true,"href":"https:\/\/klasikdusunceokulu.com\/index.php\/wp-json\/wp\/v2\/comments?post=6943"}],"version-history":[{"count":1,"href":"https:\/\/klasikdusunceokulu.com\/index.php\/wp-json\/wp\/v2\/pages\/6943\/revisions"}],"predecessor-version":[{"id":6944,"href":"https:\/\/klasikdusunceokulu.com\/index.php\/wp-json\/wp\/v2\/pages\/6943\/revisions\/6944"}],"wp:attachment":[{"href":"https:\/\/klasikdusunceokulu.com\/index.php\/wp-json\/wp\/v2\/media?parent=6943"}],"curies":[{"name":"wp","href":"https:\/\/api.w.org\/{rel}","templated":true}]}}