{"id":6959,"date":"2025-08-16T14:57:59","date_gmt":"2025-08-16T11:57:59","guid":{"rendered":"https:\/\/klasikdusunceokulu.com\/?page_id=6959"},"modified":"2025-08-16T14:57:59","modified_gmt":"2025-08-16T11:57:59","slug":"selami-varlik-ricoeur-ve-klasikleri-canlandirmak-7-seminer-ozeti","status":"publish","type":"page","link":"https:\/\/klasikdusunceokulu.com\/index.php\/selami-varlik-ricoeur-ve-klasikleri-canlandirmak-7-seminer-ozeti\/","title":{"rendered":"SELAM\u0130 VARLIK, R\u0130COEUR VE KLAS\u0130KLER\u0130 CANLANDIRMAK 7. SEM\u0130NER \u00d6ZET\u0130"},"content":{"rendered":"<p><span style=\"color: #000000;\"><strong>SELAM\u0130 VARLIK, R\u0130COEUR VE KLAS\u0130KLER\u0130 CANLANDIRMAK 7. SEM\u0130NER \u00d6ZET\u0130<\/strong><\/span><\/p>\n<p><span style=\"color: #000000;\"><strong>Seminerin Amac\u0131 ve Kapsam\u0131<\/strong><\/span><\/p>\n<p><span style=\"color: #000000;\">Bu seminer, felsefi hermen\u00f6tik ba\u011flam\u0131nda Paul Ricoeur\u2019\u00fcn d\u00fc\u015f\u00fcncesinden hareketle \u201cklasikleri canland\u0131rmak\u201d fikrini tart\u0131\u015fmaya a\u00e7makta; metinle okur aras\u0131ndaki dinamik ili\u015fkiyi analiz ederek, klasik metinlerin \u00e7a\u011fda\u015f d\u00fcnyada nas\u0131l yeniden anlam kazanabilece\u011fini ara\u015ft\u0131rmaktad\u0131r. Ama\u00e7, okuru edilgen bir al\u0131mlay\u0131c\u0131 de\u011fil, anlam\u0131n \u00fcretiminde etkin bir \u00f6zne olarak konumland\u0131rmak ve metnin potansiyel anlam katmanlar\u0131n\u0131 a\u00e7\u0131\u011fa \u00e7\u0131karmakt\u0131r. Bu \u00e7er\u00e7evede, klasiklerin yaln\u0131zca ge\u00e7mi\u015fe ait de\u011fil, gelece\u011fe dair ufuklar a\u00e7an metinler oldu\u011fu vurgulanmaktad\u0131r.<\/span><\/p>\n<p><span style=\"color: #000000;\"><strong>Ana Temalar<\/strong><\/span><\/p>\n<ol>\n<li><span style=\"color: #000000;\"><strong>Ricoeur\u2019\u00fcn Hermen\u00f6ti\u011fi ve Okuma Eylemi:<\/strong><\/span><\/li>\n<\/ol>\n<p><span style=\"color: #000000;\">Ricoeur, anlam\u0131n sabit de\u011fil, \u00e7o\u011ful ve geli\u015fen bir yap\u0131 oldu\u011funu savunur. Ona g\u00f6re okuma bir yeniden yazma s\u00fcrecidir. Metin, okuyucunun d\u00fcnyas\u0131nda yeniden do\u011far. Bu ba\u011flamda okur, anlam\u0131 ke\u015ffeden de\u011fil, kuran bir \u00f6zneye d\u00f6n\u00fc\u015f\u00fcr. Anlam, metin ile okur aras\u0131nda olu\u015fan hermen\u00f6tik dairede in\u015fa edilir.<\/span><\/p>\n<ol start=\"2\">\n<li><span style=\"color: #000000;\"><strong>Klasiklerin Yeniden Yorumlanmas\u0131:<\/strong><\/span><\/li>\n<\/ol>\n<p><span style=\"color: #000000;\">Klasik eserler, tarihsel ba\u011flamlar\u0131ndan kopmadan \u00e7a\u011fda\u015f okurun d\u00fcnyas\u0131nda yeniden yank\u0131lanabilir. Ricoeur\u2019e g\u00f6re, klasiklerin de\u011feri, onlar\u0131n tekil anlamlar i\u00e7ermesinde de\u011fil, her okuma edimiyle yeniden do\u011fabilmelerindedir. Bu nedenle klasikler, \u201csonsuz yorum\u201da a\u00e7\u0131k metinlerdir.<\/span><\/p>\n<ol start=\"3\">\n<li><span style=\"color: #000000;\"><strong>Okurun D\u00f6n\u00fc\u015f\u00fcm\u00fc:<\/strong><\/span><\/li>\n<\/ol>\n<p><span style=\"color: #000000;\">Metinle kar\u015f\u0131la\u015fma, yaln\u0131zca metni de\u011fil, okuru da d\u00f6n\u00fc\u015ft\u00fcr\u00fcr. Okuma bir etik eylem h\u00e2line gelir. Klasikler, okurun \u00f6nyarg\u0131lar\u0131n\u0131, d\u00fcnyaya bak\u0131\u015f\u0131n\u0131, hatta benlik kavray\u0131\u015f\u0131n\u0131 yeniden \u015fekillendirme potansiyeline sahiptir. Okuma s\u00fcreci, bir anlam \u00fcretiminden ziyade bir varolu\u015f bi\u00e7imi halini al\u0131r.<\/span><\/p>\n<ol start=\"4\">\n<li><span style=\"color: #000000;\"><strong>Tarih, Haf\u0131za ve Kimlik:<\/strong><\/span><\/li>\n<\/ol>\n<p><span style=\"color: #000000;\">Seminerde, klasiklerin bireysel ve kolektif haf\u0131zay\u0131 nas\u0131l \u015fekillendirdi\u011fi, tarihsel bilin\u00e7le kurulan ili\u015fkinin Ricoeur\u2019c\u00fc bir perspektifle nas\u0131l ele al\u0131nabilece\u011fi tart\u0131\u015f\u0131lm\u0131\u015ft\u0131r. Klasikler, yaln\u0131zca ge\u00e7mi\u015fin ta\u015f\u0131y\u0131c\u0131lar\u0131 de\u011fil, kimlik in\u015fas\u0131n\u0131n da akt\u00f6rleridir.<\/span><\/p>\n<p><span style=\"color: #000000;\"><strong>Sonu\u00e7<\/strong><\/span><\/p>\n<p><span style=\"color: #000000;\">Bu seminerde Ricoeur\u2019\u00fcn hermen\u00f6ti\u011fi \u0131\u015f\u0131\u011f\u0131nda, klasik metinlerin salt bilgi kaynaklar\u0131 de\u011fil, d\u00f6n\u00fc\u015ft\u00fcr\u00fcc\u00fc g\u00fc\u00e7ler ta\u015f\u0131yan varolu\u015fsal metinler oldu\u011fu fikri \u00f6ne \u00e7\u0131kmaktad\u0131r. Okurun, klasiklerle kurdu\u011fu ili\u015fki arac\u0131l\u0131\u011f\u0131yla hem kendi i\u00e7sel d\u00fcnyas\u0131n\u0131 hem de i\u00e7inde ya\u015fad\u0131\u011f\u0131 k\u00fclt\u00fcr\u00fc yeniden in\u015fa etmesi m\u00fcmk\u00fcnd\u00fcr. Bu yakla\u015f\u0131m, klasiklerin \u201ccanl\u0131\u201d metinler olarak s\u00fcrekli yeniden yorumlanmas\u0131n\u0131 ve okurun bu s\u00fcre\u00e7te s\u00fcrekli d\u00f6n\u00fc\u015f\u00fcm\u00fcn\u00fc te\u015fvik eder. Dolay\u0131s\u0131yla klasik okumalar\u0131, yaln\u0131zca akademik bir faaliyet de\u011fil, ayn\u0131 zamanda etik, estetik ve varolu\u015fsal bir yolculuk olarak de\u011ferlendirilmektedir.<\/span><\/p>\n<p>&nbsp;<\/p>\n<p><span style=\"color: #000000;\"><strong>Purpose and Scope of the Seminar<\/strong><\/span><\/p>\n<p><span style=\"color: #000000;\">This seminar explores the revival of classical texts within the framework of Paul Ricoeur\u2019s philosophical hermeneutics. It seeks to examine how the dynamic interaction between text and reader can regenerate meaning in the present. Rather than treating the reader as a passive recipient, the seminar emphasizes the reader\u2019s active role in the production of meaning. Through this lens, classical texts are not seen as relics of the past, but as living works that open up new interpretive horizons for the future.<\/span><\/p>\n<p><span style=\"color: #000000;\"><strong>Main Themes<\/strong><\/span><\/p>\n<ol>\n<li><span style=\"color: #000000;\"><strong>Ricoeur\u2019s Hermeneutics and the Act of Reading:<\/strong><\/span><\/li>\n<\/ol>\n<p><span style=\"color: #000000;\">Ricoeur argues that meaning is not fixed but unfolding and plural. Reading, therefore, becomes an act of rewriting in which the text is reborn within the reader\u2019s world. Meaning is not discovered but constructed in the hermeneutic interplay between reader and text. Thus, the reader emerges as a co-creator of meaning.<\/span><\/p>\n<ol start=\"2\">\n<li><span style=\"color: #000000;\"><strong>Reinterpreting the Classics:<\/strong><\/span><\/li>\n<\/ol>\n<p><span style=\"color: #000000;\">According to Ricoeur, the enduring value of classical texts lies not in their singularity, but in their capacity for regeneration across different contexts. Far from being closed systems, classics are open to \u201cinfinite interpretation.\u201d Their vitality stems from their ability to speak anew with each act of reading.<\/span><\/p>\n<ol start=\"3\">\n<li><span style=\"color: #000000;\"><strong>The Transformation of the Reader:<\/strong><\/span><\/li>\n<\/ol>\n<p><span style=\"color: #000000;\">The encounter with a classical text transforms not only the text but also the reader. Reading becomes an ethical and existential act. Through engagement with the classics, the reader\u2019s worldview, assumptions, and self-understanding can be reconfigured. Reading, in this view, becomes a mode of being rather than a mere cognitive activity.<\/span><\/p>\n<ol start=\"4\">\n<li><span style=\"color: #000000;\"><strong>History, Memory, and Identity:<\/strong><\/span><\/li>\n<\/ol>\n<p><span style=\"color: #000000;\">The seminar also discusses how classical works shape both individual and collective memory. Drawing on Ricoeur\u2019s insights, it explores the idea that classics are not just historical artifacts but active agents in the construction of identity. They mediate our relationship to the past while informing our orientation toward the future.<\/span><\/p>\n<p><span style=\"color: #000000;\"><strong>Conclusion<\/strong><\/span><\/p>\n<p><span style=\"color: #000000;\">This seminar affirms that classical texts, under Ricoeur\u2019s hermeneutics, are not merely sources of knowledge but transformative texts that shape human existence. Through their engagement with readers, they offer new possibilities for self-understanding and cultural renewal. Reviving the classics, therefore, is not a nostalgic exercise, but a critical, ethical, and existential endeavor. In this sense, reading the classics becomes a journey that is at once intellectual and transformative, inviting the reader into a continuous process of reinterpretation and self-formation.<\/span><\/p>\n<p>&nbsp;<\/p>\n","protected":false},"excerpt":{"rendered":"<p>SELAM\u0130 VARLIK, R\u0130COEUR VE KLAS\u0130KLER\u0130 CANLANDIRMAK 7. SEM\u0130NER \u00d6ZET\u0130 Seminerin [&hellip;]<\/p>\n","protected":false},"author":1,"featured_media":0,"parent":0,"menu_order":0,"comment_status":"closed","ping_status":"closed","template":"","meta":{"footnotes":""},"class_list":["post-6959","page","type-page","status-publish","hentry"],"jetpack_sharing_enabled":true,"_links":{"self":[{"href":"https:\/\/klasikdusunceokulu.com\/index.php\/wp-json\/wp\/v2\/pages\/6959","targetHints":{"allow":["GET"]}}],"collection":[{"href":"https:\/\/klasikdusunceokulu.com\/index.php\/wp-json\/wp\/v2\/pages"}],"about":[{"href":"https:\/\/klasikdusunceokulu.com\/index.php\/wp-json\/wp\/v2\/types\/page"}],"author":[{"embeddable":true,"href":"https:\/\/klasikdusunceokulu.com\/index.php\/wp-json\/wp\/v2\/users\/1"}],"replies":[{"embeddable":true,"href":"https:\/\/klasikdusunceokulu.com\/index.php\/wp-json\/wp\/v2\/comments?post=6959"}],"version-history":[{"count":1,"href":"https:\/\/klasikdusunceokulu.com\/index.php\/wp-json\/wp\/v2\/pages\/6959\/revisions"}],"predecessor-version":[{"id":6960,"href":"https:\/\/klasikdusunceokulu.com\/index.php\/wp-json\/wp\/v2\/pages\/6959\/revisions\/6960"}],"wp:attachment":[{"href":"https:\/\/klasikdusunceokulu.com\/index.php\/wp-json\/wp\/v2\/media?parent=6959"}],"curies":[{"name":"wp","href":"https:\/\/api.w.org\/{rel}","templated":true}]}}