{"id":7108,"date":"2025-10-27T15:30:07","date_gmt":"2025-10-27T12:30:07","guid":{"rendered":"https:\/\/klasikdusunceokulu.com\/?page_id=7108"},"modified":"2025-10-27T15:30:07","modified_gmt":"2025-10-27T12:30:07","slug":"arapca-i-seviye-dersleri-63-seminer-ozeti","status":"publish","type":"page","link":"https:\/\/klasikdusunceokulu.com\/index.php\/arapca-i-seviye-dersleri-63-seminer-ozeti\/","title":{"rendered":"ARAP\u00c7A I. SEV\u0130YE DERSLER\u0130 63. SEM\u0130NER \u00d6ZET\u0130"},"content":{"rendered":"<p><span style=\"color: #000000;\"><strong>ARAP\u00c7A I. SEV\u0130YE DERSLER\u0130 63. SEM\u0130NER \u00d6ZET\u0130<\/strong><\/span><\/p>\n<p>&nbsp;<\/p>\n<p><span style=\"color: #000000;\"><strong>Seminerin Amac\u0131 ve \u00d6zeti<\/strong><\/span><\/p>\n<p><span style=\"color: #000000;\">Bu dersin temel amac\u0131, Arap\u00e7ada \u0628\u0650 (bi) harfi cerinin i\u015flevlerini, anlam alanlar\u0131n\u0131 ve irab \u00fczerindeki etkilerini \u00f6\u011fretmektir. \u201cBi\u201d harfi, fiil c\u00fcmlelerinde bir eylemin hangi ara\u00e7, vas\u0131ta, y\u00f6ntem veya sebeple ger\u00e7ekle\u015fti\u011fini bildirir. T\u00fcrk\u00e7eye genellikle \u201c-ile, -yla, -arac\u0131l\u0131\u011f\u0131yla, sayesinde\u201d \u015feklinde \u00e7evrilir. Ders boyunca \u201cbi\u201d harfi cerinin hem somut ara\u00e7larla (\u00f6rne\u011fin kalemle yazmak) hem de soyut ara\u00e7larla (\u00f6rne\u011fin ak\u0131lla d\u00fc\u015f\u00fcnmek) kullan\u0131m\u0131 \u00f6rneklerle a\u00e7\u0131klanm\u0131\u015ft\u0131r. Ayr\u0131ca bu harfin yaz\u0131m, okunu\u015f, c\u00fcmle i\u00e7i konum ve irab kurallar\u0131 \u00fczerinde durulmu\u015ftur.<\/span><\/p>\n<p>&nbsp;<\/p>\n<p><span style=\"color: #000000;\"><strong>Ana Temalar<\/strong><\/span><\/p>\n<p><span style=\"color: #000000;\">Bi Harfi Cerinin Anlam Alan\u0131<\/span><\/p>\n<p><span style=\"color: #000000;\">\u201cBi\u201d, eylemin arac\u0131n\u0131, yolunu veya sebebini belirtir.<\/span><\/p>\n<p><span style=\"color: #000000;\">\u0643\u064e\u062a\u064e\u0628\u064e \u0627\u0644\u0637\u0651\u064e\u0627\u0644\u0650\u0628\u064f \u0627\u0644\u062f\u0651\u064e\u0631\u0652\u0633\u064e \u0628\u0650\u0627\u0644\u0652\u0642\u064e\u0644\u064e\u0645\u0650 \u2013 \u201c\u00d6\u011frenci dersi kalemle yazd\u0131.\u201d<\/span><\/p>\n<p><span style=\"color: #000000;\">\u0641\u064e\u062a\u064e\u062d\u064e \u0627\u0644\u0631\u0651\u064e\u062c\u064f\u0644\u064f \u0627\u0644\u0652\u0628\u064e\u0627\u0628\u064e \u0628\u0650\u0627\u0644\u0652\u0645\u0650\u0641\u0652\u062a\u064e\u0627\u062d\u0650 \u2013 \u201cAdam kap\u0131y\u0131 anahtarla a\u00e7t\u0131.\u201d<\/span><\/p>\n<p><span style=\"color: #000000;\">\u064a\u064f\u0641\u064e\u0643\u0651\u0650\u0631\u064f \u0628\u0650\u0627\u0644\u0652\u0639\u064e\u0642\u0652\u0644\u0650 \u2013 \u201cAkl\u0131yla d\u00fc\u015f\u00fcn\u00fcr.\u201d<\/span><\/p>\n<p><span style=\"color: #000000;\">Bu \u00f6rneklerde \u201cbi\u201d, eylemin hangi ara\u00e7la yap\u0131ld\u0131\u011f\u0131n\u0131 g\u00f6sterir.<\/span><\/p>\n<p>&nbsp;<\/p>\n<p><span style=\"color: #000000;\">Yaz\u0131m ve Telaffuz Kurallar\u0131<\/span><\/p>\n<p><span style=\"color: #000000;\">\u201cBi\u201d harfi cerinden sonra elif-l\u00e2ml\u0131 (marife) bir kelime geldi\u011finde, bu iki unsur birle\u015ferek tek bir kelime bi\u00e7imi olu\u015fturur:<\/span><\/p>\n<p><span style=\"color: #000000;\">\u0628\u0650 + \u0627\u0644\u0652\u0642\u064e\u0644\u064e\u0645\u0650 \u2192 \u0628\u0650\u0627\u0644\u0652\u0642\u064e\u0644\u064e\u0645\u0650<\/span><\/p>\n<p><span style=\"color: #000000;\">\u0628\u0650 + \u0627\u0644\u0633\u0651\u064e\u064a\u0651\u064e\u0627\u0631\u064e\u0629\u0650 \u2192 \u0628\u0650\u0627\u0644\u0633\u0651\u064e\u064a\u0651\u064e\u0627\u0631\u064e\u0629\u0650<\/span><\/p>\n<p><span style=\"color: #000000;\">E\u011fer kelime nekra (belirsiz) ise birle\u015fme olmaz: \u0628\u0650\u0642\u064e\u0644\u064e\u0645\u064d (\u201cbir kalemle\u201d).<\/span><\/p>\n<p><span style=\"color: #000000;\">Bu durum hem yaz\u0131mda hem telaffuzda belirgindir.<\/span><\/p>\n<p>&nbsp;<\/p>\n<p><span style=\"color: #000000;\">Fiil C\u00fcmlesinde Kullan\u0131m ve S\u00f6z Dizimi<\/span><\/p>\n<p><span style=\"color: #000000;\">\u201cBi\u201d harfi cerli yap\u0131lar genellikle fiil + fail + mef\u2018\u00fbl + bi\u2019li unsur d\u00fczeninde kullan\u0131l\u0131r:<\/span><\/p>\n<p><span style=\"color: #000000;\">\u0641\u064e\u062a\u064e\u062d\u064e \u0627\u0644\u0637\u0651\u064e\u0627\u0644\u0650\u0628\u064f \u0627\u0644\u0652\u0643\u0650\u062a\u064e\u0627\u0628\u064e \u0628\u0650\u0627\u0644\u0652\u064a\u064e\u062f\u0650 \u2013 \u201c\u00d6\u011frenci kitab\u0131 eliyle a\u00e7t\u0131.\u201d<\/span><\/p>\n<p><span style=\"color: #000000;\">\u201cBi\u201dli ifade, eylemin tamamlay\u0131c\u0131 unsurudur ve \u00e7o\u011fu zaman mek\u00e2n veya ara\u00e7 anlam\u0131 ta\u015f\u0131r.<\/span><\/p>\n<p>&nbsp;<\/p>\n<p><span style=\"color: #000000;\">Soyut ve Mecaz\u00ee Kullan\u0131mlar<\/span><\/p>\n<p><span style=\"color: #000000;\">\u201cBi\u201d yaln\u0131zca somut ara\u00e7larla de\u011fil, soyut veya zihinsel ara\u00e7larla da kullan\u0131labilir:<\/span><\/p>\n<p><span style=\"color: #000000;\">\u0646\u064e\u062c\u064e\u062d\u064e \u0628\u0650\u0627\u0644\u0652\u062c\u0650\u062f\u0651\u0650 \u2013 \u201c\u00c7al\u0131\u015fkanl\u0131\u011f\u0131yla ba\u015far\u0131l\u0131 oldu.\u201d<\/span><\/p>\n<p><span style=\"color: #000000;\">\u0622\u0645\u064e\u0646\u064e \u0628\u0650\u0627\u0644\u0644\u0651\u0670\u0647\u0650 \u2013 \u201cAllah\u2019a iman etti.\u201d<\/span><\/p>\n<p><span style=\"color: #000000;\">Bu t\u00fcr kullan\u0131mlarda \u201cbi\u201d, sebep, ili\u015fki veya y\u00f6neli\u015f bildirir.<\/span><\/p>\n<p>&nbsp;<\/p>\n<p><span style=\"color: #000000;\">\u015eibh-i C\u00fcmle Yap\u0131s\u0131 ve Haber G\u00f6revi<\/span><\/p>\n<p><span style=\"color: #000000;\">\u201cBi\u201d harfi cerli ifadeler, isim c\u00fcmlesinde \u015fibh-i c\u00fcmle (yar\u0131 c\u00fcmle) olarak haber g\u00f6revinde bulunabilir:<\/span><\/p>\n<p><span style=\"color: #000000;\">\u0627\u0644\u0646\u0651\u064e\u062c\u064e\u0627\u062d\u064f \u0628\u0650\u0627\u0644\u0652\u0639\u064e\u0645\u064e\u0644\u0650 \u2013 \u201cBa\u015far\u0131 \u00e7al\u0131\u015fmadad\u0131r.\u201d<\/span><\/p>\n<p><span style=\"color: #000000;\">Bu t\u00fcr yap\u0131larda \u201cbi\u201d harfi cerli \u00f6ge, mahallen merf\u00fb haber olarak de\u011ferlendirilir.<\/span><\/p>\n<p>&nbsp;<\/p>\n<p><span style=\"color: #000000;\">Olumsuz ve Sebep Bildiren Kullan\u0131mlar<\/span><\/p>\n<p><span style=\"color: #000000;\">Baz\u0131 fiillerde \u201cbi\u201d harfi, eylemin sebep veya engelini ifade eder:<\/span><\/p>\n<p><span style=\"color: #000000;\">\u0645\u064e\u0631\u0650\u0636\u064e \u0628\u0650\u0627\u0644\u0652\u0628\u064e\u0631\u0652\u062f\u0650 \u2013 \u201cSo\u011fuktan hastaland\u0131.\u201d<\/span><\/p>\n<p><span style=\"color: #000000;\">\u062a\u064e\u0623\u064e\u062b\u0651\u064e\u0631\u064e \u0628\u0650\u0627\u0644\u0652\u0643\u064e\u0644\u064e\u0627\u0645\u0650 \u2013 \u201cS\u00f6zden etkilendi.\u201d<\/span><\/p>\n<p>&nbsp;<\/p>\n<p><span style=\"color: #000000;\">Uygulamal\u0131 \u00d6rnekler<\/span><\/p>\n<p><span style=\"color: #000000;\">\u00d6\u011frenciler ders sonunda a\u015fa\u011f\u0131daki gibi c\u00fcmlelerle al\u0131\u015ft\u0131rmalar yapm\u0131\u015ft\u0131r:<\/span><\/p>\n<p><span style=\"color: #000000;\">\u0633\u064e\u0627\u0641\u064e\u0631\u064e \u0628\u0650\u0627\u0644\u0633\u0651\u064e\u064a\u0651\u064e\u0627\u0631\u064e\u0629\u0650 \u2013 \u201cArabayla seyahat etti.\u201d<\/span><\/p>\n<p><span style=\"color: #000000;\">\u0623\u064e\u0643\u064e\u0644\u064e \u0628\u0650\u0627\u0644\u0652\u0645\u0650\u0644\u0652\u0639\u064e\u0642\u064e\u0629\u0650 \u2013 \u201cKa\u015f\u0131kla yedi.\u201d<\/span><\/p>\n<p><span style=\"color: #000000;\">\u062a\u064e\u0643\u064e\u0644\u0651\u064e\u0645\u064e \u0628\u0650\u0627\u0644\u0652\u0639\u064e\u0631\u064e\u0628\u0650\u064a\u0651\u064e\u0629\u0650 \u2013 \u201cArap\u00e7a konu\u015ftu.\u201d<\/span><\/p>\n<p><span style=\"color: #000000;\">\u0644\u064e\u0639\u0650\u0628\u064e \u0628\u0650\u0627\u0644\u0652\u0643\u064f\u0631\u064e\u0629\u0650 \u2013 \u201cTopla oynad\u0131.\u201d<\/span><\/p>\n<p>&nbsp;<\/p>\n<p><span style=\"color: #000000;\"><strong>Sonu\u00e7<\/strong><\/span><\/p>\n<p><span style=\"color: #000000;\">Ders sonunda \u00f6\u011frenciler \u015funlar\u0131 \u00f6\u011frenmi\u015ftir:<\/span><\/p>\n<p><span style=\"color: #000000;\">\u201cBi\u201d harfi cer, ara\u00e7, vas\u0131ta, sebep veya ili\u015fki anlam\u0131 ta\u015f\u0131r.<\/span><\/p>\n<p><span style=\"color: #000000;\">Kendinden sonraki ismi mecr\u00fbr yapar.<\/span><\/p>\n<p><span style=\"color: #000000;\">Elif-l\u00e2ml\u0131 kelimelerle birle\u015ferek tek bir yap\u0131 (\u0628\u0650\u0627\u0644\u0652&#8230;) olu\u015fturur.<\/span><\/p>\n<p><span style=\"color: #000000;\">\u201cBi\u201dli ifadeler, c\u00fcmlede genellikle \u015fibh-i c\u00fcmle haber g\u00f6revindedir<\/span><\/p>\n<p><span style=\"color: #000000;\">Soyut ve mecaz\u00ee anlamlarda \u201cbi\u201d, Arap\u00e7ada sebep-sonu\u00e7 ili\u015fkisini kurar.<\/span><\/p>\n<p><span style=\"color: #000000;\">Bu ders, \u00f6\u011frencilerin hem ara\u00e7 bildiren ifadeleri do\u011fru kurmalar\u0131n\u0131 hem de soyut anlamlarda harf-i cerlerin semantik g\u00fcc\u00fcn\u00fc kavramalar\u0131n\u0131 sa\u011flam\u0131\u015ft\u0131r. B\u00f6ylece dilin hem yap\u0131sal hem de anlam boyutu b\u00fct\u00fcnc\u00fcl bi\u00e7imde peki\u015ftirilmi\u015ftir.<\/span><\/p>\n<p>&nbsp;<\/p>\n<p><span style=\"color: #000000;\"><strong>Purpose and Overview<\/strong><\/span><\/p>\n<p>&nbsp;<\/p>\n<p><span style=\"color: #000000;\">The purpose of this lesson is to examine the Arabic preposition \u0628\u0650 (bi)\u2014its meanings, grammatical behavior, and functional usage in verbal and nominal sentences. The preposition bi generally expresses the means, instrument, or cause by which an action is performed. It corresponds to the English \u201cwith\u201d or \u201cby means of\u201d and to the Turkish suffix \u201c-ile \/ -yla.\u201d The lesson focuses on bi as a \u1e25arf al-jarr (preposition) that governs the genitive (majr\u016br) case of the following noun, showing how it operates in both literal (tangible) and figurative (abstract) contexts. Students are guided through examples demonstrating its morphological rules, semantic variations, and syntactic role as a predicate (shibh al-jumla khabar).<\/span><\/p>\n<p>&nbsp;<\/p>\n<p><span style=\"color: #000000;\"><strong>Main Themes<\/strong><\/span><\/p>\n<p>&nbsp;<\/p>\n<p><span style=\"color: #000000;\">Core Meaning and Function<\/span><\/p>\n<p><span style=\"color: #000000;\">The preposition bi denotes instrumentality, accompaniment, or causation.<\/span><\/p>\n<p><span style=\"color: #000000;\">\u0643\u064e\u062a\u064e\u0628\u064e \u0627\u0644\u0637\u0651\u064e\u0627\u0644\u0650\u0628\u064f \u0627\u0644\u062f\u0651\u064e\u0631\u0652\u0633\u064e \u0628\u0650\u0627\u0644\u0652\u0642\u064e\u0644\u064e\u0645\u0650 \u2013 \u201cThe student wrote the lesson with a pen.\u201d<\/span><\/p>\n<p><span style=\"color: #000000;\">\u0641\u064e\u062a\u064e\u062d\u064e \u0627\u0644\u0631\u0651\u064e\u062c\u064f\u0644\u064f \u0627\u0644\u0652\u0628\u064e\u0627\u0628\u064e \u0628\u0650\u0627\u0644\u0652\u0645\u0650\u0641\u0652\u062a\u064e\u0627\u062d\u0650 \u2013 \u201cThe man opened the door with a key.<\/span><\/p>\n<p><span style=\"color: #000000;\">\u064a\u064f\u0641\u064e\u0643\u0651\u0650\u0631\u064f \u0628\u0650\u0627\u0644\u0652\u0639\u064e\u0642\u0652\u0644\u0650 \u2013 \u201cHe thinks with his mind.\u201d<\/span><\/p>\n<p><span style=\"color: #000000;\">Through these examples, students learn that bi identifies the means or method by which the verb\u2019s action is realized.<\/span><\/p>\n<p>&nbsp;<\/p>\n<p><span style=\"color: #000000;\">Orthographic and Phonetic Rules<\/span><\/p>\n<p><span style=\"color: #000000;\">When bi precedes a noun with the definite article (\u0627\u0644), the two merge into one unit:<\/span><\/p>\n<p><span style=\"color: #000000;\">\u0628\u0650 + \u0627\u0644\u0652\u0642\u064e\u0644\u064e\u0645\u0650 \u2192 \u0628\u0650\u0627\u0644\u0652\u0642\u064e\u0644\u064e\u0645\u0650 (\u201cwith the pen\u201d).<\/span><\/p>\n<p><span style=\"color: #000000;\">\u0628\u0650 + \u0627\u0644\u0633\u0651\u064e\u064a\u0651\u064e\u0627\u0631\u064e\u0629\u0650 \u2192 \u0628\u0650\u0627\u0644\u0633\u0651\u064e\u064a\u0651\u064e\u0627\u0631\u064e\u0629\u0650 (\u201cby car\u201d).<\/span><\/p>\n<p><span style=\"color: #000000;\">When followed by an indefinite (nakira) noun, no merging occurs:<\/span><\/p>\n<p><span style=\"color: #000000;\">\u0628\u0650\u0642\u064e\u0644\u064e\u0645\u064d \u2013 \u201cwith a pen.\u201d<\/span><\/p>\n<p><span style=\"color: #000000;\">This distinction is both phonetic and orthographic.<\/span><\/p>\n<p>&nbsp;<\/p>\n<p><span style=\"color: #000000;\">Syntactic Position in the Sentence<\/span><\/p>\n<p><span style=\"color: #000000;\">The normal word order in a verbal clause containing bi is:<\/span><\/p>\n<p><span style=\"color: #000000;\">Verb + Subject + Object + Prepositional Phrase (bi + noun)<\/span><\/p>\n<p><span style=\"color: #000000;\">\u0641\u064e\u062a\u064e\u062d\u064e \u0627\u0644\u0637\u0651\u064e\u0627\u0644\u0650\u0628\u064f \u0627\u0644\u0652\u0643\u0650\u062a\u064e\u0627\u0628\u064e \u0628\u0650\u0627\u0644\u0652\u064a\u064e\u062f\u0650 \u2013 \u201cThe student opened the book with his hand.\u201d<\/span><\/p>\n<p><span style=\"color: #000000;\">The bi-phrase is an adverbial complement, providing additional information about the action.<\/span><\/p>\n<p>&nbsp;<\/p>\n<p><span style=\"color: #000000;\">Figurative and Abstract Uses<\/span><\/p>\n<p><span style=\"color: #000000;\">Bi can also indicate abstract causation or means, not just physical instruments:<\/span><\/p>\n<p><span style=\"color: #000000;\">\u0646\u064e\u062c\u064e\u062d\u064e \u0628\u0650\u0627\u0644\u0652\u062c\u0650\u062f\u0651\u0650 \u2013 \u201cHe succeeded through hard work.\u201d<\/span><\/p>\n<p><span style=\"color: #000000;\">\u0622\u0645\u064e\u0646\u064e \u0628\u0650\u0627\u0644\u0644\u0651\u0670\u0647\u0650 \u2013 \u201cHe believed in God.\u201d<\/span><\/p>\n<p><span style=\"color: #000000;\">\u062a\u064e\u0623\u064e\u062b\u0651\u064e\u0631\u064e \u0628\u0650\u0627\u0644\u0652\u0643\u064e\u0644\u064e\u0627\u0645\u0650 \u2013 \u201cHe was affected by the speech.\u201d<\/span><\/p>\n<p><span style=\"color: #000000;\">Here, bi expresses mental, emotional, or spiritual connection.<\/span><\/p>\n<p>&nbsp;<\/p>\n<p><span style=\"color: #000000;\">Predicate Function (Shibh al-Jumla)<\/span><\/p>\n<p><span style=\"color: #000000;\">In nominal sentences, the bi-phrase can serve as a predicate (khabar):<\/span><\/p>\n<p><span style=\"color: #000000;\">\u0627\u0644\u0646\u0651\u064e\u062c\u064e\u0627\u062d\u064f \u0628\u0650\u0627\u0644\u0652\u0639\u064e\u0645\u064e\u0644\u0650 \u2013 \u201cSuccess is through work.\u201d<\/span><\/p>\n<p><span style=\"color: #000000;\">The structure bi + noun forms a prepositional phrase that functions syntactically as a raised predicate (ma\u1e25allan marf\u016b\u2018).<\/span><\/p>\n<p>&nbsp;<\/p>\n<p><span style=\"color: #000000;\">Extended Semantic Values<\/span><\/p>\n<p><span style=\"color: #000000;\">Bi may convey:<\/span><\/p>\n<p><span style=\"color: #000000;\">Cause \u2192 \u0645\u064e\u0631\u0650\u0636\u064e \u0628\u0650\u0627\u0644\u0652\u0628\u064e\u0631\u0652\u062f\u0650 \u2013 \u201cHe became ill because of the cold.\u201d<\/span><\/p>\n<p><span style=\"color: #000000;\">Association \u2192 \u062c\u064e\u0627\u0621\u064e \u0628\u0650\u0635\u064e\u062f\u0650\u064a\u0642\u0650\u0647\u0650 \u2013 \u201cHe came with his friend.\u201d<\/span><\/p>\n<p><span style=\"color: #000000;\">Means \/ Manner \u2192 \u062a\u064e\u0643\u064e\u0644\u0651\u064e\u0645\u064e \u0628\u0650\u0627\u0644\u0644\u0651\u064f\u0637\u0652\u0641\u0650 \u2013 \u201cHe spoke gently.\u201d<\/span><\/p>\n<p>&nbsp;<\/p>\n<p><span style=\"color: #000000;\">Applied Practice<\/span><\/p>\n<p><span style=\"color: #000000;\">Exercises focused on constructing complete sentences using bi with both tangible and abstract complements:<\/span><\/p>\n<p><span style=\"color: #000000;\">\u0633\u064e\u0627\u0641\u064e\u0631\u064e \u0628\u0650\u0627\u0644\u0633\u0651\u064e\u064a\u0651\u064e\u0627\u0631\u064e\u0629\u0650 \u2013 \u201cHe traveled by car.\u201d<\/span><\/p>\n<p><span style=\"color: #000000;\">\u0623\u064e\u0643\u064e\u0644\u064e \u0628\u0650\u0627\u0644\u0652\u0645\u0650\u0644\u0652\u0639\u064e\u0642\u064e\u0629\u0650 \u2013 \u201cHe ate with a spoon.\u201d<\/span><\/p>\n<p><span style=\"color: #000000;\">\u062a\u064e\u0643\u064e\u0644\u0651\u064e\u0645\u064e \u0628\u0650\u0627\u0644\u0652\u0639\u064e\u0631\u064e\u0628\u0650\u064a\u0651\u064e\u0629\u0650 \u2013 \u201cHe spoke in Arabic.\u201d<\/span><\/p>\n<p><span style=\"color: #000000;\">\u0644\u064e\u0639\u0650\u0628\u064e \u0628\u0650\u0627\u0644\u0652\u0643\u064f\u0631\u064e\u0629\u0650 \u2013 \u201cHe played with the ball.\u201d<\/span><\/p>\n<p>&nbsp;<\/p>\n<p><span style=\"color: #000000;\"><strong>Conclusion<\/strong><\/span><\/p>\n<p><span style=\"color: #000000;\">By the end of the lesson, students have learned that:<\/span><\/p>\n<p><span style=\"color: #000000;\">Bi governs the genitive case of the following noun.<\/span><\/p>\n<p><span style=\"color: #000000;\">It expresses means, instrument, cause, or association.<\/span><\/p>\n<p><span style=\"color: #000000;\">When followed by a definite noun, bi merges with al- forming bil-.<\/span><\/p>\n<p><span style=\"color: #000000;\">The structure bi + noun can function as a predicate (shibh al-jumla khabar) that is syntactically raised (ma\u1e25allan marf\u016b\u2018).<\/span><\/p>\n<p><span style=\"color: #000000;\">Bi also conveys subtle semantic and rhetorical nuances, enriching both literal and figurative expression in Arabic.<\/span><\/p>\n<p><span style=\"color: #000000;\">This lesson reinforces the students\u2019 ability to interpret and produce accurate instrumental and causal expressions, deepening their understanding of the semantic precision and grammatical elegance of Arabic prepositions.<\/span><\/p>\n","protected":false},"excerpt":{"rendered":"<p>ARAP\u00c7A I. SEV\u0130YE DERSLER\u0130 63. SEM\u0130NER \u00d6ZET\u0130 &nbsp; Seminerin Amac\u0131 [&hellip;]<\/p>\n","protected":false},"author":1,"featured_media":0,"parent":0,"menu_order":0,"comment_status":"closed","ping_status":"closed","template":"","meta":{"footnotes":""},"class_list":["post-7108","page","type-page","status-publish","hentry"],"jetpack_sharing_enabled":true,"_links":{"self":[{"href":"https:\/\/klasikdusunceokulu.com\/index.php\/wp-json\/wp\/v2\/pages\/7108","targetHints":{"allow":["GET"]}}],"collection":[{"href":"https:\/\/klasikdusunceokulu.com\/index.php\/wp-json\/wp\/v2\/pages"}],"about":[{"href":"https:\/\/klasikdusunceokulu.com\/index.php\/wp-json\/wp\/v2\/types\/page"}],"author":[{"embeddable":true,"href":"https:\/\/klasikdusunceokulu.com\/index.php\/wp-json\/wp\/v2\/users\/1"}],"replies":[{"embeddable":true,"href":"https:\/\/klasikdusunceokulu.com\/index.php\/wp-json\/wp\/v2\/comments?post=7108"}],"version-history":[{"count":1,"href":"https:\/\/klasikdusunceokulu.com\/index.php\/wp-json\/wp\/v2\/pages\/7108\/revisions"}],"predecessor-version":[{"id":7109,"href":"https:\/\/klasikdusunceokulu.com\/index.php\/wp-json\/wp\/v2\/pages\/7108\/revisions\/7109"}],"wp:attachment":[{"href":"https:\/\/klasikdusunceokulu.com\/index.php\/wp-json\/wp\/v2\/media?parent=7108"}],"curies":[{"name":"wp","href":"https:\/\/api.w.org\/{rel}","templated":true}]}}