{"id":7223,"date":"2025-11-03T15:18:39","date_gmt":"2025-11-03T12:18:39","guid":{"rendered":"https:\/\/klasikdusunceokulu.com\/?page_id=7223"},"modified":"2025-11-03T15:18:39","modified_gmt":"2025-11-03T12:18:39","slug":"suat-mertoglu-mukatil-b-suleyman-et-tefsirul-kebir-2-seminer-ozeti","status":"publish","type":"page","link":"https:\/\/klasikdusunceokulu.com\/index.php\/suat-mertoglu-mukatil-b-suleyman-et-tefsirul-kebir-2-seminer-ozeti\/","title":{"rendered":"SUAT MERTO\u011eLU, MUK\u00c2T\u0130L B. S\u00dcLEYMAN, ET-TEFS\u00ceR\u00dc&#8217;L KEB\u00ceR 2. SEM\u0130NER \u00d6ZET\u0130"},"content":{"rendered":"<p><span style=\"color: #000000;\"><strong>SUAT MERTO\u011eLU, MUK\u00c2T\u0130L B. S\u00dcLEYMAN, ET-TEFS\u00ceR\u00dc&#8217;L KEB\u00ceR 2. SEM\u0130NER \u00d6ZET\u0130<\/strong><\/span><\/p>\n<p><span style=\"color: #000000;\"><strong>Seminerin Amac\u0131 ve Kapsam\u0131<\/strong><\/span><\/p>\n<p><span style=\"color: #000000;\">Bu seminer, Muk\u00e2til b. S\u00fcleyman\u2019\u0131n et-Tefs\u00eer\u00fc\u2019l-Keb\u00eer adl\u0131 eserine y\u00f6nelik do\u011frudan metin okuma s\u00fcrecinin ba\u015flang\u0131c\u0131n\u0131 temsil etmektedir. \u0130lk seminerde yap\u0131lan tarihsel ve teorik \u00e7er\u00e7evelemeyi takiben, bu oturumda Muk\u00e2til\u2019in tefsir \u00fcslubu, y\u00f6ntemleri ve kavramsal tercihleri \u00f6rnek ayetler \u00fczerinden ele al\u0131nm\u0131\u015f, \u00f6zellikle F\u00e2tiha S\u00fbresi ba\u011flam\u0131nda onun tefsir prati\u011fi detayland\u0131r\u0131lm\u0131\u015ft\u0131r. Ama\u00e7, erken d\u00f6nem tefsir anlay\u0131\u015f\u0131n\u0131n temel yap\u0131 ta\u015flar\u0131n\u0131 do\u011frudan kaynak \u00fczerinden \u00e7\u00f6z\u00fcmlemek ve Muk\u00e2til\u2019in sistematik yakla\u015f\u0131m\u0131n\u0131 g\u00f6r\u00fcn\u00fcr k\u0131lmakt\u0131r.<\/span><\/p>\n<p><span style=\"color: #000000;\"><strong>Ana Temalar<\/strong><\/span><\/p>\n<ol>\n<li><span style=\"color: #000000;\"><strong>Muk\u00e2til\u2019in Tefsir Y\u00f6ntemi ve Kavram Seti:<\/strong><\/span><\/li>\n<\/ol>\n<p><span style=\"color: #000000;\">Muk\u00e2til\u2019in tefsiri, ayetlerin lafz\u00ee yap\u0131s\u0131na oldu\u011fu kadar ba\u011flam\u0131na da dikkat eden, sistematik bir yakla\u015f\u0131ma sahiptir. \u00d6zellikle kelime \u00e7\u00f6z\u00fcmlemeleri, z\u00e2hir-b\u00e2t\u0131n dengesi ve kavramsal tefrikler (\u00f6rne\u011fin \u201crahmet\u201d ve \u201crahm\u00e2n\u201d ayr\u0131m\u0131) dikkat \u00e7ekicidir. Tefsirinde n\u00fczul sebebinden ba\u011f\u0131ms\u0131z anlam \u00f6rg\u00fcleri kurarak ayetler aras\u0131 b\u00fct\u00fcnl\u00fc\u011f\u00fc \u00f6nceler.<\/span><\/p>\n<ol start=\"2\">\n<li><span style=\"color: #000000;\"><strong>Kur\u2019an\u2019\u0131n \u00d6z Anlat\u0131m\u0131 Olarak F\u00e2tiha:<\/strong><\/span><\/li>\n<\/ol>\n<p><span style=\"color: #000000;\">Muk\u00e2til, F\u00e2tiha\u2019y\u0131 Kur\u2019an\u2019\u0131n giri\u015f kap\u0131s\u0131 olarak g\u00f6r\u00fcr. S\u00fbrede ge\u00e7en her kelimeyi ayr\u0131nt\u0131l\u0131 \u015fekilde a\u00e7\u0131klayarak Kur\u2019an\u2019\u0131n \u00f6zl\u00fc bir \u00f6zeti olarak konumland\u0131r\u0131r. \u00d6zellikle \u201crahmet\u201d kavram\u0131 \u00fczerinde durarak, ilahi adalet ve l\u00fctuf dengesini vurgular.<\/span><\/p>\n<ol start=\"3\">\n<li><span style=\"color: #000000;\"><strong>L\u00fcgat ve Belagat Unsurlar\u0131n\u0131n Kullan\u0131m\u0131:<\/strong><\/span><\/li>\n<\/ol>\n<p><span style=\"color: #000000;\">Muk\u00e2til, dilsel analizlerde sadece anlam\u0131 de\u011fil, fonetik yap\u0131y\u0131 da dikkate al\u0131r. Kelimelerin t\u00fcrevleri, k\u00f6kenleri ve fonetik etkileri \u00fczerinden anlam zenginli\u011fi in\u015fa eder. Bu yakla\u015f\u0131m, onun kelam\u00ee ve f\u0131kh\u00ee e\u011filimlerini de yans\u0131t\u0131r.<\/span><\/p>\n<ol start=\"4\">\n<li><span style=\"color: #000000;\"><strong>Anlam\u0131 Kurucu Unsur Olarak Okuyucu:<\/strong><\/span><\/li>\n<\/ol>\n<p><span style=\"color: #000000;\">Seminerde, Muk\u00e2til\u2019in tefsirinde okuyucunun konumuna dair \u00e7\u0131kar\u0131mlar yap\u0131lm\u0131\u015f, onun tefsirinin anlam\u0131 sabitleyen de\u011fil, anlam\u0131 \u00e7o\u011faltan bir y\u00f6n\u00fc oldu\u011fu savunulmu\u015ftur. Okuyucu, bu ba\u011flamda metni s\u00fcrekli yeniden kuran bir akt\u00f6r konumundad\u0131r.<\/span><\/p>\n<p><span style=\"color: #000000;\"><strong>Sonu\u00e7<\/strong><\/span><\/p>\n<p><span style=\"color: #000000;\">Bu seminerle birlikte et-Tefs\u00eer\u00fc\u2019l-Keb\u00eer\u2019in i\u00e7eriksel yap\u0131s\u0131 g\u00f6r\u00fcn\u00fcr h\u00e2le gelmi\u015f; Muk\u00e2til\u2019in sadece erken d\u00f6nem bir m\u00fcfessir de\u011fil, ayn\u0131 zamanda kendi i\u00e7inde tutarl\u0131, metodolojik bir yakla\u015f\u0131m geli\u015ftirmi\u015f bir alim oldu\u011fu ortaya konmu\u015ftur. Muk\u00e2til\u2019in tefsiri, ayetler aras\u0131 ba\u011f, kavramsal derinlik ve dilsel hassasiyet a\u00e7\u0131s\u0131ndan bug\u00fcnk\u00fc tefsir \u00e7al\u0131\u015fmalar\u0131 i\u00e7in zengin bir kaynak niteli\u011fi ta\u015f\u0131maktad\u0131r. \u00d6n\u00fcm\u00fczdeki oturumlarda, bu okumalar\u0131n daha geni\u015f sureler ba\u011flam\u0131nda devam etmesi planlanmaktad\u0131r.<\/span><\/p>\n<p>&nbsp;<\/p>\n<p><span style=\"color: #000000;\"><strong>Purpose and Scope of the Seminar<\/strong><\/span><\/p>\n<p><span style=\"color: #000000;\">This seminar marks the beginning of direct textual engagement with Muk\u0101til b. Sulaym\u0101n\u2019s work al-Tafs\u012br al-Kab\u012br. Following the introductory session, which provided a historical and methodological framework, this session delves into Muk\u0101til\u2019s exegetical style, conceptual preferences, and interpretive strategies through concrete examples\u2014particularly focusing on his commentary on S\u016brat al-F\u0101ti\u1e25a. The aim is to reveal the structural and semantic layers of early Qur\u2019anic exegesis by reading from the primary source.<\/span><\/p>\n<p><span style=\"color: #000000;\"><strong>Main Themes<\/strong><\/span><\/p>\n<ol>\n<li><span style=\"color: #000000;\"><strong>Muk\u0101til\u2019s Methodology and Conceptual Framework:<\/strong><\/span><\/li>\n<\/ol>\n<p><span style=\"color: #000000;\">Muk\u0101til\u2019s tafs\u012br demonstrates a systematic approach that balances linguistic precision with contextual coherence. He engages in detailed lexical analysis, often differentiating between close concepts such as ra\u1e25ma (mercy) and ra\u1e25m\u0101n (the Merciful), and constructs meaning independent of isolated narrations by emphasizing intertextual consistency across verses.<\/span><\/p>\n<ol start=\"2\">\n<li><span style=\"color: #000000;\"><strong>S\u016brat al-F\u0101ti<\/strong><strong>\u1e25<\/strong><strong>a as a Summary of the Qur\u2019an:<\/strong><\/span><\/li>\n<\/ol>\n<p><span style=\"color: #000000;\">Muk\u0101til treats S\u016brat al-F\u0101ti\u1e25a as the theological and linguistic microcosm of the Qur\u2019an. Each word is meticulously unpacked to highlight its broader Qur\u2019anic significance. His reflections on divine mercy, justice, and guidance position the chapter as the foundational lens for understanding the entire revelation.<\/span><\/p>\n<ol start=\"3\">\n<li><span style=\"color: #000000;\"><strong>Lexical and Rhetorical Analysis:<\/strong><\/span><\/li>\n<\/ol>\n<p><span style=\"color: #000000;\">His tafs\u012br is marked by sensitivity to both semantic content and phonetic structure. He analyzes the roots, derivatives, and rhythmic qualities of words to draw out deeper meanings. This attention reflects both theological and jurisprudential concerns and reveals his engagement with the broader linguistic tradition.<\/span><\/p>\n<ol start=\"4\">\n<li><span style=\"color: #000000;\"><strong>The Role of the Reader in Constructing Meaning:<\/strong><\/span><\/li>\n<\/ol>\n<p><span style=\"color: #000000;\">The seminar explores how Muk\u0101til\u2019s tafs\u012br, while grounded in textual fidelity, allows for interpretive plurality. Rather than fixing meaning, his commentary invites the reader to actively engage in meaning-making. In this sense, the reader becomes a co-creator of understanding within the tafs\u012br process.<\/span><\/p>\n<p><span style=\"color: #000000;\"><strong>Conclusion<\/strong><\/span><\/p>\n<p><span style=\"color: #000000;\">This session brings the internal architecture of al-Tafs\u012br al-Kab\u012br into focus, revealing Muk\u0101til not merely as a transmitter of early tafs\u012br but as a methodologically conscious exegete. His tafs\u012br offers a rich resource for contemporary scholarship with its intertextual sensitivity, conceptual clarity, and linguistic rigor. Subsequent seminars will continue this close reading, expanding the scope to other chapters and thematic clusters within the Qur\u2019an.<\/span><\/p>\n<p>&nbsp;<\/p>\n<p>&nbsp;<\/p>\n","protected":false},"excerpt":{"rendered":"<p>SUAT MERTO\u011eLU, MUK\u00c2T\u0130L B. S\u00dcLEYMAN, ET-TEFS\u00ceR\u00dc&#8217;L KEB\u00ceR 2. SEM\u0130NER \u00d6ZET\u0130 [&hellip;]<\/p>\n","protected":false},"author":1,"featured_media":0,"parent":0,"menu_order":0,"comment_status":"closed","ping_status":"closed","template":"","meta":{"footnotes":""},"class_list":["post-7223","page","type-page","status-publish","hentry"],"jetpack_sharing_enabled":true,"_links":{"self":[{"href":"https:\/\/klasikdusunceokulu.com\/index.php\/wp-json\/wp\/v2\/pages\/7223","targetHints":{"allow":["GET"]}}],"collection":[{"href":"https:\/\/klasikdusunceokulu.com\/index.php\/wp-json\/wp\/v2\/pages"}],"about":[{"href":"https:\/\/klasikdusunceokulu.com\/index.php\/wp-json\/wp\/v2\/types\/page"}],"author":[{"embeddable":true,"href":"https:\/\/klasikdusunceokulu.com\/index.php\/wp-json\/wp\/v2\/users\/1"}],"replies":[{"embeddable":true,"href":"https:\/\/klasikdusunceokulu.com\/index.php\/wp-json\/wp\/v2\/comments?post=7223"}],"version-history":[{"count":1,"href":"https:\/\/klasikdusunceokulu.com\/index.php\/wp-json\/wp\/v2\/pages\/7223\/revisions"}],"predecessor-version":[{"id":7224,"href":"https:\/\/klasikdusunceokulu.com\/index.php\/wp-json\/wp\/v2\/pages\/7223\/revisions\/7224"}],"wp:attachment":[{"href":"https:\/\/klasikdusunceokulu.com\/index.php\/wp-json\/wp\/v2\/media?parent=7223"}],"curies":[{"name":"wp","href":"https:\/\/api.w.org\/{rel}","templated":true}]}}