{"id":7389,"date":"2025-11-05T13:24:46","date_gmt":"2025-11-05T10:24:46","guid":{"rendered":"https:\/\/klasikdusunceokulu.com\/?page_id=7389"},"modified":"2025-11-05T13:24:46","modified_gmt":"2025-11-05T10:24:46","slug":"saygin-gunenc-klasik-yunanca-dersleri-40-seminer-ozeti","status":"publish","type":"page","link":"https:\/\/klasikdusunceokulu.com\/index.php\/saygin-gunenc-klasik-yunanca-dersleri-40-seminer-ozeti\/","title":{"rendered":"SAYGIN G\u00dcNEN\u00c7, KLAS\u0130K YUNANCA DERSLER\u0130 40. SEM\u0130NER \u00d6ZET\u0130"},"content":{"rendered":"<p><span style=\"color: #000000;\"><strong>SAYGIN G\u00dcNEN\u00c7, KLAS\u0130K YUNANCA DERSLER\u0130 40. SEM\u0130NER \u00d6ZET\u0130<\/strong><\/span><\/p>\n<p><span style=\"color: #000000;\"><strong>Dersin Amac\u0131 ve Kapsam\u0131<\/strong><\/span><\/p>\n<p><span style=\"color: #000000;\">Bu dersin amac\u0131, Yunancada Preasens ile Aoristum indikativus aras\u0131ndaki aspekt\u00fcel (g\u00f6r\u00fcn\u00fc\u015f) fark\u0131n\u0131 a\u00e7\u0131klamak ve 1. aorist g\u00f6vdesinin morfolojik olu\u015fum s\u00fcrecini \u00f6\u011fretmektir. Ayr\u0131ca Aristoteles\u2019in \u03b1\u1f34\u03c4\u03b9\u03bf\u03bd \/ \u03b1\u1f30\u03c4\u03af\u03b1 kavramlar\u0131 \u00fczerinden dil yap\u0131s\u0131n\u0131n felsef\u00ee d\u00fc\u015f\u00fcnceyle ili\u015fkisi tan\u0131t\u0131lmaktad\u0131r.<\/span><\/p>\n<p><span style=\"color: #000000;\"><strong>Ana Temalar<\/strong><\/span><\/p>\n<p><span style=\"color: #000000;\"><strong>1\ufe0f.<\/strong><strong>\u00a0Aoristum G\u00f6vdesi ve Bitimleri<\/strong><\/span><\/p>\n<ul>\n<li><span style=\"color: #000000;\">Aorist g\u00f6stergesi: -\u03c3\u03b1-<\/span><\/li>\n<li><span style=\"color: #000000;\">\u015eah\u0131s ekleri: -\u03c3\u03b1, -\u03c3\u03b1\u03c2, -\u03c3\u03b5, -\u03c3\u03b1\u03bc\u03b5\u03bd, -\u03c3\u03b1\u03c4\u03b5, -\u03c3\u03b1\u03bd<\/span><\/li>\n<li><span style=\"color: #000000;\">\u00d6rnek fiiller:<\/span>\n<ul>\n<li><span style=\"color: #000000;\"><em>\u03bd\u03b9\u03ba\u03ac\u03c9 \u2192 <\/em><em>\u1f10\u03bd\u03af\u03ba\u03b7\u03c3\u03b1<\/em><\/span><\/li>\n<li><span style=\"color: #000000;\"><em>\u1f00\u03ba\u03bf\u03cd\u03c9 \u2192 <\/em><em>\u1f24\u03ba\u03bf\u03c5\u03c3\u03b1<\/em><\/span><\/li>\n<\/ul>\n<\/li>\n<li><span style=\"color: #000000;\">Augmentum (\u1f10-) ve \u00fcnl\u00fc uzamas\u0131 \u00f6nemli belirte\u00e7lerdir<\/span><\/li>\n<li><span style=\"color: #000000;\">Mastarda augment ortadan kalkar: <em>\u03bd\u03b9\u03ba<\/em><em>\u1fc6\u03c3\u03b1\u03b9<\/em><\/span><\/li>\n<\/ul>\n<p><span style=\"color: #000000;\"><strong>2\ufe0f.<\/strong><strong>\u00a0Preasens \u2013 Aoristum Aspekt Ayr\u0131m\u0131<\/strong><\/span><\/p>\n<table>\n<thead>\n<tr>\n<td><span style=\"color: #000000;\"><strong>Zaman<\/strong><\/span><\/td>\n<td><span style=\"color: #000000;\"><strong>Anlam \u00d6zelli\u011fi<\/strong><\/span><\/td>\n<td><span style=\"color: #000000;\"><strong>Aspekt<\/strong><\/span><\/td>\n<td><span style=\"color: #000000;\"><strong>\u00d6rnek<\/strong><\/span><\/td>\n<\/tr>\n<\/thead>\n<tbody>\n<tr>\n<td><span style=\"color: #000000;\">Preasens<\/span><\/td>\n<td><span style=\"color: #000000;\">S\u00fcreklilik<\/span><\/td>\n<td><span style=\"color: #000000;\">Devam eden eylem<\/span><\/td>\n<td><span style=\"color: #000000;\"><em>\u03b2\u03bf\u03c5\u03bb\u03b5\u03cd\u03c9<\/em> \u2192 tavsiye eder<\/span><\/td>\n<\/tr>\n<tr>\n<td><span style=\"color: #000000;\">Aoristum<\/span><\/td>\n<td><span style=\"color: #000000;\">Noktasal tamamlama<\/span><\/td>\n<td><span style=\"color: #000000;\">Tekil eylem<\/span><\/td>\n<td><span style=\"color: #000000;\"><em>\u1f10\u03b2\u03bf\u03cd\u03bb\u03b5\u03c5\u03c3\u03b1<\/em> \u2192 karar verdi<\/span><\/td>\n<\/tr>\n<\/tbody>\n<\/table>\n<p><span style=\"color: #000000;\">\u27a1 Aoristum bazen yeni anlam kazand\u0131r\u0131r:<\/span><br \/>\n<span style=\"color: #000000;\"><em>tavsiye etmek \u2192 karar vermek<\/em><\/span><\/p>\n<p><span style=\"color: #000000;\"><strong>3\ufe0f.<\/strong><strong>\u00a0Sentaks Notlar\u0131<\/strong><\/span><\/p>\n<ul>\n<li><span style=\"color: #000000;\">\u1f45\u03c4\u03b9 \/ \u1f61\u03c2 \u2192 \u201cki\u201d ba\u011flac\u0131, aktar\u0131lan s\u00f6z yap\u0131s\u0131<\/span><\/li>\n<li><span style=\"color: #000000;\">Genetivus nesne alan fiiller:<\/span>\n<ul>\n<li><span style=\"color: #000000;\"><em>\u03bc\u03b9\u03bc\u03bd<\/em><em>\u1fc4\u03c3\u03ba\u03bf\u03bc\u03b1\u03b9<\/em> \u2192 hat\u0131rlamak<\/span><\/li>\n<li><span style=\"color: #000000;\"><em>\u1f00\u03ba\u03bf\u03cd\u03c9<\/em> \u2192 i\u015fitmek<\/span><\/li>\n<\/ul>\n<\/li>\n<li><span style=\"color: #000000;\">Yer-zaman belirten yap\u0131lar:<\/span>\n<ul>\n<li><span style=\"color: #000000;\">Genetivus temporis: \u1f11\u03c3\u03c0\u03ad\u03c1\u03b1\u03c2 (ak\u015famleyin)<\/span><\/li>\n<li><span style=\"color: #000000;\">\u1f00\u03bd\u03c4\u03af + genetivus: yerine<\/span><\/li>\n<li><span style=\"color: #000000;\">\u03bc\u03b5\u03c4\u03b1\u03be\u03cd + genetivus: aras\u0131nda<\/span><\/li>\n<li><span style=\"color: #000000;\">\u03c0\u03b1\u03c1\u03ac + accusativus: boyunca<\/span><\/li>\n<\/ul>\n<\/li>\n<\/ul>\n<p><span style=\"color: #000000;\"><strong>4\ufe0f.<\/strong><strong>\u00a0\u03b1<\/strong><strong>\u1f34\u03c4\u03b9\u03bf\u03bd \/ \u03b1<\/strong><strong>\u1f30\u03c4\u03af\u03b1 \u2013 Felsefi Ba\u011flam<\/strong><\/span><\/p>\n<ul>\n<li><span style=\"color: #000000;\">Aristoteles\u2019te \u201cneden\u201d, \u201cgerek\u00e7e\u201d<\/span><\/li>\n<li><span style=\"color: #000000;\">Heidegger yorumu: \u015feylerin varl\u0131\u011fa geli\u015fi insan\u2013tanr\u0131\u2013do\u011fa ili\u015fkisine ba\u011fl\u0131d\u0131r<\/span><\/li>\n<li><span style=\"color: #000000;\">Modern teknikte \u015feylik (nesnenin \u00f6z\u00fc) kaybolur<\/span><\/li>\n<\/ul>\n<p><span style=\"color: #000000;\">\u27a1 Dilsel birim \u2192 ontolojik kavray\u0131\u015f ile b\u00fct\u00fcnle\u015fir<\/span><\/p>\n<p><span style=\"color: #000000;\"><strong>Sonu\u00e7<\/strong><\/span><\/p>\n<p><span style=\"color: #000000;\">Bu ders, Preasens ve Aoristum\u2019un anlamsal fark\u0131n\u0131 kesinlik kazand\u0131rarak \u00f6\u011frencinin anlat\u0131 metinlerinde tamamlanm\u0131\u015f eylemi do\u011fru yorumlamas\u0131n\u0131 sa\u011flar. Ayr\u0131ca <em>\u03b1<\/em><em>\u1f34\u03c4\u03b9\u03bf\u03bd \/ \u03b1<\/em><em>\u1f30\u03c4\u03af\u03b1<\/em> kavram\u0131 sayesinde dilbilgisi, felsef\u00ee d\u00fc\u015f\u00fcnceyle birlikte de\u011ferlendirilir; b\u00f6ylece morfolojik yetkinlik ile kavramsal analiz birlikte ilerler.<\/span><\/p>\n<p>&nbsp;<\/p>\n<p><span style=\"color: #000000;\"><strong>Purpose and Scope<\/strong><\/span><\/p>\n<p><span style=\"color: #000000;\">This lesson aims to explain the aspectual distinction between the Present and Aorist Indicative in Classical Greek and to teach the morphological formation of the 1st Aorist stem. It also introduces the Aristotelian terms \u03b1\u1f34\u03c4\u03b9\u03bf\u03bd \/ \u03b1\u1f30\u03c4\u03af\u03b1, demonstrating the connection between Greek linguistic structure and philosophical reasoning.<\/span><\/p>\n<p><span style=\"color: #000000;\"><strong>Main Themes<\/strong><\/span><\/p>\n<p><span style=\"color: #000000;\"><strong>1\ufe0f.<\/strong><strong>\u00a0Aorist Stem and Endings<\/strong><\/span><\/p>\n<ul>\n<li><span style=\"color: #000000;\">Aorist marker: -\u03c3\u03b1-<\/span><\/li>\n<li><span style=\"color: #000000;\">Personal endings: -\u03c3\u03b1, -\u03c3\u03b1\u03c2, -\u03c3\u03b5, -\u03c3\u03b1\u03bc\u03b5\u03bd, -\u03c3\u03b1\u03c4\u03b5, -\u03c3\u03b1\u03bd<\/span><\/li>\n<li><span style=\"color: #000000;\">Example verbs:<\/span>\n<ul>\n<li><span style=\"color: #000000;\"><em>\u03bd\u03b9\u03ba\u03ac\u03c9 \u2192 <\/em><em>\u1f10\u03bd\u03af\u03ba\u03b7\u03c3\u03b1<\/em><\/span><\/li>\n<li><span style=\"color: #000000;\"><em>\u1f00\u03ba\u03bf\u03cd\u03c9 \u2192 <\/em><em>\u1f24\u03ba\u03bf\u03c5\u03c3\u03b1<\/em><\/span><\/li>\n<\/ul>\n<\/li>\n<li><span style=\"color: #000000;\">Augment and vowel lengthening function as key identifiers<\/span><\/li>\n<li><span style=\"color: #000000;\">In the infinitive, augment disappears: <em>\u03bd\u03b9\u03ba<\/em><em>\u1fc6\u03c3\u03b1\u03b9<\/em><\/span><\/li>\n<\/ul>\n<p><span style=\"color: #000000;\"><strong>2\ufe0f.<\/strong><strong>\u00a0Present vs. Aorist Aspect<\/strong><\/span><\/p>\n<table>\n<thead>\n<tr>\n<td><span style=\"color: #000000;\"><strong>Tense<\/strong><\/span><\/td>\n<td><span style=\"color: #000000;\"><strong>Semantic Value<\/strong><\/span><\/td>\n<td><span style=\"color: #000000;\"><strong>Aspect<\/strong><\/span><\/td>\n<td><span style=\"color: #000000;\"><strong>Example<\/strong><\/span><\/td>\n<\/tr>\n<\/thead>\n<tbody>\n<tr>\n<td><span style=\"color: #000000;\">Present<\/span><\/td>\n<td><span style=\"color: #000000;\">ongoing<\/span><\/td>\n<td><span style=\"color: #000000;\">continuous<\/span><\/td>\n<td><span style=\"color: #000000;\"><em>\u03b2\u03bf\u03c5\u03bb\u03b5\u03cd\u03c9<\/em> \u2192 to advise<\/span><\/td>\n<\/tr>\n<tr>\n<td><span style=\"color: #000000;\">Aorist<\/span><\/td>\n<td><span style=\"color: #000000;\">completed single action<\/span><\/td>\n<td><span style=\"color: #000000;\">punctual<\/span><\/td>\n<td><span style=\"color: #000000;\"><em>\u1f10\u03b2\u03bf\u03cd\u03bb\u03b5\u03c5\u03c3\u03b1<\/em> \u2192 to decide<\/span><\/td>\n<\/tr>\n<\/tbody>\n<\/table>\n<p><span style=\"color: #000000;\">\u27a1 In certain verbs, the aorist form yields a new meaning:<\/span><br \/>\n<span style=\"color: #000000;\"><em>\u03b2\u03bf\u03c5\u03bb\u03b5\u03cd\u03c9 \u2192 <\/em><em>\u1f10\u03b2\u03bf\u03cd\u03bb\u03b5\u03c5\u03c3\u03b1<\/em><\/span><\/p>\n<p><span style=\"color: #000000;\"><strong>3\ufe0f.<\/strong><strong>\u00a0Syntax Notes<\/strong><\/span><\/p>\n<ul>\n<li><span style=\"color: #000000;\">\u1f45\u03c4\u03b9 \/ \u1f61\u03c2 introduce reported speech: \u201cthat\u201d<\/span><\/li>\n<li><span style=\"color: #000000;\">Verbs governing genitive objects:<\/span>\n<ul>\n<li><span style=\"color: #000000;\"><em>\u03bc\u03b9\u03bc\u03bd<\/em><em>\u1fc4\u03c3\u03ba\u03bf\u03bc\u03b1\u03b9<\/em> \u2192 to remember<\/span><\/li>\n<li><span style=\"color: #000000;\"><em>\u1f00\u03ba\u03bf\u03cd\u03c9<\/em> \u2192 to hear<\/span><\/li>\n<\/ul>\n<\/li>\n<li><span style=\"color: #000000;\">Temporal and spatial constructions:<\/span>\n<ul>\n<li><span style=\"color: #000000;\">Genitive temporis: \u1f11\u03c3\u03c0\u03ad\u03c1\u03b1\u03c2 (in the evening)<\/span><\/li>\n<li><span style=\"color: #000000;\">\u1f00\u03bd\u03c4\u03af + genitive: instead of<\/span><\/li>\n<li><span style=\"color: #000000;\">\u03bc\u03b5\u03c4\u03b1\u03be\u03cd + genitive: between<\/span><\/li>\n<li><span style=\"color: #000000;\">\u03c0\u03b1\u03c1\u03ac + accusative: along<\/span><\/li>\n<\/ul>\n<\/li>\n<\/ul>\n<p><span style=\"color: #000000;\"><strong>4\ufe0f.<\/strong><strong>\u00a0\u03b1<\/strong><strong>\u1f34\u03c4\u03b9\u03bf\u03bd \/ \u03b1<\/strong><strong>\u1f30\u03c4\u03af\u03b1 \u2013 Philosophical Context<\/strong><\/span><\/p>\n<ul>\n<li><span style=\"color: #000000;\">In Aristotle: cause, reason, responsibility<\/span><\/li>\n<li><span style=\"color: #000000;\">Heidegger\u2019s interpretation:<\/span><br \/>\n<span style=\"color: #000000;\">The emergence of beings depends on the interplay of humans, gods, and nature<\/span><br \/>\n<span style=\"color: #000000;\">\u2192 Modern technology disrupts thingness, eliminating the presence of the beautiful<\/span><\/li>\n<\/ul>\n<p><span style=\"color: #000000;\">\u27a1 Grammar gains meaning within a broader ontological framework<\/span><\/p>\n<p><span style=\"color: #000000;\"><strong>Conclusion<\/strong><\/span><\/p>\n<p><span style=\"color: #000000;\">This lesson reinforces a precise understanding of completed singular action expressed by the Aorist, enabling students to interpret narrative texts more accurately. Through the concept of <em>\u03b1<\/em><em>\u1f34\u03c4\u03b9\u03bf\u03bd \/ \u03b1<\/em><em>\u1f30\u03c4\u03af\u03b1<\/em>, grammar is integrated with philosophical inquiry, thus advancing both morphological competence and conceptual depth in the study of Classical Greek.<\/span><\/p>\n<p>&nbsp;<\/p>\n","protected":false},"excerpt":{"rendered":"<p>SAYGIN G\u00dcNEN\u00c7, KLAS\u0130K YUNANCA DERSLER\u0130 40. SEM\u0130NER \u00d6ZET\u0130 Dersin Amac\u0131 [&hellip;]<\/p>\n","protected":false},"author":1,"featured_media":0,"parent":0,"menu_order":0,"comment_status":"closed","ping_status":"closed","template":"","meta":{"footnotes":""},"class_list":["post-7389","page","type-page","status-publish","hentry"],"jetpack_sharing_enabled":true,"_links":{"self":[{"href":"https:\/\/klasikdusunceokulu.com\/index.php\/wp-json\/wp\/v2\/pages\/7389","targetHints":{"allow":["GET"]}}],"collection":[{"href":"https:\/\/klasikdusunceokulu.com\/index.php\/wp-json\/wp\/v2\/pages"}],"about":[{"href":"https:\/\/klasikdusunceokulu.com\/index.php\/wp-json\/wp\/v2\/types\/page"}],"author":[{"embeddable":true,"href":"https:\/\/klasikdusunceokulu.com\/index.php\/wp-json\/wp\/v2\/users\/1"}],"replies":[{"embeddable":true,"href":"https:\/\/klasikdusunceokulu.com\/index.php\/wp-json\/wp\/v2\/comments?post=7389"}],"version-history":[{"count":1,"href":"https:\/\/klasikdusunceokulu.com\/index.php\/wp-json\/wp\/v2\/pages\/7389\/revisions"}],"predecessor-version":[{"id":7390,"href":"https:\/\/klasikdusunceokulu.com\/index.php\/wp-json\/wp\/v2\/pages\/7389\/revisions\/7390"}],"wp:attachment":[{"href":"https:\/\/klasikdusunceokulu.com\/index.php\/wp-json\/wp\/v2\/media?parent=7389"}],"curies":[{"name":"wp","href":"https:\/\/api.w.org\/{rel}","templated":true}]}}