{"id":7730,"date":"2025-11-18T02:00:22","date_gmt":"2025-11-17T23:00:22","guid":{"rendered":"https:\/\/klasikdusunceokulu.com\/?page_id=7730"},"modified":"2025-11-18T02:00:22","modified_gmt":"2025-11-17T23:00:22","slug":"m-ertan-kardes-schmittin-uc-klasigi-machiavelli-hobbes-ve-clausewitz","status":"publish","type":"page","link":"https:\/\/klasikdusunceokulu.com\/index.php\/m-ertan-kardes-schmittin-uc-klasigi-machiavelli-hobbes-ve-clausewitz\/","title":{"rendered":"M. ERTAN KARDE\u015e, SCHM\u0130TT\u2019\u0130N \u00dc\u00c7 KLAS\u0130\u011e\u0130: MACH\u0130AVELL\u0130, HOBBES VE CLAUSEW\u0130TZ"},"content":{"rendered":"<p><a href=\"https:\/\/klasikdusunceokulu.com\/index.php\/m-ertan-kardes-schmittin-uc-klasigi-machiavelli-hobbes-ve-clausewitz-1-seminer-ozeti\/\"><span style=\"color: #3b5160;\"><strong>M. ERTAN KARDE\u015e, SCHM\u0130TT\u2019\u0130N \u00dc\u00c7 KLAS\u0130\u011e\u0130: MACH\u0130AVELL\u0130, HOBBES VE CLAUSEW\u0130TZ 1. SEM\u0130NER \u00d6ZET\u0130<\/strong><\/span><\/a><\/p>\n<p><a href=\"https:\/\/klasikdusunceokulu.com\/index.php\/m-ertan-kardes-schmittin-uc-klasigi-machiavelli-hobbes-ve-clausewitz-2-seminer-ozeti\/\"><span style=\"color: #3b5160;\"><strong>M. ERTAN KARDE\u015e, SCHM\u0130TT\u2019\u0130N \u00dc\u00c7 KLAS\u0130\u011e\u0130: MACH\u0130AVELL\u0130, HOBBES VE CLAUSEW\u0130TZ 2. SEM\u0130NER \u00d6ZET\u0130<\/strong><\/span><\/a><\/p>\n<p><a href=\"https:\/\/klasikdusunceokulu.com\/index.php\/m-ertan-kardes-schmittin-uc-klasigi-machiavelli-hobbes-ve-clausewitz-3-seminer-ozeti\/\"><span style=\"color: #3b5160;\"><strong>M. ERTAN KARDE\u015e, SCHM\u0130TT\u2019\u0130N \u00dc\u00c7 KLAS\u0130\u011e\u0130: MACH\u0130AVELL\u0130, HOBBES VE CLAUSEW\u0130TZ 3. SEM\u0130NER \u00d6ZET\u0130<\/strong><\/span><\/a><\/p>\n<p><a href=\"https:\/\/klasikdusunceokulu.com\/index.php\/m-ertan-kardes-schmittin-uc-klasigi-machiavelli-hobbes-ve-clausewitz-4-seminer-ozeti\/\"><span style=\"color: #3b5160;\"><strong>M. ERTAN KARDE\u015e, SCHM\u0130TT\u2019\u0130N \u00dc\u00c7 KLAS\u0130\u011e\u0130: MACH\u0130AVELL\u0130, HOBBES VE CLAUSEW\u0130TZ 4. SEM\u0130NER \u00d6ZET\u0130<\/strong><\/span><\/a><\/p>\n","protected":false},"excerpt":{"rendered":"<p>M. ERTAN KARDE\u015e, SCHM\u0130TT\u2019\u0130N \u00dc\u00c7 KLAS\u0130\u011e\u0130: MACH\u0130AVELL\u0130, HOBBES VE CLAUSEW\u0130TZ [&hellip;]<\/p>\n","protected":false},"author":1,"featured_media":0,"parent":0,"menu_order":0,"comment_status":"closed","ping_status":"closed","template":"","meta":{"footnotes":""},"class_list":["post-7730","page","type-page","status-publish","hentry"],"jetpack_sharing_enabled":true,"_links":{"self":[{"href":"https:\/\/klasikdusunceokulu.com\/index.php\/wp-json\/wp\/v2\/pages\/7730","targetHints":{"allow":["GET"]}}],"collection":[{"href":"https:\/\/klasikdusunceokulu.com\/index.php\/wp-json\/wp\/v2\/pages"}],"about":[{"href":"https:\/\/klasikdusunceokulu.com\/index.php\/wp-json\/wp\/v2\/types\/page"}],"author":[{"embeddable":true,"href":"https:\/\/klasikdusunceokulu.com\/index.php\/wp-json\/wp\/v2\/users\/1"}],"replies":[{"embeddable":true,"href":"https:\/\/klasikdusunceokulu.com\/index.php\/wp-json\/wp\/v2\/comments?post=7730"}],"version-history":[{"count":1,"href":"https:\/\/klasikdusunceokulu.com\/index.php\/wp-json\/wp\/v2\/pages\/7730\/revisions"}],"predecessor-version":[{"id":7741,"href":"https:\/\/klasikdusunceokulu.com\/index.php\/wp-json\/wp\/v2\/pages\/7730\/revisions\/7741"}],"wp:attachment":[{"href":"https:\/\/klasikdusunceokulu.com\/index.php\/wp-json\/wp\/v2\/media?parent=7730"}],"curies":[{"name":"wp","href":"https:\/\/api.w.org\/{rel}","templated":true}]}}