{"id":7771,"date":"2025-11-18T02:34:53","date_gmt":"2025-11-17T23:34:53","guid":{"rendered":"https:\/\/klasikdusunceokulu.com\/?page_id=7771"},"modified":"2025-11-18T02:34:53","modified_gmt":"2025-11-17T23:34:53","slug":"kurtul-gulenc-genel-felsefe-dersleri","status":"publish","type":"page","link":"https:\/\/klasikdusunceokulu.com\/index.php\/kurtul-gulenc-genel-felsefe-dersleri\/","title":{"rendered":"KURTUL G\u00dcLEN\u00c7, GENEL FELSEFE DERSLER\u0130"},"content":{"rendered":"<p><a href=\"https:\/\/klasikdusunceokulu.com\/index.php\/kurtul-gulenc-genel-felsefe-dersleri-1-seminer-ozeti\/\"><span style=\"color: #3b5160;\"><strong>KURTUL G\u00dcLEN\u00c7, GENEL FELSEFE DERSLER\u0130 1. SEM\u0130NER \u00d6ZET\u0130<\/strong><\/span><\/a><\/p>\n<p><a href=\"https:\/\/klasikdusunceokulu.com\/index.php\/kurtul-gulenc-genel-felsefe-dersleri-2-seminer-ozeti\/\"><span style=\"color: #3b5160;\"><strong>KURTUL G\u00dcLEN\u00c7, GENEL FELSEFE DERSLER\u0130 2. SEM\u0130NER \u00d6ZET\u0130<\/strong><\/span><\/a><\/p>\n<p><a href=\"https:\/\/klasikdusunceokulu.com\/index.php\/kurtul-gulenc-genel-felsefe-dersleri-3-seminer-ozeti\/\"><span style=\"color: #3b5160;\"><strong>KURTUL G\u00dcLEN\u00c7, GENEL FELSEFE DERSLER\u0130 3. SEM\u0130NER \u00d6ZET\u0130<\/strong><\/span><\/a><\/p>\n<p><a href=\"https:\/\/klasikdusunceokulu.com\/index.php\/kurtul-gulenc-genel-felsefe-dersleri-4-seminer-ozeti\/\"><span style=\"color: #3b5160;\"><strong>KURTUL G\u00dcLEN\u00c7, GENEL FELSEFE DERSLER\u0130 4. SEM\u0130NER \u00d6ZET\u0130<\/strong><\/span><\/a><\/p>\n<p><a href=\"https:\/\/klasikdusunceokulu.com\/index.php\/kurtul-gulenc-genel-felsefe-dersleri-5-seminer-ozeti\/\"><span style=\"color: #3b5160;\"><strong>KURTUL G\u00dcLEN\u00c7, GENEL FELSEFE DERSLER\u0130 5. SEM\u0130NER \u00d6ZET\u0130<\/strong><\/span><\/a><\/p>\n<p><a href=\"https:\/\/klasikdusunceokulu.com\/index.php\/kurtul-gulenc-genel-felsefe-dersleri-6-seminer-ozeti\/\"><span style=\"color: #3b5160;\"><strong>KURTUL G\u00dcLEN\u00c7, GENEL FELSEFE DERSLER\u0130 6. SEM\u0130NER \u00d6ZET\u0130<\/strong><\/span><\/a><\/p>\n","protected":false},"excerpt":{"rendered":"<p>KURTUL G\u00dcLEN\u00c7, GENEL FELSEFE DERSLER\u0130 1. SEM\u0130NER \u00d6ZET\u0130 KURTUL G\u00dcLEN\u00c7, [&hellip;]<\/p>\n","protected":false},"author":1,"featured_media":0,"parent":0,"menu_order":0,"comment_status":"closed","ping_status":"closed","template":"","meta":{"footnotes":""},"class_list":["post-7771","page","type-page","status-publish","hentry"],"jetpack_sharing_enabled":true,"_links":{"self":[{"href":"https:\/\/klasikdusunceokulu.com\/index.php\/wp-json\/wp\/v2\/pages\/7771","targetHints":{"allow":["GET"]}}],"collection":[{"href":"https:\/\/klasikdusunceokulu.com\/index.php\/wp-json\/wp\/v2\/pages"}],"about":[{"href":"https:\/\/klasikdusunceokulu.com\/index.php\/wp-json\/wp\/v2\/types\/page"}],"author":[{"embeddable":true,"href":"https:\/\/klasikdusunceokulu.com\/index.php\/wp-json\/wp\/v2\/users\/1"}],"replies":[{"embeddable":true,"href":"https:\/\/klasikdusunceokulu.com\/index.php\/wp-json\/wp\/v2\/comments?post=7771"}],"version-history":[{"count":1,"href":"https:\/\/klasikdusunceokulu.com\/index.php\/wp-json\/wp\/v2\/pages\/7771\/revisions"}],"predecessor-version":[{"id":7784,"href":"https:\/\/klasikdusunceokulu.com\/index.php\/wp-json\/wp\/v2\/pages\/7771\/revisions\/7784"}],"wp:attachment":[{"href":"https:\/\/klasikdusunceokulu.com\/index.php\/wp-json\/wp\/v2\/media?parent=7771"}],"curies":[{"name":"wp","href":"https:\/\/api.w.org\/{rel}","templated":true}]}}