{"id":8464,"date":"2025-12-01T11:18:51","date_gmt":"2025-12-01T08:18:51","guid":{"rendered":"https:\/\/klasikdusunceokulu.com\/?page_id=8464"},"modified":"2025-12-01T11:18:51","modified_gmt":"2025-12-01T08:18:51","slug":"hayrettin-nebi-gudekli-el-esari-el-ibane-2-seminer-ozeti","status":"publish","type":"page","link":"https:\/\/klasikdusunceokulu.com\/index.php\/hayrettin-nebi-gudekli-el-esari-el-ibane-2-seminer-ozeti\/","title":{"rendered":"HAYRETT\u0130N NEB\u0130 G\u00dcDEKL\u0130, EL-E\u015e\u2018AR\u00ce, EL-\u0130B\u00c2NE 2. SEM\u0130NER \u00d6ZET\u0130"},"content":{"rendered":"<p><strong>HAYRETT\u0130N NEB\u0130 G\u00dcDEKL\u0130, EL-E\u015e\u2018AR\u00ce, EL-\u0130B\u00c2NE 2. SEM\u0130NER \u00d6ZET\u0130<\/strong><\/p>\n<p><strong>Seminerin Amac\u0131<\/strong><\/p>\n<p>Bu seminer, \u0130b\u00e2ne\u2019nin ikinci b\u00f6l\u00fcm\u00fcnde E\u015f\u2018ar\u00ee\u2019nin kendi mezhebinin inan\u00e7 esaslar\u0131n\u0131 nas\u0131l kurdu\u011funu, Mutezile\u2019den ayr\u0131ld\u0131ktan sonra kendini nas\u0131l konumland\u0131rd\u0131\u011f\u0131n\u0131 ve ba\u015fl\u0131ca ihtilaf noktalar\u0131n\u0131 nas\u0131l temellendirdi\u011fini a\u00e7\u0131klamay\u0131 ama\u00e7lar. Seminer, \u00f6zellikle kitap\u2013s\u00fcnnet\u2013rivayet \u00fc\u00e7l\u00fcs\u00fcn\u00fcn bilgi kayna\u011f\u0131 olarak merkeze al\u0131n\u0131\u015f\u0131n\u0131, Hanbel\u00ee etkiyi, s\u0131fatlar tart\u0131\u015fmas\u0131n\u0131n \u00e7er\u00e7evesini, insan fiilleri\u2013irade\u2013kader sorunlar\u0131n\u0131 ve kelam metodolojisinin nas\u0131l \u015fekillendi\u011fini ayr\u0131nt\u0131land\u0131r\u0131r.<\/p>\n<p><strong>ANA TEMALAR<\/strong><\/p>\n<ol>\n<li><strong> \u0130kinci B\u00f6l\u00fcm\u00fcn Konumu ve E\u015f\u2018ar\u00ee\u2019nin Yeni Kimli\u011fi<\/strong><\/li>\n<\/ol>\n<p>Seminer, ilk b\u00f6l\u00fcmde E\u015f\u2018ar\u00ee\u2019nin Ehl-i Bid\u2018at g\u00f6r\u00fc\u015flerini reddetti\u011fini, ikinci b\u00f6l\u00fcmde ise kendisinin benimsedi\u011fi inan\u00e7 esaslar\u0131n\u0131 a\u00e7\u0131klamaya ge\u00e7ti\u011fini ifade eder. E\u015f\u2018ar\u00ee bu b\u00f6l\u00fcmde Mutezile\u2019den ayr\u0131ld\u0131ktan sonra hangi \u00e7izgide durdu\u011funu a\u00e7\u0131k\u00e7a ortaya koyar. D\u00fc\u015f\u00fcncesinin temel kayna\u011f\u0131 olarak kitap, s\u00fcnnet ve g\u00fcvenilir ravilerin rivayetlerini g\u00f6sterir. Ayr\u0131ca Ahmed b. Hanbel\u2019in g\u00f6r\u00fc\u015flerini benimsetti\u011fini a\u00e7\u0131k\u00e7a beyan ederek Hanbel\u00ee etkiye yak\u0131nl\u0131\u011f\u0131n\u0131 vurgular.<\/p>\n<ol start=\"2\">\n<li><strong> Kelam\u2013Hanbel\u00eelik Gerilimi ve Y\u00f6ntem Tart\u0131\u015fmas\u0131<\/strong><\/li>\n<\/ol>\n<p>E\u015f\u2018ar\u00ee\u2019nin Ahmed b. Hanbel\u2019e ba\u011fl\u0131l\u0131k ifadeleri, kelam ile Hanbelilik aras\u0131ndaki tarihsel gerilimi yeniden g\u00f6r\u00fcn\u00fcr k\u0131lar. Hanbel\u00eeler hem i\u00e7eri\u011fe hem y\u00f6nteme y\u00f6nelik kelam ele\u015ftirileriyle bilinir; buna ra\u011fmen tart\u0131\u015fma tekni\u011fi olarak cedeli kullanmalar\u0131 onlar\u0131 t\u00fcm\u00fcyle ak\u0131l y\u00fcr\u00fctmeye kar\u015f\u0131 olmayan bir konuma yerle\u015ftirir. Bu \u00e7er\u00e7evede E\u015f\u2018ar\u00ee\u2019nin, Mutezile ge\u00e7mi\u015finden gelen teorik birikimi ile Hanbel\u00ee \u00e7evredeki nakilci tavr\u0131 birle\u015ftirmesi dikkat \u00e7ekici bir ge\u00e7i\u015f d\u00f6nemine i\u015faret eder. Seminerde bu iki epistemik d\u00fcnyan\u0131n nas\u0131l yan yana durdu\u011fu analiz edilir.<\/p>\n<ol start=\"3\">\n<li><strong> \u0130nan\u00e7 Esaslar\u0131n\u0131n Kayna\u011f\u0131: Kitap, S\u00fcnnet ve Rivayetler<\/strong><\/li>\n<\/ol>\n<p>E\u015f\u2018ar\u00ee\u2019nin inan\u00e7 ilkelerinin temeli kitap\u2013s\u00fcnnet\u2013sahih rivayet \u00fc\u00e7l\u00fcs\u00fcd\u00fcr. Onun i\u00e7in bu \u00fc\u00e7 kaynak hem r\u00fc\u2019yetullah hem Kur\u2019an\u2019\u0131n mahluk olmamas\u0131 hem de sem\u2018iyy\u00e2t konular\u0131 i\u00e7in belirleyici otoritedir. Bu yakla\u015f\u0131m, Mutezile\u2019nin akl\u0131 merkeze alan y\u00f6nteminden a\u00e7\u0131k bir kopu\u015fu temsil eder. Rivayetlerin Kur\u2019an gibi ba\u011flay\u0131c\u0131 g\u00f6r\u00fcld\u00fc\u011f\u00fc bu metodoloji, E\u015f\u2018ar\u00ee\u2019nin inan\u00e7 ilkelerini s\u0131ralarken izledi\u011fi referans d\u00fczenini belirler.<\/p>\n<ol start=\"4\">\n<li><strong> Ul\u00fbhiyet, N\u00fcb\u00fcvvet ve \u00c2hiret Tasavvurunun \u00c7er\u00e7evesi<\/strong><\/li>\n<\/ol>\n<p>Seminer, E\u015f\u2018ar\u00ee\u2019nin iman ilkelerini s\u0131ralarken ul\u00fbhiyet, n\u00fcb\u00fcvvet ve ahiret dizilimini takip etti\u011fini g\u00f6sterir. Allah\u2019\u0131n birli\u011fi, peygamberlik kurumunun hakikati ve k\u0131yamet\u2013cennet\u2013cehennem inanc\u0131n\u0131n do\u011frulu\u011fu temel ilkeler olarak sunulur. Bu yap\u0131 klasik kelam kitaplar\u0131n\u0131n tasnifiyle uyumludur ve E\u015f\u2018ar\u00ee\u2019nin sunumundaki sistematikli\u011fi ortaya \u00e7\u0131kar\u0131r.<\/p>\n<ol start=\"5\">\n<li><strong> Haber\u00ee S\u0131fatlar Tart\u0131\u015fmas\u0131 ve Selef\u00ee Yakla\u015f\u0131m<\/strong><\/li>\n<\/ol>\n<p>\u0130stiva, y\u00fcz, el ve g\u00f6z gibi haber\u00ee s\u0131fatlar metnin merkezinde yer al\u0131r. E\u015f\u2018ar\u00ee bu s\u0131fatlar\u0131 <strong>bil\u00e2 keyf<\/strong> kabul eder; yani naslarda ge\u00e7ti\u011fi \u015fekliyle tasdik eder fakat keyfiyetini belirlemez. Bu tav\u0131r Selef\u2019in yoluyla uyumludur. Kelamc\u0131lar\u0131n bu s\u0131fatlar\u0131 te\u2019vil etme gerek\u00e7eleri, te\u015fbih\u2013tenzih ilkesindeki denge ve Tanr\u0131 tasavvuruna ili\u015fkin y\u00f6ntem farkl\u0131l\u0131klar\u0131 seminerde detayl\u0131 \u015fekilde a\u00e7\u0131klan\u0131r. Selef\u2013Halef ayr\u0131m\u0131 bu \u00e7er\u00e7evede belirginle\u015fir.<\/p>\n<ol start=\"6\">\n<li><strong> S\u0131fatlar\u0131n Zatla \u0130li\u015fkisi ve Teknik Tart\u0131\u015fmalar<\/strong><\/li>\n<\/ol>\n<p>\u0130lim, kudret, sem\u2018 ve basar gibi s\u00fcb\u00fbt\u00ee s\u0131fatlar etraf\u0131nda mutezile ile S\u00fcnn\u00ee kelam aras\u0131ndaki k\u00f6kl\u00fc tart\u0131\u015fmalar ele al\u0131n\u0131r. Mesele Allah\u2019\u0131n bilir veya g\u00f6r\u00fcr olup olmad\u0131\u011f\u0131 de\u011fil; bu nitelemelerin zatla ili\u015fkilerinin nas\u0131l a\u00e7\u0131klanaca\u011f\u0131d\u0131r. Zat-s\u0131fat ayr\u0131m\u0131, ezeliyet\u2013hadislik problemi, s\u0131fatlar\u0131n ontolojik stat\u00fcs\u00fc ve te\u015fbihten ka\u00e7\u0131nma zorunlulu\u011fu seminerde sistematik bi\u00e7imde a\u00e7\u0131l\u0131r.<\/p>\n<ol start=\"7\">\n<li><strong> Kelamullah ve Halku\u2019l-Kur\u2019\u00e2n Meselesi<\/strong><\/li>\n<\/ol>\n<p>Kur\u2019an\u2019\u0131n mahluk olmad\u0131\u011f\u0131 ilkesi E\u015f\u2018ar\u00ee\u2019nin temel iddialar\u0131ndan biridir. Bu ba\u015fl\u0131k mihne d\u00f6nemi tart\u0131\u015fmalar\u0131n\u0131n merkezindedir. Seminerde kelam\u2013laf\u0131z ayr\u0131m\u0131, K\u00fcll\u00e2b\u00ee \u00e7izginin daha sonra geli\u015ftirece\u011fi lafz\u00ee\u2013nefs\u00ee kelam teorisi ve Mutezile\u2019nin kelam\u0131n ezeliyetine itiraz\u0131 ba\u011flamland\u0131r\u0131l\u0131r. E\u015f\u2018ar\u00ee burada tamamen Hanbel\u00ee duru\u015fa yak\u0131n bir \u00e7izgide konumlan\u0131r.<\/p>\n<ol start=\"8\">\n<li><strong> \u0130nsan Fiilleri, \u0130rade ve Kader<\/strong><\/li>\n<\/ol>\n<p>Seminer insan fiilleri tart\u0131\u015fmas\u0131n\u0131 kelam\u0131n en temel problem alanlar\u0131ndan biri olarak ele al\u0131r. Teklifin anlam\u0131, insan\u0131n sorumlulu\u011fu, kudretin fiille ili\u015fkisi, \u201cyaratan yaln\u0131zca Allah\u2019t\u0131r\u201d ilkesi ve bunun etik sonu\u00e7lar\u0131 a\u00e7\u0131klan\u0131r. S\u00fcnn\u00ee \u00e7izgide t\u00fcm fiillerin Allah\u2019\u0131n yaratmas\u0131 ve dilemesiyle ger\u00e7ekle\u015fti\u011fi, insan\u0131n fiilin kazan\u0131m\u0131na (kesb) sahip oldu\u011fu ifade edilir. Mutezile\u2019nin insan\u0131 fiilin yarat\u0131c\u0131s\u0131 saymas\u0131yla E\u015f\u2018ar\u00ee\u2019nin yakla\u015f\u0131m\u0131 aras\u0131ndaki perspektif fark\u0131 seminerde a\u00e7\u0131k\u00e7a g\u00f6sterilir.<\/p>\n<ol start=\"9\">\n<li><strong> Hidayet\u2013Dalalet, Kaza\u2013Kader ve \u0130l\u00e2h\u00ee Takdir<\/strong><\/li>\n<\/ol>\n<p>Metin, Allah\u2019\u0131n diledi\u011fine hidayet verdi\u011fini, diledi\u011fini dalalette b\u0131rakt\u0131\u011f\u0131n\u0131 vurgular. Bunun adalet\u2013hikmet ba\u011flam\u0131ndaki a\u00e7\u0131klamas\u0131, hidayetin l\u00fctuf olarak sunulmas\u0131, m\u00fch\u00fcrlenme ve kalplerin kat\u0131la\u015fmas\u0131 gibi Kur\u2019\u00e2n\u00ee kavramlar\u0131n sistem i\u00e7indeki yeri de\u011ferlendirilir. Hayr\u0131n da \u015ferrin de Allah\u2019\u0131n takdiri ile ger\u00e7ekle\u015fti\u011fi fikri E\u015f\u2018ar\u00ee\u2019nin kader anlay\u0131\u015f\u0131n\u0131n \u00f6z\u00fcn\u00fc olu\u015fturur.<\/p>\n<ol start=\"10\">\n<li><strong> R\u00fc\u2019yetullah Meselesine Ge\u00e7i\u015f<\/strong><\/li>\n<\/ol>\n<p>Seminerin sonunda \u00fc\u00e7\u00fcnc\u00fc b\u00f6l\u00fcme ge\u00e7i\u015f yap\u0131l\u0131r. E\u015f\u2018ar\u00ee\u2019nin r\u00fc\u2019yetullah inanc\u0131 a\u00e7\u0131k\u00e7a ortaya konur: Allah ahirette m\u00fcminler taraf\u0131ndan g\u00f6r\u00fclecektir, ancak keyfiyeti bilinemez. Musa\u2019n\u0131n talebi, ayetlerin delaleti ve Selef\u00ee gelene\u011fin yakla\u015f\u0131m\u0131 bu inanc\u0131n dayanaklar\u0131 olarak sunulur. Mutezile\u2019nin tevhid ilkesi nedeniyle r\u00fc\u2019yeti reddedi\u015fi ve g\u00f6rmenin ko\u015fullar\u0131na dair arg\u00fcmanlar\u0131 tart\u0131\u015fman\u0131n arka plan\u0131n\u0131 olu\u015fturur.<\/p>\n<p><strong>Sonu\u00e7<\/strong><\/p>\n<p>Seminer, \u0130b\u00e2ne\u2019nin ikinci b\u00f6l\u00fcm\u00fcnde E\u015f\u2018ar\u00ee\u2019nin Mutezile kar\u015f\u0131s\u0131nda kendi kelam\u00ee duru\u015funu nas\u0131l kurdu\u011funu ayr\u0131nt\u0131l\u0131 bi\u00e7imde ortaya koyar. Bilgi kayna\u011f\u0131 olarak naklin merkeze al\u0131nmas\u0131, haber\u00ee s\u0131fatlar\u0131n bil\u00e2 keyf kabul\u00fc, Kur\u2019an\u2019\u0131n mahluk olmad\u0131\u011f\u0131n\u0131n savunulmas\u0131, insan fiilleri\u2013irade\u2013kader ili\u015fkisinin S\u00fcnn\u00ee \u00e7izgide temellendirilmesi ve r\u00fc\u2019yetullah inanc\u0131n\u0131n \u00f6nemi seminerin ana eksenini olu\u015fturur. Bu b\u00f6l\u00fcm, E\u015f\u2018ar\u00ee kelam\u0131n\u0131n erken d\u00f6nem karakterini b\u00fct\u00fcn a\u00e7\u0131kl\u0131\u011f\u0131yla temsil eder.<\/p>\n<p>&nbsp;<\/p>\n<p><strong>Purpose of the Seminar<\/strong><\/p>\n<p>This seminar aims to explain how, in the second section of al-Ib\u0101na, al-Ash\u02bfar\u012b establishes the doctrinal principles of his own school, how he positions himself after leaving the Mu\u02bftazila, and how he grounds the main points of disagreement. It clarifies the central role given to the triad of scripture\u2013sunna\u2013reports, the influence of Hanbalism, the structure of the attributes debate, the questions of human acts\u2013will\u2013predestination, and the methodological shape of early Ash\u02bfarite theology.<\/p>\n<p><strong>Main Themes<\/strong><\/p>\n<ol>\n<li><strong> The Position of the Second Section and Ash<\/strong><strong>\u02bfar<\/strong><strong>\u012b\u2019s New Identity<\/strong><\/li>\n<\/ol>\n<p>The seminar explains that after refuting the doctrines of the innovators in the first section, al-Ash\u02bfar\u012b now presents the beliefs he adopts. In doing so he clearly reveals how he positions himself after leaving the Mu\u02bftazila. The foundation of his doctrine is scripture, sunna, and reliable reports. His explicit affirmation of Ahmad b. Hanbal\u2019s authority shows his closeness to the Hanbal\u012b approach.<\/p>\n<ol start=\"2\">\n<li><strong> The Tension Between Kal\u0101m and Hanbalism<\/strong><\/li>\n<\/ol>\n<p>Ash\u02bfar\u012b\u2019s appeal to Ibn Hanbal highlights the well-known tension between the rational method of kal\u0101m and Hanbal\u012b traditionalism. The seminar analyses how Ash\u02bfar\u012b, with a Mu\u02bftazil\u012b background yet moving into a tradition-centered environment, temporarily combines two epistemic worlds and forms a transitional theological posture.<\/p>\n<ol start=\"3\">\n<li><strong> Sources of Doctrine: Scripture, Sunna, Reports<\/strong><\/li>\n<\/ol>\n<p>All doctrinal principles\u2014divine vision, the uncreatedness of the Qur\u02be\u0101n, the afterlife, etc.\u2014are grounded in the authority of scripture, the prophetic tradition, and transmitted reports. This marks a clear methodological break from Mu\u02bftazil\u012b rationalism and shows the narrative-centered direction of early Ash\u02bfarism.<\/p>\n<ol start=\"4\">\n<li><strong> The Structure of Theology: Divinity, Prophethood, Afterlife<\/strong><\/li>\n<\/ol>\n<p>The seminar notes that al-Ash\u02bfar\u012b follows the classical ordering of belief principles: first divinity, then prophethood, then the afterlife. This ordering reflects the systematic nature of his presentation.<\/p>\n<ol start=\"5\">\n<li><strong> Scriptural Attributes and the Salaf\u012b Approach<\/strong><\/li>\n<\/ol>\n<p>Attributes such as God\u2019s istiw\u0101\u02be, face, hands, and eyes are accepted <em>bil\u0101 kayf<\/em>, that is, without specifying modality. This corresponds to the Salaf\u2019s method. The seminar details the rational motivations behind the theologians\u2019 tendency to interpret these attributes, and the implications for the doctrine of transcendence.<\/p>\n<ol start=\"6\">\n<li><strong> The Relation of Attributes to the Divine Essence<\/strong><\/li>\n<\/ol>\n<p>The technical debates concerning knowledge, power, hearing, and sight\u2014whether they are identical with or other than the divine essence\u2014are analyzed. The core issue is not whether God knows or sees, but <em>how<\/em> such predications can be applied without compromising divine transcendence or eternal unity.<\/p>\n<ol start=\"7\">\n<li><strong> The Speech of God and the Createdness of the Qur<\/strong><strong>\u02be<\/strong><strong>\u0101n<\/strong><\/li>\n<\/ol>\n<p>The seminar situates al-Ash\u02bfar\u012b\u2019s insistence that the Qur\u02be\u0101n is uncreated within the broader context of the Mihna and early Sunni reactions. The later distinction between articulated speech and inner speech is referenced to clarify the development of this doctrine.<\/p>\n<ol start=\"8\">\n<li><strong> Human Acts, Will, and Predestination<\/strong><\/li>\n<\/ol>\n<p>The seminar explores human responsibility, the meaning of obligation, the relation of power to acts, and the principle that God alone creates all acts. The distinction between creation and acquisition is noted, as well as Mu\u02bftazil\u012b objections and Ash\u02bfar\u012b replies.<\/p>\n<ol start=\"9\">\n<li><strong> Guidance, Misguidance, and Divine Decree<\/strong><\/li>\n<\/ol>\n<p>God guides whom He wills and leaves astray whom He wills. The seminar explains how this is reconciled with divine wisdom, the concept of sealing of hearts, and the belief that all good and evil occur by God\u2019s decree.<\/p>\n<ol start=\"10\">\n<li><strong> Transition to the Topic of Divine Vision<\/strong><\/li>\n<\/ol>\n<p>At the end of the section, the seminar introduces the doctrine that believers will see God in the hereafter, without specifying modality. The Mu\u02bftazil\u012b denial of vision and their arguments from the conditions of sensory perception are presented as the backdrop of the debate.<\/p>\n<p><strong>Conclusion<\/strong><\/p>\n<p>The seminar demonstrates that in the second section of al-Ib\u0101na, al-Ash\u02bfar\u012b constructs a fully defined doctrinal stance over and against the Mu\u02bftazila. The centrality of transmitted evidence, the acceptance of scriptural attributes without modality, the affirmation of the uncreated Qur\u02be\u0101n, the Sunni interpretation of human acts and predestination, and the insistence on divine vision form the core of this early Ash\u02bfarite theology.<\/p>\n<p>&nbsp;<\/p>\n","protected":false},"excerpt":{"rendered":"<p>HAYRETT\u0130N NEB\u0130 G\u00dcDEKL\u0130, EL-E\u015e\u2018AR\u00ce, EL-\u0130B\u00c2NE 2. SEM\u0130NER \u00d6ZET\u0130 Seminerin Amac\u0131 [&hellip;]<\/p>\n","protected":false},"author":1,"featured_media":0,"parent":0,"menu_order":0,"comment_status":"closed","ping_status":"closed","template":"","meta":{"footnotes":""},"class_list":["post-8464","page","type-page","status-publish","hentry"],"jetpack_sharing_enabled":true,"_links":{"self":[{"href":"https:\/\/klasikdusunceokulu.com\/index.php\/wp-json\/wp\/v2\/pages\/8464","targetHints":{"allow":["GET"]}}],"collection":[{"href":"https:\/\/klasikdusunceokulu.com\/index.php\/wp-json\/wp\/v2\/pages"}],"about":[{"href":"https:\/\/klasikdusunceokulu.com\/index.php\/wp-json\/wp\/v2\/types\/page"}],"author":[{"embeddable":true,"href":"https:\/\/klasikdusunceokulu.com\/index.php\/wp-json\/wp\/v2\/users\/1"}],"replies":[{"embeddable":true,"href":"https:\/\/klasikdusunceokulu.com\/index.php\/wp-json\/wp\/v2\/comments?post=8464"}],"version-history":[{"count":1,"href":"https:\/\/klasikdusunceokulu.com\/index.php\/wp-json\/wp\/v2\/pages\/8464\/revisions"}],"predecessor-version":[{"id":8465,"href":"https:\/\/klasikdusunceokulu.com\/index.php\/wp-json\/wp\/v2\/pages\/8464\/revisions\/8465"}],"wp:attachment":[{"href":"https:\/\/klasikdusunceokulu.com\/index.php\/wp-json\/wp\/v2\/media?parent=8464"}],"curies":[{"name":"wp","href":"https:\/\/api.w.org\/{rel}","templated":true}]}}