{"id":8469,"date":"2025-12-01T11:23:51","date_gmt":"2025-12-01T08:23:51","guid":{"rendered":"https:\/\/klasikdusunceokulu.com\/?page_id=8469"},"modified":"2025-12-01T11:23:51","modified_gmt":"2025-12-01T08:23:51","slug":"orhan-sener-kologlu-kadi-abdulcebbar-serhul-usulil-hamse","status":"publish","type":"page","link":"https:\/\/klasikdusunceokulu.com\/index.php\/orhan-sener-kologlu-kadi-abdulcebbar-serhul-usulil-hamse\/","title":{"rendered":"ORHAN \u015eENER KOLO\u011eLU, K\u00c2D\u00ce ABD\u00dcLCEBB\u00c2R, \u015eERHU&#8217;L-US\u00dbL\u0130&#8217;L-HAMSE"},"content":{"rendered":"<p><a href=\"https:\/\/klasikdusunceokulu.com\/index.php\/orhan-sener-kologlu-kadi-abdulcebbar-serhul-usulil-hamse-1-seminer-ozeti\/\"><span style=\"color: #3b5160;\"><strong>ORHAN \u015eENER KOLO\u011eLU, K\u00c2D\u00ce ABD\u00dcLCEBB\u00c2R, \u015eERHU&#8217;L-US\u00dbL\u0130&#8217;L-HAMSE 1. SEM\u0130NER \u00d6ZET\u0130<\/strong><\/span><\/a><\/p>\n<p><a href=\"https:\/\/klasikdusunceokulu.com\/index.php\/orhan-sener-kologlu-kadi-abdulcebbar-serhul-usulil-hamse-2-seminer-ozeti\/\"><span style=\"color: #3b5160;\"><strong>ORHAN \u015eENER KOLO\u011eLU, K\u00c2D\u00ce ABD\u00dcLCEBB\u00c2R, \u015eERHU&#8217;L-US\u00dbL\u0130&#8217;L-HAMSE 2. SEM\u0130NER \u00d6ZET\u0130<\/strong><\/span><\/a><\/p>\n<p><a href=\"https:\/\/klasikdusunceokulu.com\/index.php\/orhan-sener-kologlu-kadi-abdulcebbar-serhul-usulil-hamse-3-seminer-ozeti\/\"><span style=\"color: #3b5160;\"><strong>ORHAN \u015eENER KOLO\u011eLU, K\u00c2D\u00ce ABD\u00dcLCEBB\u00c2R, \u015eERHU&#8217;L-US\u00dbL\u0130&#8217;L-HAMSE 3. SEM\u0130NER \u00d6ZET\u0130<\/strong><\/span><\/a><\/p>\n<p><a href=\"https:\/\/klasikdusunceokulu.com\/index.php\/orhan-sener-kologlu-kadi-abdulcebbar-serhul-usulil-hamse-4-seminer-ozeti\/\"><span style=\"color: #3b5160;\"><strong>ORHAN \u015eENER KOLO\u011eLU, K\u00c2D\u00ce ABD\u00dcLCEBB\u00c2R, \u015eERHU&#8217;L-US\u00dbL\u0130&#8217;L-HAMSE 4. SEM\u0130NER \u00d6ZET\u0130<\/strong><\/span><\/a><\/p>\n","protected":false},"excerpt":{"rendered":"<p>ORHAN \u015eENER KOLO\u011eLU, K\u00c2D\u00ce ABD\u00dcLCEBB\u00c2R, \u015eERHU&#8217;L-US\u00dbL\u0130&#8217;L-HAMSE 1. SEM\u0130NER \u00d6ZET\u0130 ORHAN [&hellip;]<\/p>\n","protected":false},"author":1,"featured_media":0,"parent":0,"menu_order":0,"comment_status":"closed","ping_status":"closed","template":"","meta":{"footnotes":""},"class_list":["post-8469","page","type-page","status-publish","hentry"],"jetpack_sharing_enabled":true,"_links":{"self":[{"href":"https:\/\/klasikdusunceokulu.com\/index.php\/wp-json\/wp\/v2\/pages\/8469","targetHints":{"allow":["GET"]}}],"collection":[{"href":"https:\/\/klasikdusunceokulu.com\/index.php\/wp-json\/wp\/v2\/pages"}],"about":[{"href":"https:\/\/klasikdusunceokulu.com\/index.php\/wp-json\/wp\/v2\/types\/page"}],"author":[{"embeddable":true,"href":"https:\/\/klasikdusunceokulu.com\/index.php\/wp-json\/wp\/v2\/users\/1"}],"replies":[{"embeddable":true,"href":"https:\/\/klasikdusunceokulu.com\/index.php\/wp-json\/wp\/v2\/comments?post=8469"}],"version-history":[{"count":1,"href":"https:\/\/klasikdusunceokulu.com\/index.php\/wp-json\/wp\/v2\/pages\/8469\/revisions"}],"predecessor-version":[{"id":8478,"href":"https:\/\/klasikdusunceokulu.com\/index.php\/wp-json\/wp\/v2\/pages\/8469\/revisions\/8478"}],"wp:attachment":[{"href":"https:\/\/klasikdusunceokulu.com\/index.php\/wp-json\/wp\/v2\/media?parent=8469"}],"curies":[{"name":"wp","href":"https:\/\/api.w.org\/{rel}","templated":true}]}}