{"id":8472,"date":"2025-12-01T11:22:49","date_gmt":"2025-12-01T08:22:49","guid":{"rendered":"https:\/\/klasikdusunceokulu.com\/?page_id=8472"},"modified":"2025-12-01T11:22:49","modified_gmt":"2025-12-01T08:22:49","slug":"orhan-sener-kologlu-kadi-abdulcebbar-serhul-usulil-hamse-2-seminer-ozeti","status":"publish","type":"page","link":"https:\/\/klasikdusunceokulu.com\/index.php\/orhan-sener-kologlu-kadi-abdulcebbar-serhul-usulil-hamse-2-seminer-ozeti\/","title":{"rendered":"ORHAN \u015eENER KOLO\u011eLU, K\u00c2D\u00ce ABD\u00dcLCEBB\u00c2R, \u015eERHU&#8217;L-US\u00dbL\u0130&#8217;L-HAMSE 2. SEM\u0130NER \u00d6ZET\u0130"},"content":{"rendered":"<p><strong>ORHAN \u015eENER KOLO\u011eLU, K\u00c2D\u00ce ABD\u00dcLCEBB\u00c2R, \u015eERHU&#8217;L-US\u00dbL\u0130&#8217;L-HAMSE 2. SEM\u0130NER \u00d6ZET\u0130<\/strong><\/p>\n<p><strong>Seminerin Amac\u0131<\/strong><\/p>\n<p>Bu dersin amac\u0131, Us\u00fbl\u00fc\u2019l-Hamse\u2019nin ikinci k\u0131sm\u0131nda yer alan nazar\u0131n v\u00fcc\u00fbbu, hud\u00fbs delili ve h\u00fcsn\u2013kubuh meselesinin Mutezile taraf\u0131ndan nas\u0131l temellendirildi\u011fini a\u00e7\u0131klamakt\u0131r. Ders, Mutezile\u2019nin dini d\u00fc\u015f\u00fcnmeyi ak\u0131l zeminine yerle\u015ftiren yakla\u015f\u0131m\u0131n\u0131 \u00f6rneklendirerek, insan\u0131n Allah\u2019\u0131n varl\u0131\u011f\u0131n\u0131 bilgi konusu h\u00e2line getirmesinde akl\u0131n zorunlu rol\u00fcn\u00fc, nazar\u0131n mahiyetini ve delil\u2013medl\u00fbl ili\u015fkisinin nas\u0131l i\u015fledi\u011fini ortaya koymay\u0131 hedefler.<\/p>\n<p><strong>ANA TEMALAR<\/strong><\/p>\n<ol>\n<li><strong> Nazar\u0131n V\u00fcc\u00fbbu ve Ak\u0131l Y\u00fcr\u00fctmenin Zorunlulu\u011fu<\/strong><\/li>\n<\/ol>\n<p>Ders, Mutezile\u2019nin din anlay\u0131\u015f\u0131nda nazar\u0131n temel bir ilkesi oldu\u011funu vurgulayarak ba\u015flar. Buna g\u00f6re ak\u0131l y\u00fcr\u00fctmek, yani nazar etmek kula vaciptir; \u00e7\u00fcnk\u00fc Allah\u2019\u0131n varl\u0131\u011f\u0131na ve birli\u011fine ula\u015fman\u0131n yolu nakilden \u00f6nce akl\u00ee ara\u015ft\u0131rmad\u0131r. \u0130nsan yarat\u0131ld\u0131\u011f\u0131 andan itibaren Allah\u2019\u0131 bilmekle m\u00fckelleftir; bu bilgi peygamber gelmeden \u00f6nce de akl\u0131n kendi imk\u00e2nlar\u0131yla elde edilebilir. Mutezile\u2019ye g\u00f6re nazar do\u011fru i\u015fletildi\u011finde zorunlu olarak bilgiyi do\u011furur. Bu nedenle delile y\u00f6nelmek yaln\u0131zca \u00f6nerilen bir yol de\u011fil, ahl\u00e2k\u00ee bir zorunluluktur.<\/p>\n<ol start=\"2\">\n<li><strong> Hud\u00fbs Delili ve \u00c2lemin Yarat\u0131lm\u0131\u015fl\u0131\u011f\u0131n\u0131n Temellendirilmesi<\/strong><\/li>\n<\/ol>\n<p>Hud\u00fbs deliline dair a\u00e7\u0131klamada, arazlar\u0131n s\u00fcrekli de\u011fi\u015fmesi sebebiyle onlar\u0131n had\u00ees oldu\u011fu; arazlar had\u00ees oldu\u011funda, onlar\u0131 ta\u015f\u0131yan cismin de had\u00ees olmas\u0131 gerekti\u011fi ifade edilir. Bir b\u00fct\u00fcn\u00fcn par\u00e7alar\u0131 yarat\u0131lm\u0131\u015fsa, b\u00fct\u00fcn\u00fcn kendisi de yarat\u0131lm\u0131\u015ft\u0131r. Ders, yaprak \u00f6rne\u011fini kullanarak de\u011fi\u015fimin yarat\u0131lm\u0131\u015fl\u0131\u011f\u0131 ispatlad\u0131\u011f\u0131n\u0131, \u00e2lemin tamam\u0131n\u0131n bu ilke uyar\u0131nca yarat\u0131lm\u0131\u015f kabul edilmesi gerekti\u011fini belirtir. B\u00f6ylece Allah\u2019\u0131n varl\u0131\u011f\u0131na ula\u015fmak i\u00e7in kullan\u0131lan akl\u00ee yol hud\u00fbs delili \u00e7er\u00e7evesinde kurulmu\u015f olur.<\/p>\n<ol start=\"3\">\n<li><strong> H\u00fcsn\u2013Kubuh Meselesi ve Akl\u0131n Ahl\u00e2k\u00ee Yetkisi<\/strong><\/li>\n<\/ol>\n<p>Ders, h\u00fcsn\u2013kubuh konusunun Mutezile\u2019de ba\u011f\u0131ms\u0131z bir mesele gibi g\u00f6r\u00fcnse de asl\u0131nda sistemin b\u00fct\u00fcn\u00fcne da\u011f\u0131lm\u0131\u015f bir ilke oldu\u011funu vurgular. Fiillerin iyi veya k\u00f6t\u00fc olu\u015fu akl\u0131n idrak edebilece\u011fi bir niteliktir; bu nedenle insan vahiy gelmeden \u00f6nce de iyiyi k\u00f6t\u00fcden ay\u0131rabilir. Bu ayr\u0131m\u0131n zorunlu sonucu olarak, kula vacip olan ilk \u015fey nazard\u0131r; \u00e7\u00fcnk\u00fc vacip kavram\u0131 etik bir i\u00e7erik ta\u015f\u0131r ve ak\u0131l, iyi olan\u0131 bilmeye y\u00f6nelten zorunlu bir otoritedir. Bu noktada Mutezile n\u00fcb\u00fcvveti Allah\u2013insan ili\u015fkisinin ba\u015flang\u0131c\u0131 de\u011fil, d\u00fczenleyici ve peki\u015ftirici bir a\u015famas\u0131 olarak g\u00f6r\u00fcr.<\/p>\n<ol start=\"4\">\n<li><strong> Mutezile Din Anlay\u0131\u015f\u0131n\u0131n Sistemati\u011fi<\/strong><\/li>\n<\/ol>\n<p>Ders, Mutezile\u2019nin Allah\u2013\u00e2lem ili\u015fkisini ak\u0131l \u00fczerinden kurdu\u011funu, dinin akl\u00ee temellere dayand\u0131r\u0131ld\u0131\u011f\u0131n\u0131 ve peygamberlik kurumunun bu akl\u00ee bilginin \u00fczerine geldi\u011fini a\u00e7\u0131klar. \u0130nsan Allah\u2019a kar\u015f\u0131 sorumlulu\u011fa peygamber gelmeden \u00f6nce de sahiptir; bu sorumlulu\u011fun kayna\u011f\u0131 akl\u0131n h\u00fcsn\u2013kubuh h\u00fck\u00fcmlerini kavrayabilmesidir. B\u00f6ylece Mutezile sistemi, \u00f6nce tevhid ve adalet ilkelerini ak\u0131l zemininde kurar; di\u011fer t\u00fcm ilkeler bu temel \u00fczerine bina edilir.<\/p>\n<p><strong>Sonu\u00e7<\/strong><\/p>\n<p>Bu ders, Mutezile\u2019nin akl\u0131 merkeze alan sisteminin \u00fc\u00e7 temel konusunu a\u00e7\u0131kl\u0131\u011fa kavu\u015fturur: nazar\u0131n zorunlulu\u011fu, hud\u00fbs delilinin yap\u0131s\u0131 ve h\u00fcsn\u2013kubuh ilkesinin dini bilginin kayna\u011f\u0131 olu\u015fu. \u0130nsan akl\u0131n\u0131n iyiyi k\u00f6t\u00fcden ay\u0131rabilme yetisi, Allah\u2019\u0131n varl\u0131\u011f\u0131na ula\u015fmak i\u00e7in nazar\u0131n gereklili\u011fi ve \u00e2lemin yarat\u0131lm\u0131\u015fl\u0131\u011f\u0131n\u0131 g\u00f6steren hud\u00fbs delili Mutezile d\u00fc\u015f\u00fcncesinin omurgas\u0131n\u0131 olu\u015fturur. Bu yap\u0131, vahyin ak\u0131l temeli \u00fczerine oturtuldu\u011fu rasyonel bir din anlay\u0131\u015f\u0131n\u0131n temel karakterini ortaya koyar.<\/p>\n<p>&nbsp;<\/p>\n<p><strong>Purpose of the Seminar<\/strong><\/p>\n<p>The aim of this lesson is to explain how the Mu\u02bftazila grounds the obligation of rational inquiry, the proof of creation (hud\u016bth), and the doctrine of moral value (\u1e25usn\u2013qub\u1e25) in the second part of <em>Shar<\/em><em>\u1e25 al-U\u1e63\u016bl al-Khamsa<\/em>. The lesson seeks to show the Mu\u02bftazilite commitment to building religious understanding upon reason, clarifying the necessity of rational inquiry, the function of the proof\u2013conclusion relation, and the intellectual path through which a person comes to know God.<\/p>\n<p><strong>Main Themes<\/strong><\/p>\n<ol>\n<li><strong> The Obligation of Rational Inquiry<\/strong><\/li>\n<\/ol>\n<p>The lesson begins by emphasizing that rational inquiry is a fundamental principle of Mu\u02bftazilite theology. Rational investigation is obligatory because the path to knowing God precedes revelation and is grounded in reason itself. A human being is responsible for knowing God from the moment he is capable of reasoning; this obligation exists even before prophecy. For the Mu\u02bftazila, correct inquiry necessarily produces knowledge, making inquiry not optional but morally required.<\/p>\n<ol start=\"2\">\n<li><strong> The Proof of Creation and the Createdness of the World<\/strong><\/li>\n<\/ol>\n<p>The discussion of the hud\u016bth proof explains that accidents are constantly changing and therefore originated; and because accidents are originated, the substance that bears them must also be originated. If the parts of a whole are created, then the whole itself must be created. The example of a leaf is used to show that continuous change indicates createdness. Thus the entire cosmos is judged to be created, establishing the rational path to affirming the existence of God.<\/p>\n<ol start=\"3\">\n<li><strong> The Doctrine of Moral Value and the Authority of Reason<\/strong><\/li>\n<\/ol>\n<p>The lesson notes that although the doctrine of \u1e25usn\u2013qub\u1e25 appears as a separate topic, it permeates the entire Mu\u02bftazilite system. Moral goodness and badness are intelligible by reason; therefore a person can distinguish right from wrong even without revelation. Since the notion of obligation is itself moral, the first obligation on a human being is rational inquiry. Prophethood is not the beginning of the God\u2013human relationship but a later stage that organizes and completes what reason already establishes.<\/p>\n<ol start=\"4\">\n<li><strong> The Systematic Structure of Mu<\/strong><strong>\u02bftazilite Religious Thought<\/strong><\/li>\n<\/ol>\n<p>The lesson explains that the Mu\u02bftazila grounds the God\u2013world relation in reason and builds its theological system accordingly. Human responsibility exists prior to revelation because reason can independently grasp moral value. The principles of divine unity and justice are thus established rationally, forming the foundation upon which all other principles rest.<\/p>\n<p><strong>Conclusion<\/strong><\/p>\n<p>This lesson clarifies three foundational components of Mu\u02bftazilite rational theology: the necessity of inquiry, the structure of the hud\u016bth proof, and the moral authority of reason. The human capacity to discern right from wrong, the requirement to perform rational inquiry in order to know God, and the affirmation of the world\u2019s createdness constitute the backbone of Mu\u02bftazilite thought, illustrating a religious worldview grounded in reason.<\/p>\n<p>&nbsp;<\/p>\n","protected":false},"excerpt":{"rendered":"<p>ORHAN \u015eENER KOLO\u011eLU, K\u00c2D\u00ce ABD\u00dcLCEBB\u00c2R, \u015eERHU&#8217;L-US\u00dbL\u0130&#8217;L-HAMSE 2. SEM\u0130NER \u00d6ZET\u0130 Seminerin [&hellip;]<\/p>\n","protected":false},"author":1,"featured_media":0,"parent":0,"menu_order":0,"comment_status":"closed","ping_status":"closed","template":"","meta":{"footnotes":""},"class_list":["post-8472","page","type-page","status-publish","hentry"],"jetpack_sharing_enabled":true,"_links":{"self":[{"href":"https:\/\/klasikdusunceokulu.com\/index.php\/wp-json\/wp\/v2\/pages\/8472","targetHints":{"allow":["GET"]}}],"collection":[{"href":"https:\/\/klasikdusunceokulu.com\/index.php\/wp-json\/wp\/v2\/pages"}],"about":[{"href":"https:\/\/klasikdusunceokulu.com\/index.php\/wp-json\/wp\/v2\/types\/page"}],"author":[{"embeddable":true,"href":"https:\/\/klasikdusunceokulu.com\/index.php\/wp-json\/wp\/v2\/users\/1"}],"replies":[{"embeddable":true,"href":"https:\/\/klasikdusunceokulu.com\/index.php\/wp-json\/wp\/v2\/comments?post=8472"}],"version-history":[{"count":1,"href":"https:\/\/klasikdusunceokulu.com\/index.php\/wp-json\/wp\/v2\/pages\/8472\/revisions"}],"predecessor-version":[{"id":8473,"href":"https:\/\/klasikdusunceokulu.com\/index.php\/wp-json\/wp\/v2\/pages\/8472\/revisions\/8473"}],"wp:attachment":[{"href":"https:\/\/klasikdusunceokulu.com\/index.php\/wp-json\/wp\/v2\/media?parent=8472"}],"curies":[{"name":"wp","href":"https:\/\/api.w.org\/{rel}","templated":true}]}}